{"id":7100,"date":"2022-11-15T15:24:40","date_gmt":"2022-11-15T14:24:40","guid":{"rendered":"https:\/\/www.seele-und-sorge.de\/?page_id=7100"},"modified":"2023-08-25T14:30:48","modified_gmt":"2023-08-25T12:30:48","slug":"gzw-11-11-22-st-martin","status":"publish","type":"page","link":"https:\/\/www.seele-und-sorge.de\/?page_id=7100","title":{"rendered":"GzW , 11.11.22, St. Martin"},"content":{"rendered":"\n<p><strong>3946<\/strong><\/p>\n\n\n\n<p>Schon aus der Ferne h\u00f6rt man die Posaune mit dem Martinslied. Und da kommt er &#8211; St. Martin hoch zu Ro\u00df. Schimmel, roter Mantel und goldener Helm heben ihn aus der Menge heraus, lassen ihn leuchten. Heute ist Martinstag. Und schon letzten Samstag zog ein Martinsumzug durch die Innenstadt von Hannover. Immerhin 2500 Leute waren dabei, Kinder mit selbst gebastelten Laternen zwischen Paaren mit Einkaufst\u00fcten. Mitten im Trubel steht das Pferd pl\u00f6tzlich still. Martin nimmt den roten Mantel von der Schulter, teilt ihn mit einem einzigen Schwertstreich und gibt dem Mann am Boden die eine H\u00e4lfte. Der zieht den warmen Wollstoff um sich wie einen Schutzschild. \u201eIm Schnee da sa\u00df ein armer Mann, hat Kleider nicht noch Lumpen an\u2026\u201c, singen die Kinder.<\/p>\n\n\n\n<p>Bei uns war gerade noch goldener Oktober .Anderswo allerdings waten die Armen im Wasser, schwitzen in der W\u00fcste \u2013 sie brauchen keinen Mantel gegen die K\u00e4lte, aber Medizin gegen Seuchen und Brunnen gegen das Verdursten, Wasser f\u00fcr die Ernte. Die Klimakrise l\u00e4sst&nbsp; das Elend gr\u00f6\u00dfer werden: \u00dcberschwemmungen, St\u00fcrme und D\u00fcrren. Und in der Folge Missernten, Armut und Hunger.&nbsp; St. Martin sieht genau hin. Ihm geht die Not des anderen an die Nieren.<\/p>\n\n\n\n<p>In dieser Woche tagt in Scharm al-Scheich die 27. Weltklimakonferenz. Aus allen Erdteilen sind Menschen in \u00c4gypten zusammengekommen, aus Industrie- und Schwellenl\u00e4ndern und auch von den S\u00fcdseeinseln, die es in wenigen Jahrzehnten &nbsp;Jahren nicht mehr geben wird. Das 1,5 Grad-Ziel von Paris ist in weite Ferne ger\u00fcckt. Russlands \u00dcberfall auf die Ukraine hat die Energiepreise in schwindelnde H\u00f6hen steigen lassen. Und damit das Ende des fossilen Zeitalters eingel\u00e4utet. Zugleich aber f\u00e4hrt Deutschland die Kohlekraftwerke noch einmal hoch und kauft Gas in aller Welt. Bei uns verzweifeln viele an den Widerspr\u00fcchen, in Afrika zweifeln sie an unserer guten Absicht.<\/p>\n\n\n\n<p>170 Millionen hatte der Kanzler am Montag zur UN-Klimakonferenz mitgebracht. F\u00fcr die Bew\u00e4ltigung von Klimasch\u00e4den in Entwicklungsl\u00e4ndern. Ganz anders als die Industriel\u00e4nder haben sie nur einen geringen Teil der Klimasch\u00e4den verursacht und tragen doch die gr\u00f6\u00dfte Last. Fast vier Milliarden Menschen leben in Regionen, die schon bald nicht mehr bewohnbar sein werden. D\u00fcrre und Wassermangel zwingen die Landwirtschaft weltweit in die Knie. Die Folge: allein bis 2030 werden 700 Millionen Menschen fliehen, hei\u00dft es im Bericht des Weltklimarats.<\/p>\n\n\n\n<p>Die 170 Millionen f\u00fcr die Bew\u00e4ltigung der Klimasch\u00e4den sind nur ein Fetzen vom wertvollen Martinsmantel. Gebraucht werden viele Milliarden \u2013 nicht nur aus Deutschland. Es geht um Verzicht, sagen einige \u2013 ich meine: es geht ums Teilen. In Afrika haben wir gelernt zu teilen, sagt Fredrick Shoo, lutherischer Bischof in Tansania:&nbsp; Wir bitten unsere Gemeindemitglieder die h\u00f6her am Berg leben, wo es gr\u00fcner und fruchtbarer ist, von ihrer Ernte etwas zu spenden. Wir bringen das dann zu den Menschen unten in der Steppe, die nichts zu essen haben.<\/p>\n\n\n\n<p>\u201eIch stehe hier, weil ich Angst habe\u201c, sagte Aim\u00e9e von Baalen von der \u201eLetzte Generation\u201c. Sie war eingeladen von der Synode der Evangelischen Kirche in Deutschland. Die EKD &nbsp;will sich an die eigene Nase fassen: Das Klima macht nicht Halt vor Kontinenten oder Nationen. Wie kommen wir also runter vom hohen Ross ? Bislang&nbsp; hat die Kirche &nbsp;viel Kluges gesagt, aber die selbstgesteckten Ziele verfehlt. &nbsp;Nun gilt eine neue Klimaschutzrichtlinie, Ziel ist die Klimaneutralit\u00e4t bis 2045. Energieversorgung, Dienstreisen und Kantinen eingeschlossen.<\/p>\n\n\n\n<p>In Afrika haben sie gelernt zu teilen. Martin hat seinen halben Mantel daf\u00fcr hergegeben, die Not zu lindern. Aber auch &nbsp;wenn es nur viele kleine Stoff-Fetzen sind: daraus kann man eine gro\u00dfe Decke zusammenflicken. So einen Patchwork-Martinsmantel in leuchtendem Blau brachten beim Katholikentag viele junge Leute zum Altar. Von da muss er in die Welt. Jetzt. Beten und Handeln geh\u00f6ren zusammen.<\/p>\n\n\n\n<p>Diskutieren Sie mit, auf Facebook unter \u201eEvangelisch im Deutschlandradio\u201c.<\/p>\n","protected":false},"excerpt":{"rendered":"<p>3946 Schon aus der Ferne h\u00f6rt man die Posaune mit dem Martinslied. Und da kommt er &#8211; St. Martin hoch&#8230; <a href=\"https:\/\/www.seele-und-sorge.de\/?page_id=7100\">read more<\/a><\/p>\n","protected":false},"author":1,"featured_media":0,"parent":3502,"menu_order":7,"comment_status":"closed","ping_status":"closed","template":"","meta":{"footnotes":""},"class_list":["post-7100","page","type-page","status-publish","hentry"],"_links":{"self":[{"href":"https:\/\/www.seele-und-sorge.de\/index.php?rest_route=\/wp\/v2\/pages\/7100"}],"collection":[{"href":"https:\/\/www.seele-und-sorge.de\/index.php?rest_route=\/wp\/v2\/pages"}],"about":[{"href":"https:\/\/www.seele-und-sorge.de\/index.php?rest_route=\/wp\/v2\/types\/page"}],"author":[{"embeddable":true,"href":"https:\/\/www.seele-und-sorge.de\/index.php?rest_route=\/wp\/v2\/users\/1"}],"replies":[{"embeddable":true,"href":"https:\/\/www.seele-und-sorge.de\/index.php?rest_route=%2Fwp%2Fv2%2Fcomments&post=7100"}],"version-history":[{"count":1,"href":"https:\/\/www.seele-und-sorge.de\/index.php?rest_route=\/wp\/v2\/pages\/7100\/revisions"}],"predecessor-version":[{"id":7101,"href":"https:\/\/www.seele-und-sorge.de\/index.php?rest_route=\/wp\/v2\/pages\/7100\/revisions\/7101"}],"up":[{"embeddable":true,"href":"https:\/\/www.seele-und-sorge.de\/index.php?rest_route=\/wp\/v2\/pages\/3502"}],"wp:attachment":[{"href":"https:\/\/www.seele-und-sorge.de\/index.php?rest_route=%2Fwp%2Fv2%2Fmedia&parent=7100"}],"curies":[{"name":"wp","href":"https:\/\/api.w.org\/{rel}","templated":true}]}}

<p><strong>3946</strong></p>



<p>Schon aus der Ferne hört man die Posaune mit dem Martinslied. Und da kommt er &#8211; St. Martin hoch zu Roß. Schimmel, roter Mantel und goldener Helm heben ihn aus der Menge heraus, lassen ihn leuchten. Heute ist Martinstag. Und schon letzten Samstag zog ein Martinsumzug durch die Innenstadt von Hannover. Immerhin 2500 Leute waren dabei, Kinder mit selbst gebastelten Laternen zwischen Paaren mit Einkaufstüten. Mitten im Trubel steht das Pferd plötzlich still. Martin nimmt den roten Mantel von der Schulter, teilt ihn mit einem einzigen Schwertstreich und gibt dem Mann am Boden die eine Hälfte. Der zieht den warmen Wollstoff um sich wie einen Schutzschild. „Im Schnee da saß ein armer Mann, hat Kleider nicht noch Lumpen an…“, singen die Kinder.</p>



<p>Bei uns war gerade noch goldener Oktober .Anderswo allerdings waten die Armen im Wasser, schwitzen in der Wüste – sie brauchen keinen Mantel gegen die Kälte, aber Medizin gegen Seuchen und Brunnen gegen das Verdursten, Wasser für die Ernte. Die Klimakrise lässt&nbsp; das Elend größer werden: Überschwemmungen, Stürme und Dürren. Und in der Folge Missernten, Armut und Hunger.&nbsp; St. Martin sieht genau hin. Ihm geht die Not des anderen an die Nieren.</p>



<p>In dieser Woche tagt in Scharm al-Scheich die 27. Weltklimakonferenz. Aus allen Erdteilen sind Menschen in Ägypten zusammengekommen, aus Industrie- und Schwellenländern und auch von den Südseeinseln, die es in wenigen Jahrzehnten &nbsp;Jahren nicht mehr geben wird. Das 1,5 Grad-Ziel von Paris ist in weite Ferne gerückt. Russlands Überfall auf die Ukraine hat die Energiepreise in schwindelnde Höhen steigen lassen. Und damit das Ende des fossilen Zeitalters eingeläutet. Zugleich aber fährt Deutschland die Kohlekraftwerke noch einmal hoch und kauft Gas in aller Welt. Bei uns verzweifeln viele an den Widersprüchen, in Afrika zweifeln sie an unserer guten Absicht.</p>



<p>170 Millionen hatte der Kanzler am Montag zur UN-Klimakonferenz mitgebracht. Für die Bewältigung von Klimaschäden in Entwicklungsländern. Ganz anders als die Industrieländer haben sie nur einen geringen Teil der Klimaschäden verursacht und tragen doch die größte Last. Fast vier Milliarden Menschen leben in Regionen, die schon bald nicht mehr bewohnbar sein werden. Dürre und Wassermangel zwingen die Landwirtschaft weltweit in die Knie. Die Folge: allein bis 2030 werden 700 Millionen Menschen fliehen, heißt es im Bericht des Weltklimarats.</p>



<p>Die 170 Millionen für die Bewältigung der Klimaschäden sind nur ein Fetzen vom wertvollen Martinsmantel. Gebraucht werden viele Milliarden – nicht nur aus Deutschland. Es geht um Verzicht, sagen einige – ich meine: es geht ums Teilen. In Afrika haben wir gelernt zu teilen, sagt Fredrick Shoo, lutherischer Bischof in Tansania:&nbsp; Wir bitten unsere Gemeindemitglieder die höher am Berg leben, wo es grüner und fruchtbarer ist, von ihrer Ernte etwas zu spenden. Wir bringen das dann zu den Menschen unten in der Steppe, die nichts zu essen haben.</p>



<p>„Ich stehe hier, weil ich Angst habe“, sagte Aimée von Baalen von der „Letzte Generation“. Sie war eingeladen von der Synode der Evangelischen Kirche in Deutschland. Die EKD &nbsp;will sich an die eigene Nase fassen: Das Klima macht nicht Halt vor Kontinenten oder Nationen. Wie kommen wir also runter vom hohen Ross ? Bislang&nbsp; hat die Kirche &nbsp;viel Kluges gesagt, aber die selbstgesteckten Ziele verfehlt. &nbsp;Nun gilt eine neue Klimaschutzrichtlinie, Ziel ist die Klimaneutralität bis 2045. Energieversorgung, Dienstreisen und Kantinen eingeschlossen.</p>



<p>In Afrika haben sie gelernt zu teilen. Martin hat seinen halben Mantel dafür hergegeben, die Not zu lindern. Aber auch &nbsp;wenn es nur viele kleine Stoff-Fetzen sind: daraus kann man eine große Decke zusammenflicken. So einen Patchwork-Martinsmantel in leuchtendem Blau brachten beim Katholikentag viele junge Leute zum Altar. Von da muss er in die Welt. Jetzt. Beten und Handeln gehören zusammen.</p>



<p>Diskutieren Sie mit, auf Facebook unter „Evangelisch im Deutschlandradio“.</p>

<p>3946 Schon aus der Ferne hört man die Posaune mit dem Martinslied. Und da kommt er &#8211; St. Martin hoch&#8230; <a href="https://www.seele-und-sorge.de/?page_id=7100">read more</a></p>
