{"id":7053,"date":"2022-10-28T11:52:36","date_gmt":"2022-10-28T09:52:36","guid":{"rendered":"https:\/\/www.seele-und-sorge.de\/?page_id=7053"},"modified":"2025-09-18T16:22:56","modified_gmt":"2025-09-18T14:22:56","slug":"coaching","status":"publish","type":"page","link":"https:\/\/www.seele-und-sorge.de\/?page_id=7053","title":{"rendered":"Coaching"},"content":{"rendered":"\n<p style=\"font-size:28px\">Ich bin gern Ihre Reisebegleiterin und Realit\u00e4tenkellnerin<\/p>\n\n\n\n<p class=\"has-text-color\" style=\"color:#cd9522\"><strong>Standort bestimmen, neue Bilder und neue Perspektiven entdecken, sich herausfordern lassen, eine Vision entwickeln<\/strong><\/p>\n\n\n\n<p><strong>Mit meinem \u201e\u00dcbergangscoaching\u201c unterst\u00fctze ich meine Coachees in beruflichen Ver\u00e4nderungsprozessen<\/strong>, vor allem beim beruflichen Aufstieg, bei Umstrukturierungen, K\u00fcndigungen und beim Wechsel in einen anderen Arbeitsbereich oder ein anderes \u201eSystem\u201c, bei der R\u00fcckkehr nach der Erziehungszeit oder Auszeit, beim \u00dcbergang in die dritte Lebensphase. Dabei kommen mir meine eigenen Ver\u00e4nderungsprozesse zugute \u2013 ich wei\u00df um die Wechselwirkungen zwischen Person und Organisation. Die Komplexit\u00e4t der organisatorischen oder unternehmerischen Strukturen habe ich im Blick \u2013 es geht mir aber vor allem darum, Ihre eigene Position darin zu verstehen und Ihnen dabei zu helfen, diese zu akzeptieren, zu ver\u00e4ndern oder gegebenenfalls zu verlassen.<\/p>\n\n\n\n<p>Ich unterst\u00fctze Sie darin, eigene Ressourcen zu entdecken und gezielt zu nutzen. Nicht zuletzt schaue ich auf die unterschiedlichen Phasen der Ver\u00e4nderung, die ich auch aus der Begleitung von Sterbe- und Trauerprozessen in der Seelsorge kenne: Verweigerung, Wut, Verhandlung, Depression, Akzeptanz. Entscheidend f\u00fcr die berufliche Entwicklung sind aber auch die Lebensphasen von Aufbau, Familienphase, letztem Berufsabschnitt oder Themen wie Pflege. &nbsp;<\/p>\n\n\n\n<p><strong>Themen von Coaching-Sitzungen <\/strong>k\u00f6nnen beispielsweise sein:<\/p>\n\n\n\n<p>\u2022 Standortbestimmung \u2022 Visionsentwicklung \u2022 Gehen oder bleiben? \u2022 Profilierung und Zielkl\u00e4rung \u2022 Karriereplanung \u2022 Reflexion von eigenen Werten \u2022 Interner Aufstieg, Seiteneinstieg \u2022 Konfliktkl\u00e4rung \u2022 Umgang mit Traditionen und Vorg\u00e4nger*innen in der Organisation \u2022 Spannungsfeld zwischen beruflichen und privaten Rollen \u2022 Beenden der Berufst\u00e4tigkeit \u2022 Suche nach einem passenden Ehrenamt<\/p>\n\n\n\n<p><strong>Wir sehen uns:<\/strong> In Ihrem B\u00fcro oder in einem Coworkingspace auf halber Strecke. Oder gern auch mal in einer Videoschalte.<\/p>\n\n\n\n<p>Ich habe den \u201eStudiengang Coaching\u201c bei Janus abgeschlossen. <strong>Abrechnen <\/strong>k\u00f6nnen Sie \u00fcber Ihren Tr\u00e4ger. Wir beginnen mit einem <strong>kostenlosen Gespr\u00e4ch zum Kennenlernen und vereinbaren dann zun\u00e4chst drei, vier Sitzungen.<\/strong> Auf Zoom ist eine Sitzung eineinhalb bis zwei Stunden lang. Wenn wir uns treffen, fasse ich gern auch zwei Sitzungen zusammen und arbeiten dann dreieinhalb bis vier Stunden.<\/p>\n\n\n\n<p><strong><strong>Die besten M\u00f6glichkeiten f\u00fcr Ihr pers\u00f6nliches Anliegen kl\u00e4ren wir gemeinsam per Telefon oder <a rel=\"noreferrer noopener\" href=\"mailto:coenen-marx@seele-und-sorge.de\" target=\"_blank\">E-Mail<\/a><\/strong>!<\/strong><\/p>\n","protected":false},"excerpt":{"rendered":"<p>Ich bin gern Ihre Reisebegleiterin und Realit\u00e4tenkellnerin Standort bestimmen, neue Bilder und neue Perspektiven entdecken, sich herausfordern lassen, eine Vision&#8230; <a href=\"https:\/\/www.seele-und-sorge.de\/?page_id=7053\">read more<\/a><\/p>\n","protected":false},"author":1,"featured_media":0,"parent":138,"menu_order":9,"comment_status":"closed","ping_status":"closed","template":"","meta":{"footnotes":""},"class_list":["post-7053","page","type-page","status-publish","hentry"],"_links":{"self":[{"href":"https:\/\/www.seele-und-sorge.de\/index.php?rest_route=\/wp\/v2\/pages\/7053"}],"collection":[{"href":"https:\/\/www.seele-und-sorge.de\/index.php?rest_route=\/wp\/v2\/pages"}],"about":[{"href":"https:\/\/www.seele-und-sorge.de\/index.php?rest_route=\/wp\/v2\/types\/page"}],"author":[{"embeddable":true,"href":"https:\/\/www.seele-und-sorge.de\/index.php?rest_route=\/wp\/v2\/users\/1"}],"replies":[{"embeddable":true,"href":"https:\/\/www.seele-und-sorge.de\/index.php?rest_route=%2Fwp%2Fv2%2Fcomments&post=7053"}],"version-history":[{"count":6,"href":"https:\/\/www.seele-und-sorge.de\/index.php?rest_route=\/wp\/v2\/pages\/7053\/revisions"}],"predecessor-version":[{"id":8032,"href":"https:\/\/www.seele-und-sorge.de\/index.php?rest_route=\/wp\/v2\/pages\/7053\/revisions\/8032"}],"up":[{"embeddable":true,"href":"https:\/\/www.seele-und-sorge.de\/index.php?rest_route=\/wp\/v2\/pages\/138"}],"wp:attachment":[{"href":"https:\/\/www.seele-und-sorge.de\/index.php?rest_route=%2Fwp%2Fv2%2Fmedia&parent=7053"}],"curies":[{"name":"wp","href":"https:\/\/api.w.org\/{rel}","templated":true}]}}

<p style="font-size:28px">Ich bin gern Ihre Reisebegleiterin und Realitätenkellnerin</p>



<p class="has-text-color" style="color:#cd9522"><strong>Standort bestimmen, neue Bilder und neue Perspektiven entdecken, sich herausfordern lassen, eine Vision entwickeln</strong></p>



<p><strong>Mit meinem „Übergangscoaching“ unterstütze ich meine Coachees in beruflichen Veränderungsprozessen</strong>, vor allem beim beruflichen Aufstieg, bei Umstrukturierungen, Kündigungen und beim Wechsel in einen anderen Arbeitsbereich oder ein anderes „System“, bei der Rückkehr nach der Erziehungszeit oder Auszeit, beim Übergang in die dritte Lebensphase. Dabei kommen mir meine eigenen Veränderungsprozesse zugute – ich weiß um die Wechselwirkungen zwischen Person und Organisation. Die Komplexität der organisatorischen oder unternehmerischen Strukturen habe ich im Blick – es geht mir aber vor allem darum, Ihre eigene Position darin zu verstehen und Ihnen dabei zu helfen, diese zu akzeptieren, zu verändern oder gegebenenfalls zu verlassen.</p>



<p>Ich unterstütze Sie darin, eigene Ressourcen zu entdecken und gezielt zu nutzen. Nicht zuletzt schaue ich auf die unterschiedlichen Phasen der Veränderung, die ich auch aus der Begleitung von Sterbe- und Trauerprozessen in der Seelsorge kenne: Verweigerung, Wut, Verhandlung, Depression, Akzeptanz. Entscheidend für die berufliche Entwicklung sind aber auch die Lebensphasen von Aufbau, Familienphase, letztem Berufsabschnitt oder Themen wie Pflege. &nbsp;</p>



<p><strong>Themen von Coaching-Sitzungen </strong>können beispielsweise sein:</p>



<p>• Standortbestimmung • Visionsentwicklung • Gehen oder bleiben? • Profilierung und Zielklärung • Karriereplanung • Reflexion von eigenen Werten • Interner Aufstieg, Seiteneinstieg • Konfliktklärung • Umgang mit Traditionen und Vorgänger*innen in der Organisation • Spannungsfeld zwischen beruflichen und privaten Rollen • Beenden der Berufstätigkeit • Suche nach einem passenden Ehrenamt</p>



<p><strong>Wir sehen uns:</strong> In Ihrem Büro oder in einem Coworkingspace auf halber Strecke. Oder gern auch mal in einer Videoschalte.</p>



<p>Ich habe den „Studiengang Coaching“ bei Janus abgeschlossen. <strong>Abrechnen </strong>können Sie über Ihren Träger. Wir beginnen mit einem <strong>kostenlosen Gespräch zum Kennenlernen und vereinbaren dann zunächst drei, vier Sitzungen.</strong> Auf Zoom ist eine Sitzung eineinhalb bis zwei Stunden lang. Wenn wir uns treffen, fasse ich gern auch zwei Sitzungen zusammen und arbeiten dann dreieinhalb bis vier Stunden.</p>



<p><strong><strong>Die besten Möglichkeiten für Ihr persönliches Anliegen klären wir gemeinsam per Telefon oder <a rel="noreferrer noopener" href="mailto:coenen-marx@seele-und-sorge.de" target="_blank">E-Mail</a></strong>!</strong></p>

<p>Ich bin gern Ihre Reisebegleiterin und Realitätenkellnerin Standort bestimmen, neue Bilder und neue Perspektiven entdecken, sich herausfordern lassen, eine Vision&#8230; <a href="https://www.seele-und-sorge.de/?page_id=7053">read more</a></p>
