{"id":608,"date":"2015-02-21T13:19:45","date_gmt":"2015-02-21T13:19:45","guid":{"rendered":"http:\/\/www.seele-und-sorge.de\/?page_id=608"},"modified":"2021-11-09T11:03:59","modified_gmt":"2021-11-09T10:03:59","slug":"care-macht-mehr","status":"publish","type":"page","link":"https:\/\/www.seele-und-sorge.de\/?page_id=608","title":{"rendered":"Care macht mehr!"},"content":{"rendered":"<p><strong>Liebe Interessierte, liebe Kollegin und lieber Kollege,<\/strong><br \/>Wir m\u00f6chten Sie\/Dich zur Unterzeichnung unseres Care-Manifests gewinnen.<\/p>\n<p>Mit dieser Initiative m\u00f6chten wir Sorge, Zuwendung, Unterst\u00fctzung, Pflege \u2013 kurz gesagt \u201eCare\u201c &#8211; als Grundlage eines guten Lebens in den Mittelpunkt gesellschaftlicher Aufmerksamkeit r\u00fccken. Trotz einzelner Schritte, wie etwa dem in Deutschland inzwischen bestehenden Rechtsanspruch auf einen Kinderbetreuungsplatz auch vor dem dritten Lebensjahr, klaffen zwischen Angeboten und Bedarfen immer noch gravierende L\u00fccken. Betreuungspl\u00e4tze sind nur ein Aspekt des weiten Feldes von Care; \u00fcberall entwickeln sich in der bezahlten und unbezahlten Sorge f\u00fcr Kinder sowie f\u00fcr kranke, behinderte und alte Menschen zus\u00e4tzlich zu bislang nicht geschlossenen Versorgungsl\u00fccken neue und gravierende Mangellagen durch Privatisierungspolitiken, Sparprogramme, Finanzierungsengp\u00e4sse in St\u00e4dten und Gemeinden u.a.m.<\/p>\n<p>Unsere Initiative ist aus Treffen einer Runde engagierter Wissenschaftler\/innen aus unterschiedlichen Bereichen in Deutschland, \u00d6sterreich und der Schweiz entstanden. Wir haben \u2013 wie viele andere in Europa derzeit ebenfalls \u2013 den Eindruck, dass es inzwischen gen\u00fcgend differenzierte Analysen der Schwierigkeiten in unterschiedlichen Care-Bereichen gibt. Dringlich erscheint uns nun das Anliegen, weitere \u00d6ffentlichkeiten zu erreichen, um auf die Notwendigkeit umfassend ver\u00e4nderter Strukturen von Sorge und Versorgung hinzuweisen.<\/p>\n<p>Wir m\u00f6chten hierf\u00fcr zun\u00e4chst eine gr\u00f6\u00dfere Zahl von Unterst\u00fctzer_innen einer solchen Initiative gewinnen. Ein zweiter Schritt wird dann ein offener Brief an wichtige Personen und Institutionen (Politik, Wohlfahrtsverb\u00e4nde, Fach\u00f6ffentlichkeit u.a.) in Deutschland, \u00d6sterreich und der Schweiz sein, die mit der Organisation \u00f6ffentlicher und privater Care-Strukturen befasst sind. In Deutschland soll das noch vor Weihnachten geschehen. Dar\u00fcber hinaus planen wir vielf\u00e4ltige Formate, mit denen wir dieses Anliegen vertieft mit mehr Menschen diskutieren und weiterentwickeln k\u00f6nnen, auch, um daraus konkrete Forderungen und \u00c4nderungsvorschl\u00e4ge zu entwickeln. Formen hierf\u00fcr k\u00f6nnten Fachgespr\u00e4che, kommunale Initiativen, l\u00e4nder\u00fcbergreifende Workshops und Arbeit mit den Medien sein. Ziel ist es, vor allem Menschen in der erweiterten \u00d6ffentlichkeit zu erreichen, denen angemessene M\u00f6glichkeiten von Care-Versorgung ebenfalls ein Anliegen sind.<\/p>\n<p><strong> Ihre\/Deine Unterschrift ist wichtig!<\/strong><\/p>\n<p>Wer das Care-Manifest unterzeichnen m\u00f6chte, schickt bitte eine entsprechende Nachricht an folgende email-Adresse: <a href=\"mailto:info@care-macht-mehr.com\">info@care-macht-mehr.com<\/a> oder<br \/>tr\u00e4gt sich ein auf unserer Website <a href=\"http:\/\/www.care-macht-mehr.com\" target=\"_blank\" rel=\"noopener\">www.care-macht-mehr.com<\/a>.<\/p>\n<p>F\u00fcr die von uns geplante Verschickung eines offenen Briefes bitten wir hiermit gleichzeitig um das Einverst\u00e4ndnis, Ihren\/Deinen Namen (ggf. auch Titel, Funktion und Ort) als Unterzeichner_in nennen zu d\u00fcrfen.<\/p>\n<p>Die Bekanntmachung der Initiative und die Verbreitung des Care-Manifestes an weitere Personen und in andere \u00d6ffentlichkeiten sind sehr erw\u00fcnscht. F\u00fcr Ihre\/Deine weiteren Ideen sind wir offen, und wir laden ein, unseren Kreis zu erweitern.<\/p>\n<p><strong> Mit vielen und herzlichen Gr\u00fc\u00dfen<\/strong><\/p>\n<p>Die Initiator\/innen des Manifests<br \/>Margrit Br\u00fcckner (Frankfurt\/Main) &#8211; Claudia Gather (Berlin) &#8211; Karin Jurczyk (M\u00fcnchen) &#8211; Frank Luck (Basel) &#8211; Katharina P\u00fchl (Berlin) &#8211; Maria S. Rerrich (M\u00fcnchen) \u2013 Barbara Thiessen (Landshut)<\/p>\n<p>Sorry for cross-postings!<\/p>\n<p>\u00a0<\/p>\n<p><strong><span style=\"color: black; font-family: Arial,Helvetica,Geneva,Swiss,SunSans-Regular; font-size: small;\">Anlage das PDF zum Download<\/span><\/strong><\/p>\n<p><a href=\"http:\/\/www.seele-und-sorge.de\/wp-content\/uploads\/2015\/02\/Manifest30102013.pdf\">Care.Macht.Mehr: Von der Care-Krise zur Care-Gerechtigkeit<\/a><\/p>\n<p><strong> Care-Corona-Manifest von 2020<\/strong><\/p>\n\n\n<div data-wp-interactive=\"core\/file\" class=\"wp-block-file\"><object data-wp-bind--hidden=\"!state.hasPdfPreview\"  class=\"wp-block-file__embed\" data=\"https:\/\/www.seele-und-sorge.de\/wp-content\/uploads\/2021\/11\/Positionspapier-CareMachtMehr-180820.pdf\" type=\"application\/pdf\" style=\"width:100%;height:600px\" aria-label=\"Einbettung von Einbettung von Positionspapier-CareMachtMehr-180820..\"><\/object><a href=\"https:\/\/www.seele-und-sorge.de\/wp-content\/uploads\/2021\/11\/Positionspapier-CareMachtMehr-180820.pdf\">Positionspapier-CareMachtMehr-180820<\/a><a href=\"https:\/\/www.seele-und-sorge.de\/wp-content\/uploads\/2021\/11\/Positionspapier-CareMachtMehr-180820.pdf\" class=\"wp-block-file__button\" download>Herunterladen<\/a><\/div>\n\n\n\n<p>&#8212;&#8212;&#8212;&#8212;&#8212;&#8212;&#8212;&#8211;<\/p>\n\n\n\n<p>Prof. Dr. Barbara Thiessen<br>Hochschule Landshut<br>Fakult\u00e4t Soziale Arbeit<br>Am Lurzenhof 1<br>84036 Landshut<br>+49 (0)871-506-436<\/p>\n\n\n\n<p><a href=\"https:\/\/www.haw-landshut.de\/die-hochschule\/fakultaeten\/soziale-arbeit\/prof-dr-phil-barbara-thiessen\/startseite.html\" target=\"_blank\" rel=\"noreferrer noopener\">www.haw-landshut.de<\/a><\/p>\n","protected":false},"excerpt":{"rendered":"<p>Liebe Interessierte, liebe Kollegin und lieber Kollege,Wir m\u00f6chten Sie\/Dich zur Unterzeichnung unseres Care-Manifests gewinnen. Mit dieser Initiative m\u00f6chten wir Sorge,&#8230; <a href=\"https:\/\/www.seele-und-sorge.de\/?page_id=608\">read more<\/a><\/p>\n","protected":false},"author":1,"featured_media":0,"parent":602,"menu_order":98,"comment_status":"closed","ping_status":"closed","template":"","meta":{"footnotes":""},"class_list":["post-608","page","type-page","status-publish","hentry"],"_links":{"self":[{"href":"https:\/\/www.seele-und-sorge.de\/index.php?rest_route=\/wp\/v2\/pages\/608"}],"collection":[{"href":"https:\/\/www.seele-und-sorge.de\/index.php?rest_route=\/wp\/v2\/pages"}],"about":[{"href":"https:\/\/www.seele-und-sorge.de\/index.php?rest_route=\/wp\/v2\/types\/page"}],"author":[{"embeddable":true,"href":"https:\/\/www.seele-und-sorge.de\/index.php?rest_route=\/wp\/v2\/users\/1"}],"replies":[{"embeddable":true,"href":"https:\/\/www.seele-und-sorge.de\/index.php?rest_route=%2Fwp%2Fv2%2Fcomments&post=608"}],"version-history":[{"count":2,"href":"https:\/\/www.seele-und-sorge.de\/index.php?rest_route=\/wp\/v2\/pages\/608\/revisions"}],"predecessor-version":[{"id":6344,"href":"https:\/\/www.seele-und-sorge.de\/index.php?rest_route=\/wp\/v2\/pages\/608\/revisions\/6344"}],"up":[{"embeddable":true,"href":"https:\/\/www.seele-und-sorge.de\/index.php?rest_route=\/wp\/v2\/pages\/602"}],"wp:attachment":[{"href":"https:\/\/www.seele-und-sorge.de\/index.php?rest_route=%2Fwp%2Fv2%2Fmedia&parent=608"}],"curies":[{"name":"wp","href":"https:\/\/api.w.org\/{rel}","templated":true}]}}

<p><strong>Liebe Interessierte, liebe Kollegin und lieber Kollege,</strong><br />Wir möchten Sie/Dich zur Unterzeichnung unseres Care-Manifests gewinnen.</p>
<p>Mit dieser Initiative möchten wir Sorge, Zuwendung, Unterstützung, Pflege – kurz gesagt „Care“ &#8211; als Grundlage eines guten Lebens in den Mittelpunkt gesellschaftlicher Aufmerksamkeit rücken. Trotz einzelner Schritte, wie etwa dem in Deutschland inzwischen bestehenden Rechtsanspruch auf einen Kinderbetreuungsplatz auch vor dem dritten Lebensjahr, klaffen zwischen Angeboten und Bedarfen immer noch gravierende Lücken. Betreuungsplätze sind nur ein Aspekt des weiten Feldes von Care; überall entwickeln sich in der bezahlten und unbezahlten Sorge für Kinder sowie für kranke, behinderte und alte Menschen zusätzlich zu bislang nicht geschlossenen Versorgungslücken neue und gravierende Mangellagen durch Privatisierungspolitiken, Sparprogramme, Finanzierungsengpässe in Städten und Gemeinden u.a.m.</p>
<p>Unsere Initiative ist aus Treffen einer Runde engagierter Wissenschaftler/innen aus unterschiedlichen Bereichen in Deutschland, Österreich und der Schweiz entstanden. Wir haben – wie viele andere in Europa derzeit ebenfalls – den Eindruck, dass es inzwischen genügend differenzierte Analysen der Schwierigkeiten in unterschiedlichen Care-Bereichen gibt. Dringlich erscheint uns nun das Anliegen, weitere Öffentlichkeiten zu erreichen, um auf die Notwendigkeit umfassend veränderter Strukturen von Sorge und Versorgung hinzuweisen.</p>
<p>Wir möchten hierfür zunächst eine größere Zahl von Unterstützer_innen einer solchen Initiative gewinnen. Ein zweiter Schritt wird dann ein offener Brief an wichtige Personen und Institutionen (Politik, Wohlfahrtsverbände, Fachöffentlichkeit u.a.) in Deutschland, Österreich und der Schweiz sein, die mit der Organisation öffentlicher und privater Care-Strukturen befasst sind. In Deutschland soll das noch vor Weihnachten geschehen. Darüber hinaus planen wir vielfältige Formate, mit denen wir dieses Anliegen vertieft mit mehr Menschen diskutieren und weiterentwickeln können, auch, um daraus konkrete Forderungen und Änderungsvorschläge zu entwickeln. Formen hierfür könnten Fachgespräche, kommunale Initiativen, länderübergreifende Workshops und Arbeit mit den Medien sein. Ziel ist es, vor allem Menschen in der erweiterten Öffentlichkeit zu erreichen, denen angemessene Möglichkeiten von Care-Versorgung ebenfalls ein Anliegen sind.</p>
<p><strong> Ihre/Deine Unterschrift ist wichtig!</strong></p>
<p>Wer das Care-Manifest unterzeichnen möchte, schickt bitte eine entsprechende Nachricht an folgende email-Adresse: <a href="mailto:info@care-macht-mehr.com">info@care-macht-mehr.com</a> oder<br />trägt sich ein auf unserer Website <a href="http://www.care-macht-mehr.com" target="_blank" rel="noopener">www.care-macht-mehr.com</a>.</p>
<p>Für die von uns geplante Verschickung eines offenen Briefes bitten wir hiermit gleichzeitig um das Einverständnis, Ihren/Deinen Namen (ggf. auch Titel, Funktion und Ort) als Unterzeichner_in nennen zu dürfen.</p>
<p>Die Bekanntmachung der Initiative und die Verbreitung des Care-Manifestes an weitere Personen und in andere Öffentlichkeiten sind sehr erwünscht. Für Ihre/Deine weiteren Ideen sind wir offen, und wir laden ein, unseren Kreis zu erweitern.</p>
<p><strong> Mit vielen und herzlichen Grüßen</strong></p>
<p>Die Initiator/innen des Manifests<br />Margrit Brückner (Frankfurt/Main) &#8211; Claudia Gather (Berlin) &#8211; Karin Jurczyk (München) &#8211; Frank Luck (Basel) &#8211; Katharina Pühl (Berlin) &#8211; Maria S. Rerrich (München) – Barbara Thiessen (Landshut)</p>
<p>Sorry for cross-postings!</p>
<p> </p>
<p><strong><span style="color: black; font-family: Arial,Helvetica,Geneva,Swiss,SunSans-Regular; font-size: small;">Anlage das PDF zum Download</span></strong></p>
<p><a href="http://www.seele-und-sorge.de/wp-content/uploads/2015/02/Manifest30102013.pdf">Care.Macht.Mehr: Von der Care-Krise zur Care-Gerechtigkeit</a></p>
<p><strong> Care-Corona-Manifest von 2020</strong></p>


<div data-wp-interactive="core/file" class="wp-block-file"><object data-wp-bind--hidden="!state.hasPdfPreview"  class="wp-block-file__embed" data="https://www.seele-und-sorge.de/wp-content/uploads/2021/11/Positionspapier-CareMachtMehr-180820.pdf" type="application/pdf" style="width:100%;height:600px" aria-label="Einbettung von Einbettung von Positionspapier-CareMachtMehr-180820.."></object><a href="https://www.seele-und-sorge.de/wp-content/uploads/2021/11/Positionspapier-CareMachtMehr-180820.pdf">Positionspapier-CareMachtMehr-180820</a><a href="https://www.seele-und-sorge.de/wp-content/uploads/2021/11/Positionspapier-CareMachtMehr-180820.pdf" class="wp-block-file__button" download>Herunterladen</a></div>



<p>&#8212;&#8212;&#8212;&#8212;&#8212;&#8212;&#8212;&#8211;</p>



<p>Prof. Dr. Barbara Thiessen<br>Hochschule Landshut<br>Fakultät Soziale Arbeit<br>Am Lurzenhof 1<br>84036 Landshut<br>+49 (0)871-506-436</p>



<p><a href="https://www.haw-landshut.de/die-hochschule/fakultaeten/soziale-arbeit/prof-dr-phil-barbara-thiessen/startseite.html" target="_blank" rel="noreferrer noopener">www.haw-landshut.de</a></p>

<p>Liebe Interessierte, liebe Kollegin und lieber Kollege,Wir möchten Sie/Dich zur Unterzeichnung unseres Care-Manifests gewinnen. Mit dieser Initiative möchten wir Sorge,&#8230; <a href="https://www.seele-und-sorge.de/?page_id=608">read more</a></p>
