{"id":6045,"date":"2021-05-19T21:27:04","date_gmt":"2021-05-19T19:27:04","guid":{"rendered":"https:\/\/www.seele-und-sorge.de\/?page_id=6045"},"modified":"2021-05-19T21:27:05","modified_gmt":"2021-05-19T19:27:05","slug":"kraftorte-interview-mit-christine-falk-referentin-im-forum-familie-evangelisch-lutherischen-kirche-in-bayern","status":"publish","type":"page","link":"https:\/\/www.seele-und-sorge.de\/?page_id=6045","title":{"rendered":"Kraftorte: Interview mit Christine Falk, Referentin im forum familie, Evangelisch-Lutherischen Kirche in Bayern"},"content":{"rendered":"<h3><a href=\"http:\/\/www.seele-und-sorge.de\/wp-content\/uploads\/2015\/01\/SuS_Logo_RGB_mit-Unterzeile-Kopie.png\"><img loading=\"lazy\" decoding=\"async\" class=\"aligncenter size-medium wp-image-857\" src=\"http:\/\/www.seele-und-sorge.de\/wp-content\/uploads\/2015\/01\/SuS_Logo_RGB_mit-Unterzeile-Kopie-300x107.png\" alt=\"SuS_Logo_RGB_mit Unterzeile Kopie\" width=\"300\" height=\"107\" srcset=\"https:\/\/www.seele-und-sorge.de\/wp-content\/uploads\/2015\/01\/SuS_Logo_RGB_mit-Unterzeile-Kopie-300x107.png 300w, https:\/\/www.seele-und-sorge.de\/wp-content\/uploads\/2015\/01\/SuS_Logo_RGB_mit-Unterzeile-Kopie.png 576w\" sizes=\"(max-width: 300px) 100vw, 300px\" \/><\/a><\/h3>\n<h3 style=\"text-align: center;\"><span style=\"color: #8ab310;\">DIAKONISCHE PILGERREISEN:\u00a0<span style=\"color: #eb910c;\">DER BLOG<\/span><\/span><\/h3>\n<h3 style=\"text-align: center;\"><strong>Wir entdecken Diakonische Pilgerorte \u2013\u00a0<\/strong><br \/><strong>diesmal auf der Spur von: Christine Falk <\/strong><\/h3>\n<table style=\"height: 436px;\" width=\"716\">\n<tbody>\n<tr>\n<td width=\"232\"><a href=\"https:\/\/www.seele-und-sorge.de\/wp-content\/uploads\/2021\/05\/haus.jpg\"><img loading=\"lazy\" decoding=\"async\" class=\"aligncenter wp-image-6053 size-medium\" src=\"https:\/\/www.seele-und-sorge.de\/wp-content\/uploads\/2021\/05\/haus-225x300.jpg\" alt=\"\" width=\"225\" height=\"300\" srcset=\"https:\/\/www.seele-und-sorge.de\/wp-content\/uploads\/2021\/05\/haus-225x300.jpg 225w, https:\/\/www.seele-und-sorge.de\/wp-content\/uploads\/2021\/05\/haus.jpg 300w\" sizes=\"(max-width: 225px) 100vw, 225px\" \/><\/a>\n<p>\u00a0<\/p>\n<p>Die Mitarbeitenden im <a href=\"https:\/\/www.afg-elkb.de\/\" target=\"_blank\" rel=\"noopener noreferrer\"><strong>Amt f\u00fcr Gemeindedienst in der ELKB<\/strong><\/a>\u00a0 beraten und unterst\u00fctzen Kirchengemeinden, Regionen und Dekanatsbezirke mit Fortbildungen, Austauschformaten und Materialien in der bunten Vielfalt kirchlicher Ausdrucksformen. Ein Beispiel ist die <a href=\"https:\/\/afg-elkb.de\/fragetasche\/worum-es-geht\/\" target=\"_blank\" rel=\"noopener noreferrer\"><strong>Fragetasche<\/strong><\/a>, die zur Sozialraumerkundung eingesetzt werden kann. Sie enth\u00e4lt vertiefende Hintergrundinfos, zahlreiche Arbeitsb\u00f6gen und innovative Formate, die neue Blickrichtungen anregen.<\/p>\n<\/td>\n<td width=\"232\"><a href=\"https:\/\/www.seele-und-sorge.de\/wp-content\/uploads\/2021\/05\/Falk-Christine3.jpg\"><img loading=\"lazy\" decoding=\"async\" class=\"aligncenter wp-image-6052 size-medium\" src=\"https:\/\/www.seele-und-sorge.de\/wp-content\/uploads\/2021\/05\/Falk-Christine3-200x300.jpg\" alt=\"\" width=\"200\" height=\"300\" srcset=\"https:\/\/www.seele-und-sorge.de\/wp-content\/uploads\/2021\/05\/Falk-Christine3-200x300.jpg 200w, https:\/\/www.seele-und-sorge.de\/wp-content\/uploads\/2021\/05\/Falk-Christine3.jpg 300w\" sizes=\"(max-width: 200px) 100vw, 200px\" \/><\/a>\n<p>\u00a0<\/p>\n<p>Christine Falk ist Referentin im forum familie beim Amt f\u00fcr Gemeindedienst der Evangelisch-Lutherischen Kirche in Bayern<u>.<\/u> Sie ist Diakonin, Supervisorin DGSv und Gestalttherapeutin f\u00fcr Kinder, Jugendliche und Erwachsene und engagiert sich f\u00fcr Familien und Mikrogemeinschaften, f\u00fcr Nachbarschaft und Kirche im Quartier.<\/p>\n<\/td>\n<\/tr>\n<\/tbody>\n<\/table>\n\n\n<p>F\u00fcr mein Buch \u201eDie Neuentdeckung der Gemeinschaft\u201c durfte ich Christine Falk \u2013 gemeinsam mit Renate Abe\u00dfer \u2013&nbsp;dazu befragen, was nach ihrer Ansicht wichtig ist f\u00fcr Gemeinschaft. In ihren Antworten beschreibt Christine Falk, wie Kirche und Diakonie lebendig auf ver\u00e4nderte Lebensmodelle antworten und so die Menschen miteinander in Verbindung bringen k\u00f6nnen. Als Vorschau auf das Buch hier ein paar Ausz\u00fcge unserem Gespr\u00e4ch.<\/p>\n\n\n\n<p><strong>\u201eDisembedding\u201c gilt als Schl\u00fcsselkategorie der Moderne: Familie, Arbeitsleben, Nachbarschaften ver\u00e4ndern sich und erleben Br\u00fcche. Wo erleben Sie solche Br\u00fcche besonders deutlich (pers\u00f6nlich, beruflich oder in Ihrem Engagement)? <br><\/strong>Mir f\u00e4llt in Beratungsprozessen mit Kirchengemeinden auf, dass sie darunter leiden, Familien heute f\u00fcr ihre Gemeindearbeit nicht mehr (so gut, so einfach) erreichen zu k\u00f6nnen. Die Vorstellung einer am Ort verwurzelten Familie ist in den K\u00f6pfen h\u00e4ufig noch pr\u00e4sent. Diese Hintergrundfolien pr\u00e4gen oft bewusst oder unbewusst ein idealisiertes Bild einer Kleinfamilie mit Vorgarten, gemeinsamem Mittagstisch und Wochenendausfl\u00fcgen. Die Realit\u00e4t sieht dagegen so aus, dass Familien hohe Flexibilit\u00e4t und Mobilit\u00e4t am Arbeitsplatz aufbringen m\u00fcssen, sie die F\u00fcrsorget\u00e4tigkeiten \u00fcber Generationen hinweg und \u00fcber viele Kilometer hinweg koordinieren m\u00fcssen, Bildung organisieren und bei alledem aufpassen m\u00fcssen, dass die eigene Selbstf\u00fcrsorge und Beziehungsgestaltung nicht g\u00e4nzlich unter den Tisch f\u00e4llt. Zeitknappheit und Effizienz begleiten dabei Planungen und Aktionen.<\/p>\n\n\n\n<p><strong>Wo und wie k\u00f6nnen Menschen in der \u201eSinglegesellschaft\u201c Gemeinschaft erfahren? <br><\/strong>Das Ph\u00e4nomen der steigenden Zahl der Singlehaushalte wird nach meiner Wahrnehmung auch in der Kirche mehr und mehr bewusst. Die Vielf\u00e4ltigkeit der Lebenslagen und -vorstellungen l\u00e4sst nicht <em>eine<\/em> Definition zu, mit der ein Lebenskonzept beschrieben werden k\u00f6nnte. Es kann davon ausgegangen werden, dass im Grunde wir alle Phasen von Singledasein kennen und ihnen wieder begegnen k\u00f6nnen \u2013 gewollt oder auch nicht. Aus dieser Erkenntnis heraus, dass Lebenslinien mit Br\u00fcchen und Neuanf\u00e4ngen verlaufen, gewinnen Familien \u2013 auch \u00fcber biologische Verwandtschaft hinaus \u2013 als verl\u00e4sslicher Ort eines F\u00fcreinander-Daseins an Bedeutung, ebenso wie freundschaftliche Netzwerke.<\/p>\n\n\n\n<p><strong>Was k\u00f6nnen wir als Einzelne dazu beitragen, dass Menschen Gemeinschaft erfahren? <br><\/strong>Mir f\u00e4llt dazu ein Projekt ein, das mir das Herz aufgehen l\u00e4sst: <strong><a rel=\"noreferrer noopener\" href=\"http:\/\/www.bruck-evangelisch.de\" target=\"_blank\">\u201eAufgetischt \u2013 jeder is(s)t willkommen\u201c in Erlangen-Bruck<\/a><\/strong> m\u00f6chte Menschen auch mit kleinem Geldbeutel am gemeinsamen Mittagstisch miteinander in Kontakt bringen. Leib und Seele sollen gest\u00e4rkt werden, was mit einer sehr liebevollen Gestaltung ganz wunderbar gelingt! Sehr kreativ wird w\u00e4hrend der Pandemie eine To-go-Variante entwickelt, so dass gerade in dieser schwierigen Zeit ein Signal gegen die Einsamkeit gesetzt wird. Viele einzelne Herzen und H\u00e4nde tragen dazu bei unter der Koordination von Diakonin Petra Messingschlager.<\/p>\n\n\n\n<p><strong>Welche politischen\/sozialpolitischen Initiativen w\u00e4ren wichtig, um Gemeinschaft und Gemeinwohl zu st\u00e4rken?<\/strong><br>Gemeinwesenstrukturen, die die Teilhabe von Einzelnen f\u00f6rdern und sie auf die Beteiligung wie auch auf das Einbringen eigener Potenziale hin auslegen, erm\u00f6glichen eine h\u00f6here Lebenszufriedenheit sowie eine angemessenere Versorgung mit Care-Leistungen. Wir wissen mittlerweile, dass sich Mitgef\u00fchl und Engagement f\u00fcreinander im sozialen Nahbereich leichter entwickeln lassen. Wir brauchen den lokalen Nahraum f\u00fcr die Gestaltung unserer Lebensvollz\u00fcge. Gerade auch hinsichtlich von Care-L\u00fccken jetzt und noch mehr in Zukunft, auch bezogen auf die Zunahme von Migration und beruflicher Mobilit\u00e4t, sind Sorgende Gemeinschaften ma\u00dfgeblich relevant. <br>W\u00e4hrend der Pandemie sind \u00dcberlegungen von Mikro-Caring-Communities als Wahlverwandtschaften neu ins Sichtfeld ger\u00fcckt. Kirchengemeinden haben tolle M\u00f6glichkeiten, Menschen gemeinschaftsstiftend miteinander in Verbindung zu bringen und zu unterst\u00fctzen. Im Amt f\u00fcr Gemeindedienst der Evangelisch- Lutherischen Kirche in Bayern wird dazu verst\u00e4rkt experimentiert und der Austausch angeregt.<\/p>\n\n\n\n<p><strong>Wo sehen Sie besondere Herausforderungen f\u00fcr die Kirche? <\/strong><br>Kirchengemeinden als Teil des Sozialraums haben gro\u00dfe Chancen, als Partnerinnen und Akteurinnen f\u00fcr die Menschen im Stadtteil oder der Ortschaft wirksam zu sein! Ich meine, es wird f\u00fcr <em>unsere <\/em>gesellschaftliche Relevanz entscheidend sein, ob wir als Kirche den Menschen mit ihren brisanten Themen und Lebenssituationen unterst\u00fctzend zur Seite stehen, Empowerment f\u00f6rdern und Menschen konkret Halt und Geborgenheit erfahrbar machen k\u00f6nnen. Mich ermutigen Gemeindeh\u00e4user, die offene Treffs und Kita, Rollator und Kinderwagen, Stadtteilzentrum und Beratungsstelle faktisch unter ein Dach bringen. Mich inspirieren Engagierte in der Kirche, die ihre Komfortzone verlassen und beginnen, neu zu suchen und zu fragen, was unser Auftrag f\u00fcr die Menschen des 21. Jahrhunderts in aller Differenziertheit sein k\u00f6nnte, die sich selbst von der Liebe Gottes umwehen lassen und ihr dienlich sein wollen.<\/p>\n\n\n\n<div class=\"wp-block-image\"><figure class=\"alignleft\"><a href=\"https:\/\/www.facebook.com\/Seele-und-Sorge-278815565795410\/?fref=ts\" target=\"_blank\" rel=\"noreferrer noopener\"><img loading=\"lazy\" decoding=\"async\" width=\"37\" height=\"37\" src=\"http:\/\/www.seele-und-sorge.de\/wp-content\/uploads\/2016\/06\/facebook_s_kl.png\" alt=\"facebook_s_kl\" class=\"wp-image-2023\"\/><\/a><\/figure><\/div>\n\n\n\n<p><a href=\"https:\/\/www.facebook.com\/Seele-und-Sorge-278815565795410\/?fref=ts\" target=\"_blank\" rel=\"noreferrer noopener\">Besuchen Sie auch unsere facebookseite \u201eSeele &amp; Sorge\u201c<\/a><\/p>\n","protected":false},"excerpt":{"rendered":"<p>DIAKONISCHE PILGERREISEN:\u00a0DER BLOG Wir entdecken Diakonische Pilgerorte \u2013\u00a0diesmal auf der Spur von: Christine Falk \u00a0 Die Mitarbeitenden im Amt f\u00fcr&#8230; <a href=\"https:\/\/www.seele-und-sorge.de\/?page_id=6045\">read more<\/a><\/p>\n","protected":false},"author":1,"featured_media":0,"parent":1911,"menu_order":28,"comment_status":"closed","ping_status":"closed","template":"","meta":{"footnotes":""},"class_list":["post-6045","page","type-page","status-publish","hentry"],"_links":{"self":[{"href":"https:\/\/www.seele-und-sorge.de\/index.php?rest_route=\/wp\/v2\/pages\/6045"}],"collection":[{"href":"https:\/\/www.seele-und-sorge.de\/index.php?rest_route=\/wp\/v2\/pages"}],"about":[{"href":"https:\/\/www.seele-und-sorge.de\/index.php?rest_route=\/wp\/v2\/types\/page"}],"author":[{"embeddable":true,"href":"https:\/\/www.seele-und-sorge.de\/index.php?rest_route=\/wp\/v2\/users\/1"}],"replies":[{"embeddable":true,"href":"https:\/\/www.seele-und-sorge.de\/index.php?rest_route=%2Fwp%2Fv2%2Fcomments&post=6045"}],"version-history":[{"count":9,"href":"https:\/\/www.seele-und-sorge.de\/index.php?rest_route=\/wp\/v2\/pages\/6045\/revisions"}],"predecessor-version":[{"id":6056,"href":"https:\/\/www.seele-und-sorge.de\/index.php?rest_route=\/wp\/v2\/pages\/6045\/revisions\/6056"}],"up":[{"embeddable":true,"href":"https:\/\/www.seele-und-sorge.de\/index.php?rest_route=\/wp\/v2\/pages\/1911"}],"wp:attachment":[{"href":"https:\/\/www.seele-und-sorge.de\/index.php?rest_route=%2Fwp%2Fv2%2Fmedia&parent=6045"}],"curies":[{"name":"wp","href":"https:\/\/api.w.org\/{rel}","templated":true}]}}