{"id":5688,"date":"2020-12-23T18:12:30","date_gmt":"2020-12-23T17:12:30","guid":{"rendered":"https:\/\/www.seele-und-sorge.de\/?page_id=5688"},"modified":"2022-04-05T11:48:06","modified_gmt":"2022-04-05T09:48:06","slug":"dem-alter-auf-augenhoehe-begegnen","status":"publish","type":"page","link":"https:\/\/www.seele-und-sorge.de\/?page_id=5688","title":{"rendered":"Dem Alter auf Augenh\u00f6he begegnen!"},"content":{"rendered":"\n<p><strong>Evangelische Altenarbeit fordert einen Paradigmenwechsel im Umgang mit alten Menschen<\/strong><\/p>\n\n\n\n<p>Die Corona-Pandemie hat den Blick auf das Alter und den Umgang mit alten Menschen ver\u00e4ndert. \u201eObwohl die Unterschiede zwischen Menschen in keiner anderen Lebensphase so stark ausgepr\u00e4gt sind, werden Menschen ab dem 60sten Lebensjahr jetzt pauschal zur Risikogruppe erkl\u00e4rt. Empfohlen wird, dass \u00e4ltere Menschen auf soziale Kontakte weitgehend verzichten und dem \u00f6ffentlichen Leben fernbleiben\u201c, stellt die Evangelische Arbeitsgemeinschaft f\u00fcr Altenarbeit in der EKD (EAfA) fest. \u201eDie Tatsache, dass jemand \u2013 gleich welchen Alters \u2013 Unterst\u00fctzungsbedarf hat, darf aber nicht gleichgesetzt werden mit Unm\u00fcndigkeit\u201c, warnt Vorsitzende Christine Sch\u00f6ps.<\/p>\n\n\n\n<p>Bei einem gemeinsamen Fachtag er\u00f6rterten EAfA und AltenPflegeHeimSeelsorge (APHS) die Auswirkungen der aktuellen Situation \u2013 auf die alten Menschen selbst und die Gesellschaft insgesamt. Eine im Anschluss ver\u00f6ffentlichte Stellungnahme warnt vor einer Aufspaltung der Gesellschaft in produktive, (noch) fitte und sch\u00fctzenswerte, aber zu vernachl\u00e4ssigende alte Menschen. Soziale Teilhabe sei existenziell f\u00fcr alle Menschen und f\u00fcr alle Lebensalter. \u201eAls evangelische Altenarbeit setzen wir uns daf\u00fcr ein, dass alte Menschen, egal wo sie leben und ob sie pflegebed\u00fcrftig sind oder nicht, selbst \u00fcber sich bestimmen k\u00f6nnen. Auch Seelsorge darf alten Menschen nicht \u2013 wie j\u00fcngst geschehen \u2013 verwehrt werden. Gerade in Zeiten der Pandemie nicht\u201c, f\u00fchrt Sch\u00f6ps aus. Insgesamt sei nicht weniger als ein Paradigmenwechsel notwendig.<\/p>\n\n\n\n<p>Die Stellungnahme mit dem Titel \u201eAlter auf Augenh\u00f6he?!\u201c ist unter <a href=\"https:\/\/www.ekd.de\/eafa\/aktuell\/Verlautbarung_Alter_auf_Augenhoehe.html\">https:\/\/www.ekd.de\/eafa\/aktuell\/Verlautbarung_Alter_auf_Augenhoehe.html<\/a> abrufbar.<br><br>Die Stellungnahme im Wortlaut finden Sie hier:<\/p>\n\n\n\n<div class=\"wp-block-file\"><a id=\"wp-block-file--media-cf357213-e250-41f2-bf3c-480e294dd8d1\" href=\"https:\/\/www.seele-und-sorge.de\/wp-content\/uploads\/2020\/12\/Verlautbarung-EAfA-und-APHS_10.12.2020.pdf\">Verlautbarung-EAfA-und-APHS_10.12.2020<\/a><a href=\"https:\/\/www.seele-und-sorge.de\/wp-content\/uploads\/2020\/12\/Verlautbarung-EAfA-und-APHS_10.12.2020.pdf\" class=\"wp-block-file__button\" download aria-describedby=\"wp-block-file--media-cf357213-e250-41f2-bf3c-480e294dd8d1\">Herunterladen<\/a><\/div>\n\n\n\n<p><em>Weitere Informationen:<\/em><br><em>OKRin Dr. Kristin Bergmann<\/em><br><em>Kirchenamt der EKD<\/em><br><em>Herrenh\u00e4user Str. 12<\/em><br><em>30419 Hannover<\/em><br><em>Tel: 0511\/2796-440<\/em><\/p>\n\n\n\n<p>Hannover, den 10.Dezember 2020<\/p>\n","protected":false},"excerpt":{"rendered":"<p>Evangelische Altenarbeit fordert einen Paradigmenwechsel im Umgang mit alten Menschen Die Corona-Pandemie hat den Blick auf das Alter und den&#8230; <a href=\"https:\/\/www.seele-und-sorge.de\/?page_id=5688\">read more<\/a><\/p>\n","protected":false},"author":1,"featured_media":0,"parent":602,"menu_order":94,"comment_status":"closed","ping_status":"closed","template":"","meta":{"footnotes":""},"class_list":["post-5688","page","type-page","status-publish","hentry"],"_links":{"self":[{"href":"https:\/\/www.seele-und-sorge.de\/index.php?rest_route=\/wp\/v2\/pages\/5688"}],"collection":[{"href":"https:\/\/www.seele-und-sorge.de\/index.php?rest_route=\/wp\/v2\/pages"}],"about":[{"href":"https:\/\/www.seele-und-sorge.de\/index.php?rest_route=\/wp\/v2\/types\/page"}],"author":[{"embeddable":true,"href":"https:\/\/www.seele-und-sorge.de\/index.php?rest_route=\/wp\/v2\/users\/1"}],"replies":[{"embeddable":true,"href":"https:\/\/www.seele-und-sorge.de\/index.php?rest_route=%2Fwp%2Fv2%2Fcomments&post=5688"}],"version-history":[{"count":2,"href":"https:\/\/www.seele-und-sorge.de\/index.php?rest_route=\/wp\/v2\/pages\/5688\/revisions"}],"predecessor-version":[{"id":6716,"href":"https:\/\/www.seele-und-sorge.de\/index.php?rest_route=\/wp\/v2\/pages\/5688\/revisions\/6716"}],"up":[{"embeddable":true,"href":"https:\/\/www.seele-und-sorge.de\/index.php?rest_route=\/wp\/v2\/pages\/602"}],"wp:attachment":[{"href":"https:\/\/www.seele-und-sorge.de\/index.php?rest_route=%2Fwp%2Fv2%2Fmedia&parent=5688"}],"curies":[{"name":"wp","href":"https:\/\/api.w.org\/{rel}","templated":true}]}}

Dem Alter auf Augenhöhe begegnen!

<p><strong>Evangelische Altenarbeit fordert einen Paradigmenwechsel im Umgang mit alten Menschen</strong></p>



<p>Die Corona-Pandemie hat den Blick auf das Alter und den Umgang mit alten Menschen verändert. „Obwohl die Unterschiede zwischen Menschen in keiner anderen Lebensphase so stark ausgeprägt sind, werden Menschen ab dem 60sten Lebensjahr jetzt pauschal zur Risikogruppe erklärt. Empfohlen wird, dass ältere Menschen auf soziale Kontakte weitgehend verzichten und dem öffentlichen Leben fernbleiben“, stellt die Evangelische Arbeitsgemeinschaft für Altenarbeit in der EKD (EAfA) fest. „Die Tatsache, dass jemand – gleich welchen Alters – Unterstützungsbedarf hat, darf aber nicht gleichgesetzt werden mit Unmündigkeit“, warnt Vorsitzende Christine Schöps.</p>



<p>Bei einem gemeinsamen Fachtag erörterten EAfA und AltenPflegeHeimSeelsorge (APHS) die Auswirkungen der aktuellen Situation – auf die alten Menschen selbst und die Gesellschaft insgesamt. Eine im Anschluss veröffentlichte Stellungnahme warnt vor einer Aufspaltung der Gesellschaft in produktive, (noch) fitte und schützenswerte, aber zu vernachlässigende alte Menschen. Soziale Teilhabe sei existenziell für alle Menschen und für alle Lebensalter. „Als evangelische Altenarbeit setzen wir uns dafür ein, dass alte Menschen, egal wo sie leben und ob sie pflegebedürftig sind oder nicht, selbst über sich bestimmen können. Auch Seelsorge darf alten Menschen nicht – wie jüngst geschehen – verwehrt werden. Gerade in Zeiten der Pandemie nicht“, führt Schöps aus. Insgesamt sei nicht weniger als ein Paradigmenwechsel notwendig.</p>



<p>Die Stellungnahme mit dem Titel „Alter auf Augenhöhe?!“ ist unter <a href="https://www.ekd.de/eafa/aktuell/Verlautbarung_Alter_auf_Augenhoehe.html">https://www.ekd.de/eafa/aktuell/Verlautbarung_Alter_auf_Augenhoehe.html</a> abrufbar.<br><br>Die Stellungnahme im Wortlaut finden Sie hier:</p>



<div class="wp-block-file"><a id="wp-block-file--media-cf357213-e250-41f2-bf3c-480e294dd8d1" href="https://www.seele-und-sorge.de/wp-content/uploads/2020/12/Verlautbarung-EAfA-und-APHS_10.12.2020.pdf">Verlautbarung-EAfA-und-APHS_10.12.2020</a><a href="https://www.seele-und-sorge.de/wp-content/uploads/2020/12/Verlautbarung-EAfA-und-APHS_10.12.2020.pdf" class="wp-block-file__button" download aria-describedby="wp-block-file--media-cf357213-e250-41f2-bf3c-480e294dd8d1">Herunterladen</a></div>



<p><em>Weitere Informationen:</em><br><em>OKRin Dr. Kristin Bergmann</em><br><em>Kirchenamt der EKD</em><br><em>Herrenhäuser Str. 12</em><br><em>30419 Hannover</em><br><em>Tel: 0511/2796-440</em></p>



<p>Hannover, den 10.Dezember 2020</p>
