{"id":527,"date":"2015-02-20T14:04:30","date_gmt":"2015-02-20T14:04:30","guid":{"rendered":"http:\/\/www.seele-und-sorge.de\/?page_id=527"},"modified":"2015-07-29T10:18:29","modified_gmt":"2015-07-29T10:18:29","slug":"es-ist-normal-verschieden-zu-sein","status":"publish","type":"page","link":"https:\/\/www.seele-und-sorge.de\/?page_id=527","title":{"rendered":"Es ist normal, verschieden zu sein"},"content":{"rendered":"<h3>Rat der EKD ver\u00f6ffentlicht Orientierungshilfe zur Inklusion<\/h3>\n<p>Der Rat der Evangelischen Kirche in Deutschland (EKD) hat unter dem Titel \u201eEs ist normal, verschieden zu sein. Inklusion leben in Kirche und Gesellschaft\u201c eine neue Orientierungshilfe ver\u00f6ffentlicht. Sie reflektiert die sozial- und bildungspolitischen Herausforderungen durch die Umsetzung der UN-Behindertenrechtskonvention und deren Konsequenzen besonders f\u00fcr die evangelische Kirche und ihre Diakonie.<\/p>\n<p>\u201eMit dem Wort Inklusion wird ein Paradigmenwechsel markiert. Es geht nicht mehr um die Integration einer kleinen abweichenden Minderheitsgruppe in die \u201anormale\u2018 Mehrheit. Vielmehr soll die Gemeinschaft so gestaltet werden, dass niemand aufgrund seiner Andersartigkeit herausf\u00e4llt oder ausgegrenzt wird\u201c, stellt\u00a0 der Vorsitzende des Rates der EKD, Landesbischof Dr. Heinrich Bedford-Strohm, im Vorwort der Orientierungshilfe fest. \u201eMit dieser Orientierungshilfe m\u00f6chte der Rat der EKD Menschen in Kirche und Diakonie, aber auch politische Verantwortungstr\u00e4ger und pers\u00f6nlich Betroffene ermutigen, sich in den Diskurs um eine inklusive Weiterentwicklung des Gemeinwesens einzubringen\u201c, so der Ratsvorsitzende. \u201eMut und Kreativit\u00e4t sind dabei genauso gefragt wie Professionalit\u00e4t und ein sensibler Umgang mit Vielfalt.\u201c<\/p>\n<p>Die Orientierungshilfe umfasst f\u00fcnf Kapitel, die<\/p>\n<ul>\n<li>Inklusion als einen Paradigmenwechsel beschreiben,<\/li>\n<li>theologische Orientierungen zur Inklusion vermitteln,<\/li>\n<li>grundlegende Aufgaben von Inklusion benennen,<\/li>\n<li>Aufgaben von Inklusion in verschiedenen Handlungsfeldern konkretisieren,<\/li>\n<li>Chancen von Inklusion f\u00fcr Kirche und Gemeinde aufzeigen.<\/li>\n<\/ul>\n<p>Mit ihrer Orientierungshilfe wendet sich die EKD an alle, die sich in Kirche und Diakonie, Politik und Gesellschaft, Bildung und Erziehung oder famili\u00e4r und pers\u00f6nlich mit den Fragen der Inklusion auseinandersetzen. Sie wurde von einer vom Rat der EKD eingesetzten Kommission erarbeitet, der Experten aus Kirche, Diakonie, Wissenschaft, Politik und Gesellschaft angeh\u00f6rten.<\/p>\n<p>Die Orientierungshilfe \u201eEs ist normal, verschieden zu sein. Inklusion leben in Kirche und Gesellschaft\u201c ist erschienen im G\u00fctersloher Verlagshaus, 2014, ISBN 978-3-579-05975-4, hat 192 Seiten und kann zum Preis von 7,99 \u20ac \u00fcber den Buchhandel bezogen werden. Unter der Internet-Adresse <a href=\"http:\/\/www.ekd.de\/EKD-Texte\/orientierungshilfe_inklusion2015.html\" target=\"_blank\">www.ekd.de\/inklusion-leben <\/a>steht die Orientierungshilfe zum Herunterladen bereit.<\/p>\n<p>Hannover, 26. Januar 2015<\/p>\n<p>Pressestelle der EKD<br \/>\nCarsten Splitt<\/p>\n","protected":false},"excerpt":{"rendered":"<p>Rat der EKD ver\u00f6ffentlicht Orientierungshilfe zur Inklusion Der Rat der Evangelischen Kirche in Deutschland (EKD) hat unter dem Titel \u201eEs&#8230; <a href=\"https:\/\/www.seele-und-sorge.de\/?page_id=527\">read more<\/a><\/p>\n","protected":false},"author":1,"featured_media":0,"parent":495,"menu_order":100,"comment_status":"closed","ping_status":"closed","template":"","meta":{"footnotes":""},"class_list":["post-527","page","type-page","status-publish","hentry"],"_links":{"self":[{"href":"https:\/\/www.seele-und-sorge.de\/index.php?rest_route=\/wp\/v2\/pages\/527"}],"collection":[{"href":"https:\/\/www.seele-und-sorge.de\/index.php?rest_route=\/wp\/v2\/pages"}],"about":[{"href":"https:\/\/www.seele-und-sorge.de\/index.php?rest_route=\/wp\/v2\/types\/page"}],"author":[{"embeddable":true,"href":"https:\/\/www.seele-und-sorge.de\/index.php?rest_route=\/wp\/v2\/users\/1"}],"replies":[{"embeddable":true,"href":"https:\/\/www.seele-und-sorge.de\/index.php?rest_route=%2Fwp%2Fv2%2Fcomments&post=527"}],"version-history":[{"count":1,"href":"https:\/\/www.seele-und-sorge.de\/index.php?rest_route=\/wp\/v2\/pages\/527\/revisions"}],"predecessor-version":[{"id":528,"href":"https:\/\/www.seele-und-sorge.de\/index.php?rest_route=\/wp\/v2\/pages\/527\/revisions\/528"}],"up":[{"embeddable":true,"href":"https:\/\/www.seele-und-sorge.de\/index.php?rest_route=\/wp\/v2\/pages\/495"}],"wp:attachment":[{"href":"https:\/\/www.seele-und-sorge.de\/index.php?rest_route=%2Fwp%2Fv2%2Fmedia&parent=527"}],"curies":[{"name":"wp","href":"https:\/\/api.w.org\/{rel}","templated":true}]}}

<h3>Rat der EKD veröffentlicht Orientierungshilfe zur Inklusion</h3>
<p>Der Rat der Evangelischen Kirche in Deutschland (EKD) hat unter dem Titel „Es ist normal, verschieden zu sein. Inklusion leben in Kirche und Gesellschaft“ eine neue Orientierungshilfe veröffentlicht. Sie reflektiert die sozial- und bildungspolitischen Herausforderungen durch die Umsetzung der UN-Behindertenrechtskonvention und deren Konsequenzen besonders für die evangelische Kirche und ihre Diakonie.</p>
<p>„Mit dem Wort Inklusion wird ein Paradigmenwechsel markiert. Es geht nicht mehr um die Integration einer kleinen abweichenden Minderheitsgruppe in die ‚normale‘ Mehrheit. Vielmehr soll die Gemeinschaft so gestaltet werden, dass niemand aufgrund seiner Andersartigkeit herausfällt oder ausgegrenzt wird“, stellt  der Vorsitzende des Rates der EKD, Landesbischof Dr. Heinrich Bedford-Strohm, im Vorwort der Orientierungshilfe fest. „Mit dieser Orientierungshilfe möchte der Rat der EKD Menschen in Kirche und Diakonie, aber auch politische Verantwortungsträger und persönlich Betroffene ermutigen, sich in den Diskurs um eine inklusive Weiterentwicklung des Gemeinwesens einzubringen“, so der Ratsvorsitzende. „Mut und Kreativität sind dabei genauso gefragt wie Professionalität und ein sensibler Umgang mit Vielfalt.“</p>
<p>Die Orientierungshilfe umfasst fünf Kapitel, die</p>
<ul>
<li>Inklusion als einen Paradigmenwechsel beschreiben,</li>
<li>theologische Orientierungen zur Inklusion vermitteln,</li>
<li>grundlegende Aufgaben von Inklusion benennen,</li>
<li>Aufgaben von Inklusion in verschiedenen Handlungsfeldern konkretisieren,</li>
<li>Chancen von Inklusion für Kirche und Gemeinde aufzeigen.</li>
</ul>
<p>Mit ihrer Orientierungshilfe wendet sich die EKD an alle, die sich in Kirche und Diakonie, Politik und Gesellschaft, Bildung und Erziehung oder familiär und persönlich mit den Fragen der Inklusion auseinandersetzen. Sie wurde von einer vom Rat der EKD eingesetzten Kommission erarbeitet, der Experten aus Kirche, Diakonie, Wissenschaft, Politik und Gesellschaft angehörten.</p>
<p>Die Orientierungshilfe „Es ist normal, verschieden zu sein. Inklusion leben in Kirche und Gesellschaft“ ist erschienen im Gütersloher Verlagshaus, 2014, ISBN 978-3-579-05975-4, hat 192 Seiten und kann zum Preis von 7,99 € über den Buchhandel bezogen werden. Unter der Internet-Adresse <a href="http://www.ekd.de/EKD-Texte/orientierungshilfe_inklusion2015.html" target="_blank">www.ekd.de/inklusion-leben </a>steht die Orientierungshilfe zum Herunterladen bereit.</p>
<p>Hannover, 26. Januar 2015</p>
<p>Pressestelle der EKD<br />
Carsten Splitt</p>

<p>Rat der EKD veröffentlicht Orientierungshilfe zur Inklusion Der Rat der Evangelischen Kirche in Deutschland (EKD) hat unter dem Titel „Es&#8230; <a href="https://www.seele-und-sorge.de/?page_id=527">read more</a></p>
