{"id":5111,"date":"2020-03-20T18:08:27","date_gmt":"2020-03-20T17:08:27","guid":{"rendered":"https:\/\/www.seele-und-sorge.de\/?page_id=5111"},"modified":"2020-12-14T12:15:57","modified_gmt":"2020-12-14T11:15:57","slug":"absagen","status":"publish","type":"page","link":"https:\/\/www.seele-und-sorge.de\/?page_id=5111","title":{"rendered":"Digital, hybrid, pr\u00e4sent \u2013 Vortr\u00e4ge, Debatten, Begegnung und gemeinsames Lernen in besonderen Zeiten"},"content":{"rendered":"\n<figure class=\"wp-block-image\"><img loading=\"lazy\" decoding=\"async\" width=\"1024\" height=\"632\" src=\"https:\/\/www.seele-und-sorge.de\/wp-content\/uploads\/2020\/03\/webinar-1024x632.jpg\" alt=\"\" class=\"wp-image-5112\" srcset=\"https:\/\/www.seele-und-sorge.de\/wp-content\/uploads\/2020\/03\/webinar-1024x632.jpg 1024w, https:\/\/www.seele-und-sorge.de\/wp-content\/uploads\/2020\/03\/webinar-300x185.jpg 300w, https:\/\/www.seele-und-sorge.de\/wp-content\/uploads\/2020\/03\/webinar-768x474.jpg 768w\" sizes=\"(max-width: 1024px) 100vw, 1024px\" \/><\/figure>\n\n\n\n<p>Im Fr\u00fchjahr und Sommer 2020 stand hier eine Kolumne mit dem Thema \u201eAbsagen\u201c. Da haben wir um Verst\u00e4ndnis geworben f\u00fcr die vielen Absagen und Verschiebungen von Terminen im Jahr 2020.<\/p>\n\n\n\n<p>Inzwischen ist selbstverst\u00e4ndlich geworden, dass Termine sich \u00e4ndern unter Corona. Was hier als analoger Termin auftaucht \u2013 an einem bestimmten Ort, in einer Akademie, einem Gemeindehaus, einem diakonischen Unternehmen \u2013, das findet m\u00f6glicherweise am Ende doch digital statt \u2013 oder wird noch einmal verschoben.<\/p>\n\n\n\n<p>Sie finden also in der Terminleiste eine bunte Mischung von analogen, digitalen und Streamingterminen. Immer unter dem Vorbehalt von oben. \u201eSicher\u201c sind zurzeit nur Termine, die von Anfang an digital geplant sind \u2013 obwohl wir uns alle nach unmittelbarem Kontakt sehnen und uns auf Pr\u00e4senzveranstaltungen freuen! Selbstverst\u00e4ndlich verzeichnen wir hier auch Absagen, \u00c4nderungen oder Verschiebungen zu bereits geplanten Terminen, damit Sie sich darauf einstellen k\u00f6nnen.<\/p>\n\n\n\n<p>Das ungew\u00f6hnliche Jahr 2020 hielt auch neue M\u00f6glichkeiten und Freir\u00e4ume bereit: Beispielsweise ist Coaching auch digital gut m\u00f6glich. Sehr inspirierend waren auch die \u201eOma-trotzt-Corona-Konferenzen\u201c. Die intensiven Debatten zwischen den ehrenamtlich, professionell oder schlicht in der Familie engagierten Teilnehmenden haben wir bei den \u201eSeele-und-Sorge-Angeboten\u201c <strong><a href=\"https:\/\/www.seele-und-sorge.de\/?page_id=5293\">dokumentiert<\/a><\/strong> (die Protokolle zu den einzelnen Treffen finden Sie rechts in der Men\u00fcleiste verlinkt), die Artikel und Buchbeitr\u00e4ge, die in dieser Zeit entstanden sind, finden Sie in der <strong><a href=\"https:\/\/www.seele-und-sorge.de\/?page_id=161\">Publikationsliste<\/a><\/strong>. Vor allem aber entstand mein neues Buch <strong>\u201e<a href=\"https:\/\/www.seele-und-sorge.de\/?page_id=394\">Die Neuentdeckung der Gemeinschaft<\/a>\u201c<\/strong>, das im Fr\u00fchjahr bei Vandenhoeck &amp; Ruprecht erscheint.<\/p>\n\n\n\n<p>Schlie\u00dflich finden Sie jetzt unter <strong><a href=\"https:\/\/www.seele-und-sorge.de\/?page_id=406\">Interviews<\/a><\/strong> mehr YouTube- und andere Videos. Zurzeit bereiten wir einen Podcast mit Interviews rund um das Thema Gemeinschaft vor, mit dem ich mich in meinem Buch so intensiv auseinandergesetzt habe. Der Podcast soll mit Beginn der Fastenzeit erscheinen.<\/p>\n\n\n\n<p>Es blieb also nicht bei \u201eAbsagen\u201c, daneben entstanden auch neue Aufbr\u00fcche. So ist das mit <strong><a href=\"https:\/\/www.seele-und-sorge.de\/?page_id=3544\">Umbr\u00fcchen<\/a><\/strong> \u2026<\/p>\n","protected":false},"excerpt":{"rendered":"<p>Im Fr\u00fchjahr und Sommer 2020 stand hier eine Kolumne mit dem Thema \u201eAbsagen\u201c. Da haben wir um Verst\u00e4ndnis geworben f\u00fcr&#8230; <a href=\"https:\/\/www.seele-und-sorge.de\/?page_id=5111\">read more<\/a><\/p>\n","protected":false},"author":1,"featured_media":0,"parent":135,"menu_order":1,"comment_status":"closed","ping_status":"closed","template":"","meta":{"footnotes":""},"class_list":["post-5111","page","type-page","status-publish","hentry"],"_links":{"self":[{"href":"https:\/\/www.seele-und-sorge.de\/index.php?rest_route=\/wp\/v2\/pages\/5111"}],"collection":[{"href":"https:\/\/www.seele-und-sorge.de\/index.php?rest_route=\/wp\/v2\/pages"}],"about":[{"href":"https:\/\/www.seele-und-sorge.de\/index.php?rest_route=\/wp\/v2\/types\/page"}],"author":[{"embeddable":true,"href":"https:\/\/www.seele-und-sorge.de\/index.php?rest_route=\/wp\/v2\/users\/1"}],"replies":[{"embeddable":true,"href":"https:\/\/www.seele-und-sorge.de\/index.php?rest_route=%2Fwp%2Fv2%2Fcomments&post=5111"}],"version-history":[{"count":5,"href":"https:\/\/www.seele-und-sorge.de\/index.php?rest_route=\/wp\/v2\/pages\/5111\/revisions"}],"predecessor-version":[{"id":5641,"href":"https:\/\/www.seele-und-sorge.de\/index.php?rest_route=\/wp\/v2\/pages\/5111\/revisions\/5641"}],"up":[{"embeddable":true,"href":"https:\/\/www.seele-und-sorge.de\/index.php?rest_route=\/wp\/v2\/pages\/135"}],"wp:attachment":[{"href":"https:\/\/www.seele-und-sorge.de\/index.php?rest_route=%2Fwp%2Fv2%2Fmedia&parent=5111"}],"curies":[{"name":"wp","href":"https:\/\/api.w.org\/{rel}","templated":true}]}}

Digital, hybrid, präsent – Vorträge, Debatten, Begegnung und gemeinsames Lernen in besonderen Zeiten

<figure class="wp-block-image"><img loading="lazy" decoding="async" width="1024" height="632" src="https://www.seele-und-sorge.de/wp-content/uploads/2020/03/webinar-1024x632.jpg" alt="" class="wp-image-5112" srcset="https://www.seele-und-sorge.de/wp-content/uploads/2020/03/webinar-1024x632.jpg 1024w, https://www.seele-und-sorge.de/wp-content/uploads/2020/03/webinar-300x185.jpg 300w, https://www.seele-und-sorge.de/wp-content/uploads/2020/03/webinar-768x474.jpg 768w" sizes="(max-width: 1024px) 100vw, 1024px" /></figure>



<p>Im Frühjahr und Sommer 2020 stand hier eine Kolumne mit dem Thema „Absagen“. Da haben wir um Verständnis geworben für die vielen Absagen und Verschiebungen von Terminen im Jahr 2020.</p>



<p>Inzwischen ist selbstverständlich geworden, dass Termine sich ändern unter Corona. Was hier als analoger Termin auftaucht – an einem bestimmten Ort, in einer Akademie, einem Gemeindehaus, einem diakonischen Unternehmen –, das findet möglicherweise am Ende doch digital statt – oder wird noch einmal verschoben.</p>



<p>Sie finden also in der Terminleiste eine bunte Mischung von analogen, digitalen und Streamingterminen. Immer unter dem Vorbehalt von oben. „Sicher“ sind zurzeit nur Termine, die von Anfang an digital geplant sind – obwohl wir uns alle nach unmittelbarem Kontakt sehnen und uns auf Präsenzveranstaltungen freuen! Selbstverständlich verzeichnen wir hier auch Absagen, Änderungen oder Verschiebungen zu bereits geplanten Terminen, damit Sie sich darauf einstellen können.</p>



<p>Das ungewöhnliche Jahr 2020 hielt auch neue Möglichkeiten und Freiräume bereit: Beispielsweise ist Coaching auch digital gut möglich. Sehr inspirierend waren auch die „Oma-trotzt-Corona-Konferenzen“. Die intensiven Debatten zwischen den ehrenamtlich, professionell oder schlicht in der Familie engagierten Teilnehmenden haben wir bei den „Seele-und-Sorge-Angeboten“ <strong><a href="https://www.seele-und-sorge.de/?page_id=5293">dokumentiert</a></strong> (die Protokolle zu den einzelnen Treffen finden Sie rechts in der Menüleiste verlinkt), die Artikel und Buchbeiträge, die in dieser Zeit entstanden sind, finden Sie in der <strong><a href="https://www.seele-und-sorge.de/?page_id=161">Publikationsliste</a></strong>. Vor allem aber entstand mein neues Buch <strong>„<a href="https://www.seele-und-sorge.de/?page_id=394">Die Neuentdeckung der Gemeinschaft</a>“</strong>, das im Frühjahr bei Vandenhoeck &amp; Ruprecht erscheint.</p>



<p>Schließlich finden Sie jetzt unter <strong><a href="https://www.seele-und-sorge.de/?page_id=406">Interviews</a></strong> mehr YouTube- und andere Videos. Zurzeit bereiten wir einen Podcast mit Interviews rund um das Thema Gemeinschaft vor, mit dem ich mich in meinem Buch so intensiv auseinandergesetzt habe. Der Podcast soll mit Beginn der Fastenzeit erscheinen.</p>



<p>Es blieb also nicht bei „Absagen“, daneben entstanden auch neue Aufbrüche. So ist das mit <strong><a href="https://www.seele-und-sorge.de/?page_id=3544">Umbrüchen</a></strong> …</p>

<p>Im Frühjahr und Sommer 2020 stand hier eine Kolumne mit dem Thema „Absagen“. Da haben wir um Verständnis geworben für&#8230; <a href="https://www.seele-und-sorge.de/?page_id=5111">read more</a></p>
