{"id":5034,"date":"2020-03-09T18:56:32","date_gmt":"2020-03-09T17:56:32","guid":{"rendered":"https:\/\/www.seele-und-sorge.de\/?page_id=5034"},"modified":"2020-03-25T17:23:53","modified_gmt":"2020-03-25T16:23:53","slug":"aufbruch-in-die-dritte-lebensphase","status":"publish","type":"page","link":"https:\/\/www.seele-und-sorge.de\/?page_id=5034","title":{"rendered":"Lebensende in W\u00fcrde. Zum Umgang mit Hochaltrigkeit und Sterben. Workshop f\u00fcr Akteure aus Hospizen, Pflegeeinrichtungen und dem weiteren Quartier"},"content":{"rendered":"\n<figure class=\"wp-block-image\"><img loading=\"lazy\" decoding=\"async\" width=\"1024\" height=\"353\" src=\"https:\/\/www.seele-und-sorge.de\/wp-content\/uploads\/2020\/03\/Lebensende_03-1024x353.jpg\" alt=\"\" class=\"wp-image-5162\" srcset=\"https:\/\/www.seele-und-sorge.de\/wp-content\/uploads\/2020\/03\/Lebensende_03-1024x353.jpg 1024w, https:\/\/www.seele-und-sorge.de\/wp-content\/uploads\/2020\/03\/Lebensende_03-300x103.jpg 300w, https:\/\/www.seele-und-sorge.de\/wp-content\/uploads\/2020\/03\/Lebensende_03-768x264.jpg 768w\" sizes=\"(max-width: 1024px) 100vw, 1024px\" \/><\/figure>\n\n\n\n<p>Die Mehrzahl der Menschen w\u00fcnscht sich, zu\nHause alt zu werden und zu sterben \u2013 doch die meisten scheiden hinter\nverschlossenen T\u00fcren im Krankenhaus aus dem Leben. Wie kann es uns gelingen,\ndas Ende des Lebens wieder als dessen Teil zu begreifen? Eine Reflexion \u00fcber\nhistorisch unterschiedliche Kulturen des Sterbens sowie spirituelle Anregungen bilden\nden Ausgangspunkt, um mit frischem Blick auf die Weisheiten des Lebensendes zu\nschauen \u2013 und M\u00f6glichkeiten zu imaginieren, wie Alte, Sterbende und ihre\nAngeh\u00f6rigen im Quartier aufgehoben werden k\u00f6nnen. Das reicht von praktischen\nAspekten wie den architektonischen und st\u00e4dtebaulichen Voraussetzungen oder organisierter\nNachbarschaftshilfe beispielsweise bei Haushalt und Einkaufen bis hin zu Angeboten\nf\u00fcr die Seele wie Erz\u00e4hlstationen in der Kirche, in denen Pflegende und Angeh\u00f6rige\nsich \u00fcber ihre Erfahrungen mit dem Sterben ihrer N\u00e4chsten austauschen k\u00f6nnen.<\/p>\n\n\n\n<p><strong>Adressat*innen:<\/strong> Haupt-\nund Ehrenamtliche aus Medizin und Pflege, aber auch weitere Akteure aus dem\nQuartier (Gemeinden, Sozialstationen, Bildungseinrichtungen, Architekt*innen\nund Stadtplaner*innen \u2026)<\/p>\n\n\n\n<p><strong>Ziel: <\/strong>Alter und\nSterben als Teil des Lebens annehmen, Formen der Sorgenden Gemeinschaft im\nQuartier imaginieren, die ein selbstbestimmten Altern zu Hause erm\u00f6glichen, Kulturen\ndes lebendigen Umgangs mit Alter und&nbsp; Tod\n(wieder-)entdecken<\/p>\n\n\n\n<p><strong>Arbeitsweise: <\/strong>Impulsvortrag,\nMethoden der Assoziation und inneren Reflexion, \u00dcbungen im \u00f6ffentlichen Raum in\nder Umgebung der Seminarst\u00e4tte; \u00dcbungsformate im Plenum, in Kleingruppen und\nallein<\/p>\n\n\n\n<p>Einige Aspekte dieser Thematik erl\u00e4utere ich in meinen Einf\u00fchrungen <strong><a href=\"https:\/\/www.seele-und-sorge.de\/?page_id=3664\">\u201eAltern. Zum guten Leben im dritten und vierten Lebensalter\u201c<\/a><\/strong>  und <strong><a href=\"https:\/\/www.seele-und-sorge.de\/?page_id=3944\">\u201eKeiner stirbt f\u00fcr sich allein. Hospiz- und Sorgeteams\u201c<\/a><\/strong> sowie in meinem <strong><a href=\"https:\/\/www.seele-und-sorge.de\/?page_id=3466\">Vortrag<\/a> <\/strong>\u201eLebenssatt \u2013 das Leben satt. Vom guten Abschiednehmen im hohen Alter\u201c.<\/p>\n\n\n\n<p><strong>Hier ein beispielhafter Ablauf<\/strong>. Der Workshop sollte auf die konkreten Anliegen der jeweiligen Protagonisten zugeschnitten werden. Dabei kann es \u00e4u\u00dferst produktiv sein, die Kompetenzen und Erfahrungen der unterschiedlichen Teilnehmenden etwa aus den Feldern Medizin, Hospiz, Architektur, Gemeinde oder interkulturelle Arbeit aktiv einzubeziehen. Hierf\u00fcr w\u00fcrden wir jeweils entsprechende kreative Formate entwickeln \u2013 sprechen Sie mich an!<\/p>\n\n\n\n<figure class=\"wp-block-image\"><img loading=\"lazy\" decoding=\"async\" width=\"2975\" height=\"1236\" src=\"https:\/\/www.seele-und-sorge.de\/wp-content\/uploads\/2020\/03\/altern-2.jpg\" alt=\"\" class=\"wp-image-5037\" srcset=\"https:\/\/www.seele-und-sorge.de\/wp-content\/uploads\/2020\/03\/altern-2.jpg 2975w, https:\/\/www.seele-und-sorge.de\/wp-content\/uploads\/2020\/03\/altern-2-300x125.jpg 300w, https:\/\/www.seele-und-sorge.de\/wp-content\/uploads\/2020\/03\/altern-2-768x319.jpg 768w, https:\/\/www.seele-und-sorge.de\/wp-content\/uploads\/2020\/03\/altern-2-1024x425.jpg 1024w\" sizes=\"(max-width: 2975px) 100vw, 2975px\" \/><\/figure>\n\n\n\n<p>Downloadpdf: <a href=\"https:\/\/www.seele-und-sorge.de\/wp-content\/uploads\/2020\/03\/Seele_und_Sorge_Workshop_Altern-und-Sterben-im-Quartier.pdf\">Seele_und_Sorge_Workshop_Altern und Sterben im Quartier.pdf<\/a><\/p>\n","protected":false},"excerpt":{"rendered":"<p>Die Mehrzahl der Menschen w\u00fcnscht sich, zu Hause alt zu werden und zu sterben \u2013 doch die meisten scheiden hinter&#8230; <a href=\"https:\/\/www.seele-und-sorge.de\/?page_id=5034\">read more<\/a><\/p>\n","protected":false},"author":1,"featured_media":0,"parent":156,"menu_order":60,"comment_status":"closed","ping_status":"closed","template":"","meta":{"footnotes":""},"class_list":["post-5034","page","type-page","status-publish","hentry"],"_links":{"self":[{"href":"https:\/\/www.seele-und-sorge.de\/index.php?rest_route=\/wp\/v2\/pages\/5034"}],"collection":[{"href":"https:\/\/www.seele-und-sorge.de\/index.php?rest_route=\/wp\/v2\/pages"}],"about":[{"href":"https:\/\/www.seele-und-sorge.de\/index.php?rest_route=\/wp\/v2\/types\/page"}],"author":[{"embeddable":true,"href":"https:\/\/www.seele-und-sorge.de\/index.php?rest_route=\/wp\/v2\/users\/1"}],"replies":[{"embeddable":true,"href":"https:\/\/www.seele-und-sorge.de\/index.php?rest_route=%2Fwp%2Fv2%2Fcomments&post=5034"}],"version-history":[{"count":5,"href":"https:\/\/www.seele-und-sorge.de\/index.php?rest_route=\/wp\/v2\/pages\/5034\/revisions"}],"predecessor-version":[{"id":5163,"href":"https:\/\/www.seele-und-sorge.de\/index.php?rest_route=\/wp\/v2\/pages\/5034\/revisions\/5163"}],"up":[{"embeddable":true,"href":"https:\/\/www.seele-und-sorge.de\/index.php?rest_route=\/wp\/v2\/pages\/156"}],"wp:attachment":[{"href":"https:\/\/www.seele-und-sorge.de\/index.php?rest_route=%2Fwp%2Fv2%2Fmedia&parent=5034"}],"curies":[{"name":"wp","href":"https:\/\/api.w.org\/{rel}","templated":true}]}}

Lebensende in Würde. Zum Umgang mit Hochaltrigkeit und Sterben. Workshop für Akteure aus Hospizen, Pflegeeinrichtungen und dem weiteren Quartier

<figure class="wp-block-image"><img loading="lazy" decoding="async" width="1024" height="353" src="https://www.seele-und-sorge.de/wp-content/uploads/2020/03/Lebensende_03-1024x353.jpg" alt="" class="wp-image-5162" srcset="https://www.seele-und-sorge.de/wp-content/uploads/2020/03/Lebensende_03-1024x353.jpg 1024w, https://www.seele-und-sorge.de/wp-content/uploads/2020/03/Lebensende_03-300x103.jpg 300w, https://www.seele-und-sorge.de/wp-content/uploads/2020/03/Lebensende_03-768x264.jpg 768w" sizes="(max-width: 1024px) 100vw, 1024px" /></figure>



<p>Die Mehrzahl der Menschen wünscht sich, zu
Hause alt zu werden und zu sterben – doch die meisten scheiden hinter
verschlossenen Türen im Krankenhaus aus dem Leben. Wie kann es uns gelingen,
das Ende des Lebens wieder als dessen Teil zu begreifen? Eine Reflexion über
historisch unterschiedliche Kulturen des Sterbens sowie spirituelle Anregungen bilden
den Ausgangspunkt, um mit frischem Blick auf die Weisheiten des Lebensendes zu
schauen – und Möglichkeiten zu imaginieren, wie Alte, Sterbende und ihre
Angehörigen im Quartier aufgehoben werden können. Das reicht von praktischen
Aspekten wie den architektonischen und städtebaulichen Voraussetzungen oder organisierter
Nachbarschaftshilfe beispielsweise bei Haushalt und Einkaufen bis hin zu Angeboten
für die Seele wie Erzählstationen in der Kirche, in denen Pflegende und Angehörige
sich über ihre Erfahrungen mit dem Sterben ihrer Nächsten austauschen können.</p>



<p><strong>Adressat*innen:</strong> Haupt-
und Ehrenamtliche aus Medizin und Pflege, aber auch weitere Akteure aus dem
Quartier (Gemeinden, Sozialstationen, Bildungseinrichtungen, Architekt*innen
und Stadtplaner*innen …)</p>



<p><strong>Ziel: </strong>Alter und
Sterben als Teil des Lebens annehmen, Formen der Sorgenden Gemeinschaft im
Quartier imaginieren, die ein selbstbestimmten Altern zu Hause ermöglichen, Kulturen
des lebendigen Umgangs mit Alter und&nbsp; Tod
(wieder-)entdecken</p>



<p><strong>Arbeitsweise: </strong>Impulsvortrag,
Methoden der Assoziation und inneren Reflexion, Übungen im öffentlichen Raum in
der Umgebung der Seminarstätte; Übungsformate im Plenum, in Kleingruppen und
allein</p>



<p>Einige Aspekte dieser Thematik erläutere ich in meinen Einführungen <strong><a href="https://www.seele-und-sorge.de/?page_id=3664">„Altern. Zum guten Leben im dritten und vierten Lebensalter“</a></strong>  und <strong><a href="https://www.seele-und-sorge.de/?page_id=3944">„Keiner stirbt für sich allein. Hospiz- und Sorgeteams“</a></strong> sowie in meinem <strong><a href="https://www.seele-und-sorge.de/?page_id=3466">Vortrag</a> </strong>„Lebenssatt – das Leben satt. Vom guten Abschiednehmen im hohen Alter“.</p>



<p><strong>Hier ein beispielhafter Ablauf</strong>. Der Workshop sollte auf die konkreten Anliegen der jeweiligen Protagonisten zugeschnitten werden. Dabei kann es äußerst produktiv sein, die Kompetenzen und Erfahrungen der unterschiedlichen Teilnehmenden etwa aus den Feldern Medizin, Hospiz, Architektur, Gemeinde oder interkulturelle Arbeit aktiv einzubeziehen. Hierfür würden wir jeweils entsprechende kreative Formate entwickeln – sprechen Sie mich an!</p>



<figure class="wp-block-image"><img loading="lazy" decoding="async" width="2975" height="1236" src="https://www.seele-und-sorge.de/wp-content/uploads/2020/03/altern-2.jpg" alt="" class="wp-image-5037" srcset="https://www.seele-und-sorge.de/wp-content/uploads/2020/03/altern-2.jpg 2975w, https://www.seele-und-sorge.de/wp-content/uploads/2020/03/altern-2-300x125.jpg 300w, https://www.seele-und-sorge.de/wp-content/uploads/2020/03/altern-2-768x319.jpg 768w, https://www.seele-und-sorge.de/wp-content/uploads/2020/03/altern-2-1024x425.jpg 1024w" sizes="(max-width: 2975px) 100vw, 2975px" /></figure>



<p>Downloadpdf: <a href="https://www.seele-und-sorge.de/wp-content/uploads/2020/03/Seele_und_Sorge_Workshop_Altern-und-Sterben-im-Quartier.pdf">Seele_und_Sorge_Workshop_Altern und Sterben im Quartier.pdf</a></p>

<p>Die Mehrzahl der Menschen wünscht sich, zu Hause alt zu werden und zu sterben – doch die meisten scheiden hinter&#8230; <a href="https://www.seele-und-sorge.de/?page_id=5034">read more</a></p>
