{"id":5028,"date":"2020-03-09T18:55:08","date_gmt":"2020-03-09T17:55:08","guid":{"rendered":"https:\/\/www.seele-und-sorge.de\/?page_id=5028"},"modified":"2020-03-17T10:48:25","modified_gmt":"2020-03-17T09:48:25","slug":"transformation-gestalten","status":"publish","type":"page","link":"https:\/\/www.seele-und-sorge.de\/?page_id=5028","title":{"rendered":"Transformation deuten, begleiten und ansto\u00dfen. Workshop f\u00fcr Verantwortliche aus Kirchengemeinden kirchlichen Diensten und (diakonischen) Unternehmen"},"content":{"rendered":"\n<figure class=\"wp-block-image\"><img loading=\"lazy\" decoding=\"async\" width=\"3018\" height=\"1039\" src=\"https:\/\/www.seele-und-sorge.de\/wp-content\/uploads\/2020\/03\/Workshop_Transformation-1.jpg\" alt=\"\" class=\"wp-image-5032\" srcset=\"https:\/\/www.seele-und-sorge.de\/wp-content\/uploads\/2020\/03\/Workshop_Transformation-1.jpg 3018w, https:\/\/www.seele-und-sorge.de\/wp-content\/uploads\/2020\/03\/Workshop_Transformation-1-300x103.jpg 300w, https:\/\/www.seele-und-sorge.de\/wp-content\/uploads\/2020\/03\/Workshop_Transformation-1-768x264.jpg 768w, https:\/\/www.seele-und-sorge.de\/wp-content\/uploads\/2020\/03\/Workshop_Transformation-1-1024x353.jpg 1024w\" sizes=\"(max-width: 3018px) 100vw, 3018px\" \/><\/figure>\n\n\n\n<p>Wir erleben eine Phase gigantischer gesellschaftlicher\nUmbr\u00fcche, die alle Bereiche des Lebens und der Gesellschaft erfassen \u2013 von\nzunehmendem Druck und Mobilit\u00e4tsanforderungen in der Arbeitswelt \u00fcber die Krise\ndes Sozialstaates, Migration und die Versingleung der Gesellschaft \u00fcber\nschrumpfende Regionen bis hin zum Klimawandel und den Grenzen des Wachstums. All\ndies betrifft in vieler Hinsicht auch die Kirchen. Zugleich, so die These,\nverf\u00fcgen die Kirchen \u00fcber besondere Potenziale, diese Transformationen zu deuten,\nzu begleiten oder auch selbst anzusto\u00dfen \u2013 Potenziale, die auch anderen\nOrganisationen oder Unternehmen dabei helfen k\u00f6nnen, ihre Transformationen zu\nbew\u00e4ltigen. Der erste Schritt allerdings ist die kritische Betrachtung der\neigenen Organisation, der Arbeitsweisen und Schwerpunkte. <\/p>\n\n\n\n<p><strong>Adressat*innen:<\/strong>\nF\u00fchrungsverantwortliche aus Kirchengemeinden und\/oder aus Unternehmen<\/p>\n\n\n\n<p><strong>Ziel: <\/strong>Sich einen\nRaum erarbeiten, in dem Transformation als Chance gesehen und gestaltet werden\nkann, andere Rollen und Strukturen f\u00fcr die eigene Organisation imaginieren, sich\nverabschieden von nicht mehr Stimmigem und ein erstes mutiges Projekt\nentwickeln. <\/p>\n\n\n\n<p><strong>Arbeitsweise: <\/strong>Impulsvortrag,\nMethoden der Organisationsanalyse, Zukunftsimagination und Projektentwicklung, Diskussionen\nim Plenum und in Kleingruppen<\/p>\n\n\n\n<p>Einige Aspekte dieser Thematik erl\u00e4utere ich in meiner <strong><a href=\"https:\/\/www.seele-und-sorge.de\/?page_id=3679\">Einf\u00fchrung<\/a><\/strong>  zu Transformation und Reformation: Herausforderungen des Wandels f\u00fcr die Kirche sowie in zahlreichen <strong><a href=\"https:\/\/www.seele-und-sorge.de\/?page_id=533\">Vortr\u00e4gen<\/a><\/strong> zu Arbeit und Wirtschaft in der Transformation.<\/p>\n\n\n\n<p>Workshop Transformation<\/p>\n\n\n\n<p><strong>Hier ein Beispiel <\/strong>f\u00fcr einen Impulsworkshop bei einem diakonischen Tr\u00e4ger. F\u00fcr eine intensivere Auseinandersetzung mit den Fragestellungen sind umfangreichere Formate, eventuell auch mit unterschiedlichen Referent*innen, denkbar, sprechen Sie mich an!<\/p>\n\n\n\n<figure class=\"wp-block-image\"><img loading=\"lazy\" decoding=\"async\" width=\"2962\" height=\"1042\" src=\"https:\/\/www.seele-und-sorge.de\/wp-content\/uploads\/2020\/03\/Workshop_Transformation-2.jpg\" alt=\"\" class=\"wp-image-5030\" srcset=\"https:\/\/www.seele-und-sorge.de\/wp-content\/uploads\/2020\/03\/Workshop_Transformation-2.jpg 2962w, https:\/\/www.seele-und-sorge.de\/wp-content\/uploads\/2020\/03\/Workshop_Transformation-2-300x106.jpg 300w, https:\/\/www.seele-und-sorge.de\/wp-content\/uploads\/2020\/03\/Workshop_Transformation-2-768x270.jpg 768w, https:\/\/www.seele-und-sorge.de\/wp-content\/uploads\/2020\/03\/Workshop_Transformation-2-1024x360.jpg 1024w\" sizes=\"(max-width: 2962px) 100vw, 2962px\" \/><\/figure>\n\n\n\n<p>Downloadpdf: <a href=\"https:\/\/www.seele-und-sorge.de\/wp-content\/uploads\/2020\/03\/Seele_und_Sorge_Workshop_Transformation.pdf\">Seele_und_Sorge_Workshop_Transformation.pdf<\/a><\/p>\n","protected":false},"excerpt":{"rendered":"<p>Wir erleben eine Phase gigantischer gesellschaftlicher Umbr\u00fcche, die alle Bereiche des Lebens und der Gesellschaft erfassen \u2013 von zunehmendem Druck&#8230; <a href=\"https:\/\/www.seele-und-sorge.de\/?page_id=5028\">read more<\/a><\/p>\n","protected":false},"author":1,"featured_media":0,"parent":156,"menu_order":70,"comment_status":"closed","ping_status":"closed","template":"","meta":{"footnotes":""},"class_list":["post-5028","page","type-page","status-publish","hentry"],"_links":{"self":[{"href":"https:\/\/www.seele-und-sorge.de\/index.php?rest_route=\/wp\/v2\/pages\/5028"}],"collection":[{"href":"https:\/\/www.seele-und-sorge.de\/index.php?rest_route=\/wp\/v2\/pages"}],"about":[{"href":"https:\/\/www.seele-und-sorge.de\/index.php?rest_route=\/wp\/v2\/types\/page"}],"author":[{"embeddable":true,"href":"https:\/\/www.seele-und-sorge.de\/index.php?rest_route=\/wp\/v2\/users\/1"}],"replies":[{"embeddable":true,"href":"https:\/\/www.seele-und-sorge.de\/index.php?rest_route=%2Fwp%2Fv2%2Fcomments&post=5028"}],"version-history":[{"count":4,"href":"https:\/\/www.seele-und-sorge.de\/index.php?rest_route=\/wp\/v2\/pages\/5028\/revisions"}],"predecessor-version":[{"id":5089,"href":"https:\/\/www.seele-und-sorge.de\/index.php?rest_route=\/wp\/v2\/pages\/5028\/revisions\/5089"}],"up":[{"embeddable":true,"href":"https:\/\/www.seele-und-sorge.de\/index.php?rest_route=\/wp\/v2\/pages\/156"}],"wp:attachment":[{"href":"https:\/\/www.seele-und-sorge.de\/index.php?rest_route=%2Fwp%2Fv2%2Fmedia&parent=5028"}],"curies":[{"name":"wp","href":"https:\/\/api.w.org\/{rel}","templated":true}]}}

Transformation deuten, begleiten und anstoßen. Workshop für Verantwortliche aus Kirchengemeinden kirchlichen Diensten und (diakonischen) Unternehmen

<figure class="wp-block-image"><img loading="lazy" decoding="async" width="3018" height="1039" src="https://www.seele-und-sorge.de/wp-content/uploads/2020/03/Workshop_Transformation-1.jpg" alt="" class="wp-image-5032" srcset="https://www.seele-und-sorge.de/wp-content/uploads/2020/03/Workshop_Transformation-1.jpg 3018w, https://www.seele-und-sorge.de/wp-content/uploads/2020/03/Workshop_Transformation-1-300x103.jpg 300w, https://www.seele-und-sorge.de/wp-content/uploads/2020/03/Workshop_Transformation-1-768x264.jpg 768w, https://www.seele-und-sorge.de/wp-content/uploads/2020/03/Workshop_Transformation-1-1024x353.jpg 1024w" sizes="(max-width: 3018px) 100vw, 3018px" /></figure>



<p>Wir erleben eine Phase gigantischer gesellschaftlicher
Umbrüche, die alle Bereiche des Lebens und der Gesellschaft erfassen – von
zunehmendem Druck und Mobilitätsanforderungen in der Arbeitswelt über die Krise
des Sozialstaates, Migration und die Versingleung der Gesellschaft über
schrumpfende Regionen bis hin zum Klimawandel und den Grenzen des Wachstums. All
dies betrifft in vieler Hinsicht auch die Kirchen. Zugleich, so die These,
verfügen die Kirchen über besondere Potenziale, diese Transformationen zu deuten,
zu begleiten oder auch selbst anzustoßen – Potenziale, die auch anderen
Organisationen oder Unternehmen dabei helfen können, ihre Transformationen zu
bewältigen. Der erste Schritt allerdings ist die kritische Betrachtung der
eigenen Organisation, der Arbeitsweisen und Schwerpunkte. </p>



<p><strong>Adressat*innen:</strong>
Führungsverantwortliche aus Kirchengemeinden und/oder aus Unternehmen</p>



<p><strong>Ziel: </strong>Sich einen
Raum erarbeiten, in dem Transformation als Chance gesehen und gestaltet werden
kann, andere Rollen und Strukturen für die eigene Organisation imaginieren, sich
verabschieden von nicht mehr Stimmigem und ein erstes mutiges Projekt
entwickeln. </p>



<p><strong>Arbeitsweise: </strong>Impulsvortrag,
Methoden der Organisationsanalyse, Zukunftsimagination und Projektentwicklung, Diskussionen
im Plenum und in Kleingruppen</p>



<p>Einige Aspekte dieser Thematik erläutere ich in meiner <strong><a href="https://www.seele-und-sorge.de/?page_id=3679">Einführung</a></strong>  zu Transformation und Reformation: Herausforderungen des Wandels für die Kirche sowie in zahlreichen <strong><a href="https://www.seele-und-sorge.de/?page_id=533">Vorträgen</a></strong> zu Arbeit und Wirtschaft in der Transformation.</p>



<p>Workshop Transformation</p>



<p><strong>Hier ein Beispiel </strong>für einen Impulsworkshop bei einem diakonischen Träger. Für eine intensivere Auseinandersetzung mit den Fragestellungen sind umfangreichere Formate, eventuell auch mit unterschiedlichen Referent*innen, denkbar, sprechen Sie mich an!</p>



<figure class="wp-block-image"><img loading="lazy" decoding="async" width="2962" height="1042" src="https://www.seele-und-sorge.de/wp-content/uploads/2020/03/Workshop_Transformation-2.jpg" alt="" class="wp-image-5030" srcset="https://www.seele-und-sorge.de/wp-content/uploads/2020/03/Workshop_Transformation-2.jpg 2962w, https://www.seele-und-sorge.de/wp-content/uploads/2020/03/Workshop_Transformation-2-300x106.jpg 300w, https://www.seele-und-sorge.de/wp-content/uploads/2020/03/Workshop_Transformation-2-768x270.jpg 768w, https://www.seele-und-sorge.de/wp-content/uploads/2020/03/Workshop_Transformation-2-1024x360.jpg 1024w" sizes="(max-width: 2962px) 100vw, 2962px" /></figure>



<p>Downloadpdf: <a href="https://www.seele-und-sorge.de/wp-content/uploads/2020/03/Seele_und_Sorge_Workshop_Transformation.pdf">Seele_und_Sorge_Workshop_Transformation.pdf</a></p>

<p>Wir erleben eine Phase gigantischer gesellschaftlicher Umbrüche, die alle Bereiche des Lebens und der Gesellschaft erfassen – von zunehmendem Druck&#8230; <a href="https://www.seele-und-sorge.de/?page_id=5028">read more</a></p>
