{"id":3164,"date":"2017-11-02T09:47:23","date_gmt":"2017-11-02T09:47:23","guid":{"rendered":"http:\/\/www.seele-und-sorge.de\/?page_id=3164"},"modified":"2026-04-10T19:12:57","modified_gmt":"2026-04-10T17:12:57","slug":"meine-links","status":"publish","type":"page","link":"https:\/\/www.seele-und-sorge.de\/?page_id=3164","title":{"rendered":"Links"},"content":{"rendered":"\n<p><strong>Hier finden Sie Links zu Einrichtungen und Organisationen, zu privaten Blogs oder anderen Websites, die meine Arbeit inspirieren, die mich \u00fcber interessante Debatten, Initiativen und Forschungsergebnisse informieren \u2013 und die ich Ihnen gern weiterempfehlen m\u00f6chte.<\/strong><\/p>\n\n\n\n<p><span style=\"color: #ff9900;\"><strong>Erf\u00fclltes Leben im Alter<\/strong><\/span><\/p>\n\n\n\n<ul class=\"wp-block-list\">\n<li><strong>Evangelische Arbeitsgemeinschaft f\u00fcr Altenarbeit in der EKD <\/strong><a href=\"https:\/\/www.ekd.de\/eafa\/index.html\"><strong>https:\/\/www.ekd.de\/eafa\/index.html<\/strong><\/a> (Bestellm\u00f6glichkeit f\u00fcr den Rundbrief links in der Men\u00fcleiste)<\/li>\n\n\n\n<li><strong>BIVA \u2013 Bundesinteressenvertretung f\u00fcr alte und pflegebetroffene Menschen e. V. (BIVA-Pflegeschutzbund) <a href=\"https:\/\/www.biva.de\/\">https:\/\/www.biva.de\/<\/a><\/strong><\/li>\n\n\n\n<li><strong>Pflegeethik Initiative Deutschland e.\u00a0V. \u2013 Einsatz f\u00fcr menschliche Pflege <a href=\"http:\/\/pflegeethik-initiative.de\/\">http:\/\/pflegeethik-initiative.de\/<\/a><\/strong><\/li>\n\n\n\n<li><strong>Wir! Stiftung pflegender Angeh\u00f6riger <a href=\"https:\/\/wir-stiftung.org\/\">https:\/\/wir-stiftung.org\/<\/a><\/strong> (Bestellm\u00f6glichkeit f\u00fcr Newsletter)<\/li>\n\n\n\n<li><strong>Initiative \u201eMein Erbe tut Gutes. Das Prinzip Apfelbaum\u201c<\/strong>: <a href=\"https:\/\/magazin.mein-erbe-tut-gutes.de\/\"><strong>https:\/\/magazin.mein-erbe-tut-gutes.de\/<\/strong><\/a> (Bestellm\u00f6glichkeit f\u00fcr Newsletter)<\/li>\n\n\n\n<li><strong>Pflegenetzwerk Deutschland \u2013 Eine Initiative des Bundesministeriums f\u00fcr Gesundheit: <a href=\"https:\/\/pflegenetzwerk-deutschland.de\/\">https:\/\/pflegenetzwerk-deutschland.de\/<\/a><\/strong> (Bestellm\u00f6glichkeit f\u00fcr Newsletter)<\/li>\n<\/ul>\n\n\n\n<p class=\"p1\"><span style=\"color: #ff9900;\"><strong>Zivilgesellschaft und b\u00fcrgerschaftliches Engagement<\/strong><\/span><\/p>\n\n\n\n<ul class=\"wp-block-list\">\n<li><strong>BAG K + R \u2013 Bundesarbeitsgemeinschaft Kirche &amp; Rechtsextremismus <\/strong><a href=\"https:\/\/bagkr.de\"><strong>https:\/\/bagkr.de<\/strong><\/a>\u00a0 (Bestellm\u00f6glichkeit f\u00fcr Newsletter oben rechts)<\/li>\n\n\n\n<li><strong>BBE \u2013 Bundesnetzwerk B\u00fcrgerschaftliches Engagement <\/strong><a href=\"http:\/\/www.b-b-e.de\/\" target=\"_blank\" rel=\"noopener noreferrer\"><strong>http:\/\/www.b-b-e.de\/<\/strong><\/a> (Bestellm\u00f6glichkeit f\u00fcr Newsletter oben rechts)<\/li>\n\n\n\n<li><strong>Stiftung Aktive B\u00fcrgergesellschaft <\/strong><a href=\"http:\/\/www.aktive-buergerschaft.de\/aktive_buergerschaft\" target=\"_blank\" rel=\"noopener noreferrer\"><strong>http:\/\/www.aktive-buergerschaft.de\/aktive_buergerschaft<\/strong><\/a> (Bestellm\u00f6glichkeit f\u00fcr unterschiedliche Nachrichtendienste unter dem Men\u00fcpunkt InfoDienste)<\/li>\n\n\n\n<li><strong>Evangelische Kirche Kurhessen Waldeck: E<\/strong><strong>ngagiert mitgestalten. <\/strong><a href=\"http:\/\/www.engagiert-mitgestalten.de\/\" target=\"_blank\" rel=\"noopener noreferrer\"><strong>engagiert-mitgestalten.de<\/strong><\/a> (Bestellm\u00f6glichkeit f\u00fcr Newsletter unter Men\u00fcpunkt News)<\/li>\n\n\n\n<li><strong>Arbeitsstelle Ehrenamt der Nordkirche <\/strong><a href=\"https:\/\/www.engagiert-nordkirche.de\/\" target=\"_blank\" rel=\"noopener noreferrer\"><strong>https:\/\/www.engagiert-nordkirche.de\/<\/strong><\/a> (Bestellm\u00f6glichkeit f\u00fcr den Newsletter als Men\u00fcpunkt oben)<\/li>\n\n\n\n<li><strong>Nationale Kontakt- und Informationsstelle zur Anregung und Unterst\u00fctzung von Selbsthilfegruppen <\/strong><a href=\"https:\/\/www.nakos.de\/\" target=\"_blank\" rel=\"noopener noreferrer\"><strong>https:\/\/www.nakos.de\/<\/strong><\/a> (Bestellm\u00f6glichkeit f\u00fcr den Newsletter unter dem Men\u00fcpunkt Aktuelles)<\/li>\n\n\n\n<li><strong>Die offene Gesellschaft <a href=\"https:\/\/www.die-offene-gesellschaft.de\/\" target=\"_blank\" rel=\"noopener noreferrer\">www.die-offene-gesellschaft.de\/<\/a><\/strong><\/li>\n\n\n\n<li><a href=\"https:\/\/www.besserewelt.info\/\" target=\"_blank\" rel=\"noopener noreferrer\"><strong>Eine private Website mit Links und Informationen zu unterschiedlichen Themen<\/strong><\/a><\/li>\n\n\n\n<li><strong><a href=\"https:\/\/chrismon.evangelisch.de\/wohnglueck\">Wohngl\u00fcck (Blog)<\/a>\u00a0<\/strong><br>Blog der Journalistin Dorothea Heintze zu gesellschaftlichen Fragen des Wohnens und Bauens<\/li>\n\n\n\n<li><strong><a href=\"https:\/\/chrismon.evangelisch.de\/rubriken\/wohnglueck\">Wohngl\u00fcck (Rubrik)<\/a><\/strong><br>Chrismon-Rubrik der Journalistin Dorothea Heintze zu einzelnen Wohn-, Bau- und Lebensgemeinschaften<\/li>\n\n\n\n<li><strong>Maecenata Stiftung: <a href=\"https:\/\/www.maecenata.eu\/\">https:\/\/www.maecenata.eu\/<\/a><\/strong> (Bestellm\u00f6glichkeit f\u00fcr Newsletter)<\/li>\n<\/ul>\n\n\n\n<p><span style=\"color: #ff9900;\"><strong>Kirche, Diakonie,&nbsp;Sozialpol<span style=\"color: #ff9900;\">iti<\/span><\/strong>k<\/span><\/p>\n\n\n\n<ul class=\"wp-block-list\">\n<li><strong>Diakonie Deutschland <a href=\"https:\/\/www.diakonie.de\/\" target=\"_blank\" rel=\"noopener noreferrer\">https:\/\/www.diakonie.de\/<\/a><\/strong> (Bestellm\u00f6glichkeit f\u00fcr Newsletter Sozialpolitik unter Neues aus dem Vorstand)<\/li>\n\n\n\n<li><strong> Der Kirchliche Dienst in der Arbeitswelt <\/strong><a href=\"http:\/\/www.kwa-ekd.de\/der-kirchliche-dienst-in-der-arbeitswelt-kda\/\" target=\"_blank\" rel=\"noopener noreferrer\"><strong>http:\/\/www.kwa-ekd.de\/der-kirchliche-dienst-in-der-arbeitswelt-kda\/<\/strong><\/a><\/li>\n\n\n\n<li><strong>VEDD. Verband Evangelischer Diakonen-, Diakoninnen- und<\/strong>\u2028<strong>Diakonatsgemeinschaften in Deutschland e.\u00a0V. <a href=\"http:\/\/www.vedd.de\/\" target=\"_blank\" rel=\"noopener noreferrer\">http:\/\/www.vedd.de\/<\/a><\/strong> (Bestellm\u00f6glichkeit f\u00fcr Newsletter unter Men\u00fcpunkt Kontakt)<\/li>\n\n\n\n<li><strong>Die Bundesarbeitsgemeinschaft der Senioren-Organisationen <\/strong><a href=\"http:\/\/www.bagso.de\/\" target=\"_blank\" rel=\"noopener noreferrer\"><strong>http:\/\/www.bagso.de\/<\/strong><\/a> (Bestellm\u00f6glichkeit f\u00fcr Newsletter als Men\u00fcpunkt oben rechts)<\/li>\n\n\n\n<li><strong>EKD \u2013 Evangelische Kirche in Deutschland<\/strong> <a href=\"https:\/\/www.ekd.de\/Portalsuche-276.htm?q=Newsletter\" target=\"_blank\" rel=\"noopener noreferrer\"><strong>www.ekd.de<\/strong><\/a>\u00a0(Newsletter\u00fcbersicht)<\/li>\n\n\n\n<li><strong>Akademie f\u00fcr Kirche und Diakonie: <a href=\"https:\/\/www.a-kd.net\/\">https:\/\/www.a-kd.net\/<\/a><\/strong><\/li>\n\n\n\n<li><strong>SOZIALHELDEN e.V: <a href=\"https:\/\/www.sozialhelden.de\/\">https:\/\/www.sozialhelden.de\/<\/a><\/strong> (Bestellm\u00f6glichkeit f\u00fcr Newsletter)<\/li>\n\n\n\n<li><strong>EVANGELISCH-LUTHERISCHE LANDESKIRCHE HANNOVERS: <a href=\"https:\/\/www.landeskirche-hannovers.de\/\">https:\/\/www.landeskirche-hannovers.de\/<\/a><\/strong> (Bestellm\u00f6glichkeit f\u00fcr Newsletter)<\/li>\n\n\n\n<li><strong>Ev. Werk f\u00fcr Diakonie und Entwicklung e.V.\u00a0: <a href=\"https:\/\/www.mi-di.de\/\">https:\/\/www.mi-di.de\/<\/a><\/strong> (Bestellm\u00f6glichkeit f\u00fcr Newsletter)<\/li>\n\n\n\n<li><strong>DIW Berlin (Deutsches Institut f\u00fcr Wirtschaftsforschung):\u00a0<a href=\"https:\/\/www.diw.de\/deutsch\">https:\/\/www.diw.de\/deutsch<\/a><\/strong>  (Bestellm\u00f6glichkeit f\u00fcr Newsletter)<\/li>\n<\/ul>\n\n\n\n<p><span style=\"color: #ff9900;\"><strong>Wissenschaftliche Zug\u00e4nge<\/strong><\/span><\/p>\n\n\n\n<ul class=\"wp-block-list\">\n<li><strong>Sozialwissenschaftliches Institut der Evangelischen Kirche in Deutschland <a href=\"https:\/\/www.si-ekd.de\/\" target=\"_blank\" rel=\"noopener noreferrer\">https:\/\/www.si-ekd.de\/<\/a> <\/strong>(Bestellm\u00f6glichkeit f\u00fcr Newsletter als Men\u00fcpunkt links)<\/li>\n\n\n\n<li><strong> Blog der Deutschen Gesellschaft f\u00fcr Soziologie\u00a0<\/strong><a href=\"http:\/\/soziologie.de\/blog\/\" target=\"_blank\" rel=\"noopener noreferrer\"><strong>http:\/\/soziologie.de\/blog\/<\/strong><\/a><\/li>\n\n\n\n<li><strong>Friedrich-Ebert-Stiftung\u00a0<\/strong><strong><a href=\"http:\/\/www.fes.de\/\" target=\"_blank\" rel=\"noopener noreferrer\">http:\/\/www.fes.de<\/a>\u00a0<\/strong>(Zum Themenschwerpunkt Flucht, Migration, Integration (oben rechts unter Themen) gibt es dort die Bestellm\u00f6glichkeit f\u00fcr den Newsletter)<\/li>\n\n\n\n<li><strong>Evangelische Akademien in Deutschland <\/strong><a href=\"http:\/\/www.evangelische-akademien.de\/\" target=\"_blank\" rel=\"noopener noreferrer\"><strong>http:\/\/www.evangelische-akademien.de\/<\/strong><\/a> (Bestellm\u00f6glichkeit f\u00fcr Newsletter als Men\u00fcpunkt oben)<\/li>\n\n\n\n<li><strong>Netzwerk Fl\u00fcchtlingsforschung <\/strong><a href=\"http:\/\/fluechtlingsforschung.net\/\" target=\"_blank\" rel=\"noopener noreferrer\"><strong>http:\/\/fluechtlingsforschung.net\/<\/strong><\/a> (Bestellm\u00f6glichkeit f\u00fcr den Newsletter links unter den Nachrichten)<\/li>\n\n\n\n<li><strong>Forschungsverbund ForGenderCare <\/strong><a href=\"http:\/\/www.forgendercare.de\/home\/\">http:\/\/www.forgendercare.de\/home\/<\/a><span style=\"font-size: inherit;\"><br>(Der Forschungsverbund untersuchte den Zusammenhang von Gender (Geschlecht) und Care (F\u00fcrsorge) theoretisch wie empirisch vor einem interdisziplin\u00e4ren Horizont.)<\/span><\/li>\n\n\n\n<li><strong>Studienzentrum der EKD f\u00fcr Genderfragen <\/strong><a href=\"https:\/\/www.gender-ekd.de\/\"><strong>https:\/\/www.gender-ekd.de\/<\/strong><\/a> (Bestellm\u00f6glichkeit f\u00fcr den Newsletter \u201eGenderpost\u201c unter dem Men\u00fcpunkt Presse)<\/li>\n\n\n\n<li><strong>Soziopolis<\/strong> \u2013 Gesellschaft beobachten: <strong><a href=\"https:\/\/www.soziopolis.de\/\">https:\/\/www.soziopolis.de\/<\/a><\/strong> (Bestellm\u00f6glichkeit f\u00fcr Newsletter)<\/li>\n<\/ul>\n\n\n\n<p><span style=\"color: #ff9900;\"><strong>Internationales | Europa<\/strong><\/span><\/p>\n\n\n\n<ul class=\"wp-block-list\">\n<li><strong>Conference of European Churches <\/strong><a href=\"http:\/\/www.ceceurope.org\/\" target=\"_blank\" rel=\"noopener noreferrer\"><strong>http:\/\/www.ceceurope.org\/<\/strong><\/a> (Bestellm\u00f6glichkeit f\u00fcr Newsletter unter Men\u00fcpunkt Subscribe)<\/li>\n\n\n\n<li><strong>Social Europe\u00a0<a href=\"https:\/\/www.socialeurope.eu\/\" target=\"_blank\" rel=\"noopener noreferrer\">https:\/\/www.socialeurope.eu\/<\/a><\/strong><\/li>\n\n\n\n<li><strong>Friedrich-Ebert-Stiftung: Zeitschrift f\u00fcr Internationale Politik und Gesellschaft <a href=\"http:\/\/www.ipg-journal.de\/\" target=\"_blank\" rel=\"noopener noreferrer\">http:\/\/www.ipg-journal.de\/<\/a><\/strong><\/li>\n\n\n\n<li><strong>Pressenza \u2013 International Press Acency: <a href=\"https:\/\/www.pressenza.com\/de\/\">https:\/\/www.pressenza.com\/de\/<\/a><\/strong> (Bestellm\u00f6glichkeit f\u00fcr Newsletter)<\/li>\n<\/ul>\n\n\n\n<p><span style=\"color: #ff9900;\"><strong>Familie<\/strong><\/span><\/p>\n\n\n\n<ul class=\"wp-block-list\">\n<li><strong> Arbeitsgemeinschaft der deutschen Familienorganisationen e.\u00a0V. <\/strong><a href=\"http:\/\/www.ag-familie.de\" target=\"_blank\" rel=\"noopener noreferrer\"><strong>http:\/\/www.ag-familie.de<\/strong><\/a> (Bestellm\u00f6glichkeit f\u00fcr Newsletter Europa News unter Men\u00fcpunkt Ver\u00f6ffentlichungen)<\/li>\n\n\n\n<li><strong> Evangelische<\/strong><strong> Arbeitsgemeinschaft f\u00fcr Familienfragen e.\u00a0V. <\/strong><a href=\"https:\/\/www.eaf-bund.de\/\" target=\"_blank\" rel=\"noopener noreferrer\"><strong>https:\/\/www.eaf-bund.de\/<\/strong><\/a> (Bestellm\u00f6glichkeit f\u00fcr Newsletter unten rechts)<\/li>\n\n\n\n<li><strong> Evangelische Arbeitsgemeinschaft f\u00fcr Familienfragen Sachsen e.\u00a0V. <\/strong><a href=\"http:\/\/www.eaf-sachsen.de\/\" target=\"_blank\" rel=\"noopener noreferrer\"><strong>http:\/\/www.eaf-sachsen.de\/<\/strong><\/a> (Bestellm\u00f6glichkeit f\u00fcr Newsletter unter Men\u00fcpunkt Dokumente)<\/li>\n<\/ul>\n\n\n\n<p><span style=\"color: #ff9900;\"><strong>Frauen<\/strong><strong>&nbsp;<\/strong><\/span><\/p>\n\n\n\n<ul class=\"wp-block-list\">\n<li><strong> Evangelische Frauen in Deutschland <\/strong><a href=\"http:\/\/www.evangelischefrauen-deutschland.de\/\" target=\"_blank\" rel=\"noopener noreferrer\"><strong>http:\/\/www.evangelischefrauen-deutschland.de\/<\/strong><\/a> (Bestellm\u00f6glichkeit f\u00fcr Newsletter unter Men\u00fcpunkt Publikationen)<\/li>\n\n\n\n<li><strong> Katholische Frauengemeinschaft Deutschland\u00a0<\/strong><a href=\"http:\/\/www.kfd-bundesverband.de\/\" target=\"_blank\" rel=\"noopener noreferrer\"><strong>http:\/\/www.kfd-bundesverband.de\/<\/strong><\/a> (Bestellm\u00f6glichkeit f\u00fcr Newsletter als Men\u00fcpunkt links)<\/li>\n<\/ul>\n\n\n\n<p><span style=\"color: #ff9900;\"><strong>Quartiersentwicklung<\/strong><\/span><\/p>\n\n\n\n<ul class=\"wp-block-list\">\n<li><strong>Diakonie Deutschland: Wir sind Nachbarn. Alle<a href=\"http:\/\/www.wirsindnachbarn-alle.de\/\" target=\"_blank\" rel=\"noopener noreferrer\">wirsindnachbarn-alle.de<\/a><\/strong><\/li>\n\n\n\n<li><strong>Deutsches Institut f\u00fcr Community Organizing <a href=\"http:\/\/www.dico-berlin.org\/\" target=\"_blank\" rel=\"noopener noreferrer\">www.dico-berlin.org<\/a><\/strong><\/li>\n\n\n\n<li><strong>Forum Community Organizing e.V.: <a href=\"https:\/\/www.fo-co.info\/\">https:\/\/www.fo-co.info\/<\/a><\/strong> (Bestellm\u00f6glichkeit f\u00fcr Newsletter)<br><\/li>\n<\/ul>\n\n\n\n<p><span style=\"color: #ff9900;\"><strong>50 plus \u2013 Weibliche Stimmen<\/strong><\/span><\/p>\n\n\n\n<ul class=\"wp-block-list\">\n<li><strong> Frauen in der zweiten Lebensh\u00e4lfte. Website mit Blog von Elvira L\u00f6ber <a href=\"http:\/\/septemberfrau.de\" target=\"_blank\" rel=\"noopener noreferrer\"><u>septemberfrau.de<\/u><\/a><\/strong><\/li>\n\n\n\n<li><strong>Die Texthandwerkerin. Website mit Blog von Maria Al-Mana <a href=\"http:\/\/www.texthandwerkerin.de\/\" target=\"_blank\" rel=\"noopener noreferrer\">http:\/\/www.texthandwerkerin.de\/<\/a><\/strong><\/li>\n\n\n\n<li><strong>Wesentlich werden. Blog von Petra Schuseil\u00a0<a href=\"https:\/\/wesentlichwerdenblog.wordpress.com\/\" target=\"_blank\" rel=\"noopener noreferrer\">https:\/\/wesentlichwerdenblog.wordpress.com\/<\/a>\u00a0<\/strong><\/li>\n\n\n\n<li><strong>Website mit Blog von Geertje Wallasch <\/strong><a href=\"https:\/\/www.wandelsinn.de\" target=\"_blank\" rel=\"noopener noreferrer\"><strong>https:\/\/www.wandelsinn.de<\/strong><\/a><\/li>\n\n\n\n<li><strong>Susanne Ackstaller: <a href=\"http:\/\/texterella.de\/\">http:\/\/texterella.de\/<\/a><\/strong> (Bestellm\u00f6glichkeit f\u00fcr Newsletter)<\/li>\n<\/ul>\n\n\n\n<p><span style=\"color: #ff9900;\"><strong>Kreatives<\/strong><\/span><strong>&nbsp;<\/strong><\/p>\n\n\n\n<ul class=\"wp-block-list\">\n<li><strong> Magazin f\u00fcr Kunst und Leben <\/strong><a href=\"http:\/\/monopol-magazin.de\/\" target=\"_blank\" rel=\"noopener noreferrer\"><strong>http:\/\/monopol-magazin.de\/<\/strong><\/a><\/li>\n\n\n\n<li><strong>Weiter schreiben <a href=\"http:\/\/weiterschreiben.jetzt\/\" target=\"_blank\" rel=\"noopener noreferrer\">http:\/\/weiterschreiben.jetzt\/<\/a><\/strong> (Bestellm\u00f6glichkeit f\u00fcr Newsletter im Men\u00fc)<\/li>\n\n\n\n<li><strong>Church <\/strong><a href=\"https:\/\/espresso.church\" target=\"_blank\" rel=\"noopener noreferrer\"><strong>https:\/\/espresso.church<\/strong><\/a> (Bestellm\u00f6glichkeit f\u00fcr WhatsApp-Nachrichten unter Men\u00fcpunkt So geht\u2019s)<\/li>\n\n\n\n<li><strong>Publik-Forum Verlagsgesellschaft: <a href=\"https:\/\/www.publik-forum.de\/\">https:\/\/www.publik-forum.de\/<\/a><\/strong> (Bestellm\u00f6glichkeit f\u00fcr Newsletter)<\/li>\n\n\n\n<li><strong>Spirit and Soul e.V.: <a href=\"https:\/\/spiritandsoul.org\/\">https:\/\/spiritandsoul.org\/<\/a><\/strong> (Bestellm\u00f6glichkeit f\u00fcr Newsletter)<\/li>\n<\/ul>\n\n\n\n<p><span style=\"color: #ff9900;\"><strong>Besondere Stimmen<\/strong><\/span><\/p>\n\n\n\n<ul class=\"wp-block-list\">\n<li><a href=\"https:\/\/www.dorothee-soelle.de\/\" target=\"_blank\" rel=\"noopener noreferrer\"><strong>Eine private Website \u00fcber Dorothee S\u00f6lle<\/strong><\/a><\/li>\n\n\n\n<li><strong>barfu\u00df+wild &#8211; franziskanische Lebensschule: <a href=\"https:\/\/www.barfuss-und-wild.de\/\">https:\/\/www.barfuss-und-wild.de\/<\/a><\/strong> (Bestellm\u00f6glichkeit f\u00fcr Newsletter)<\/li>\n\n\n\n<li><strong>PIONEERS OF CHANGE: <a href=\"mailto:martin.kirchner@pioneersofchange.org\">pioneersofchange.org<\/a><\/strong> (Bestellm\u00f6glichkeit f\u00fcr Newsletter)<\/li>\n\n\n\n<li><strong>Angela Krumpen: <a href=\"https:\/\/angela-krumpen.de\/\">https:\/\/angela-krumpen.de\/<\/a> <\/strong>(Bestellm\u00f6glichkeit f\u00fcr Newsletter)<\/li>\n<\/ul>\n\n\n\n<p><\/p>\n","protected":false},"excerpt":{"rendered":"<p>Hier finden Sie Links zu Einrichtungen und Organisationen, zu privaten Blogs oder anderen Websites, die meine Arbeit inspirieren, die mich&#8230; <a href=\"https:\/\/www.seele-und-sorge.de\/?page_id=3164\">read more<\/a><\/p>\n","protected":false},"author":1,"featured_media":0,"parent":6726,"menu_order":11,"comment_status":"closed","ping_status":"closed","template":"","meta":{"footnotes":""},"class_list":["post-3164","page","type-page","status-publish","hentry"],"_links":{"self":[{"href":"https:\/\/www.seele-und-sorge.de\/index.php?rest_route=\/wp\/v2\/pages\/3164"}],"collection":[{"href":"https:\/\/www.seele-und-sorge.de\/index.php?rest_route=\/wp\/v2\/pages"}],"about":[{"href":"https:\/\/www.seele-und-sorge.de\/index.php?rest_route=\/wp\/v2\/types\/page"}],"author":[{"embeddable":true,"href":"https:\/\/www.seele-und-sorge.de\/index.php?rest_route=\/wp\/v2\/users\/1"}],"replies":[{"embeddable":true,"href":"https:\/\/www.seele-und-sorge.de\/index.php?rest_route=%2Fwp%2Fv2%2Fcomments&post=3164"}],"version-history":[{"count":50,"href":"https:\/\/www.seele-und-sorge.de\/index.php?rest_route=\/wp\/v2\/pages\/3164\/revisions"}],"predecessor-version":[{"id":8391,"href":"https:\/\/www.seele-und-sorge.de\/index.php?rest_route=\/wp\/v2\/pages\/3164\/revisions\/8391"}],"up":[{"embeddable":true,"href":"https:\/\/www.seele-und-sorge.de\/index.php?rest_route=\/wp\/v2\/pages\/6726"}],"wp:attachment":[{"href":"https:\/\/www.seele-und-sorge.de\/index.php?rest_route=%2Fwp%2Fv2%2Fmedia&parent=3164"}],"curies":[{"name":"wp","href":"https:\/\/api.w.org\/{rel}","templated":true}]}}