{"id":3026,"date":"2017-07-24T15:07:03","date_gmt":"2017-07-24T15:07:03","guid":{"rendered":"http:\/\/www.seele-und-sorge.de\/?page_id=3026"},"modified":"2017-07-28T12:59:48","modified_gmt":"2017-07-28T12:59:48","slug":"kraftorte-interview-mit-axel-rolfsmeier-referent-fuer-sozialpolitik-im-institut-fuer-kirche-und-gesellschaft-der-evangelischen-kirche-von-westfalen","status":"publish","type":"page","link":"https:\/\/www.seele-und-sorge.de\/?page_id=3026","title":{"rendered":"Kraftorte: Interview mit Axel Rolfsmeier, Referent f\u00fcr Sozialpolitik im Institut f\u00fcr Kirche und Gesellschaft der Evangelischen Kirche von Westfalen"},"content":{"rendered":"<h3><a href=\"http:\/\/www.seele-und-sorge.de\/wp-content\/uploads\/2015\/01\/SuS_Logo_RGB_mit-Unterzeile-Kopie.png\"><img loading=\"lazy\" decoding=\"async\" class=\"aligncenter size-medium wp-image-857\" src=\"http:\/\/www.seele-und-sorge.de\/wp-content\/uploads\/2015\/01\/SuS_Logo_RGB_mit-Unterzeile-Kopie-300x107.png\" alt=\"SuS_Logo_RGB_mit Unterzeile Kopie\" width=\"300\" height=\"107\" srcset=\"https:\/\/www.seele-und-sorge.de\/wp-content\/uploads\/2015\/01\/SuS_Logo_RGB_mit-Unterzeile-Kopie-300x107.png 300w, https:\/\/www.seele-und-sorge.de\/wp-content\/uploads\/2015\/01\/SuS_Logo_RGB_mit-Unterzeile-Kopie.png 576w\" sizes=\"(max-width: 300px) 100vw, 300px\" \/><\/a><\/h3>\n<h3 style=\"text-align: center;\"><span style=\"color: #8ab310;\">DIAKONISCHE PILGERREISEN:\u00a0<span style=\"color: #eb910c;\">DER BLOG<\/span><\/span><\/h3>\n<h3 style=\"text-align: center;\"><strong>Wir entdecken Diakonische Pilgerorte \u2013\u00a0<\/strong><br \/>\n<strong>diesmal auf der Spur von: Axel Rolfsmeier<\/strong><\/h3>\n<table style=\"height: 436px;\" width=\"716\">\n<tbody>\n<tr>\n<td width=\"232\"><a href=\"http:\/\/www.seele-und-sorge.de\/wp-content\/uploads\/2017\/07\/BM-Logo_gr_RGB_kompl_300.jpg\"><img loading=\"lazy\" decoding=\"async\" class=\"wp-image-3028 size-full aligncenter\" src=\"http:\/\/www.seele-und-sorge.de\/wp-content\/uploads\/2017\/07\/BM-Logo_gr_RGB_kompl_300.jpg\" alt=\"\" width=\"204\" height=\"300\" \/><\/a><span class=\"s1\">Ein echter Schatz, wenn das Leben entgleist.<\/span><\/p>\n<p>&nbsp;<\/td>\n<td width=\"232\"><a href=\"http:\/\/www.seele-und-sorge.de\/wp-content\/uploads\/2017\/07\/Rolfsmeier-Bahnhofsmission_300.jpg\"><img loading=\"lazy\" decoding=\"async\" class=\"aligncenter wp-image-3029 size-full\" src=\"http:\/\/www.seele-und-sorge.de\/wp-content\/uploads\/2017\/07\/Rolfsmeier-Bahnhofsmission_300.jpg\" alt=\"\" width=\"184\" height=\"300\" \/><\/a><\/p>\n<p>Axel Rolfsmeier\u00a0ist Referent f\u00fcr Sozialpolitik im Institut f\u00fcr Kirche und Gesellschaft der Evangelischen Kirche von Westfalen. Als Sozialarbeiter hat er\u00a0berufliche Erfahrungen in der Arbeit mit Migrant*innen, in der Wohnungslosenhilfe, in der Sozial- und Schuldnerberatung und in der Bahnhofsmission.<\/td>\n<\/tr>\n<\/tbody>\n<\/table>\n<p><strong><br \/>\nSie besch\u00e4ftigen sich beruflich und\/oder ehrenamtlich mit Diakonie. Was liegt Ihnen dabei besonders am Herzen?<br \/>\n<\/strong>Das Besondere an vielen diakonischen T\u00e4tigkeiten ist die Zusammenarbeit von Haupt- und Ehrenamtlichen. Dass Diakonie nicht nur f\u00fcr ihre Klienten Hilfeangebote initiiert, sondern auch Menschen die M\u00f6glichkeit zu sozialem Engagement gibt, ist ein \u201eechter Schatz\u201c. In der Zusammenarbeit mit ehrenamtlich Mitarbeitenden kommt den Hauptamtlichen die Rolle der Koordination und Anleitung zu. Eine sehr sch\u00f6ne Aufgabe, die aber auch nicht ohne Spannung ist.<\/p>\n<p><strong>Gibt es eine pers\u00f6nliche Erfahrung, die Ihnen den Kern diakonischer Arbeit existenziell vor Augen gef\u00fchrt hat?<br \/>\n<\/strong>Ja, stellen Sie sich vor: Halbfinale WM 2006, Deutschland gegen Italien, das Spiel findet in Dortmund statt. Den ganzen Tag \u00fcber sind alle schon wie elektrisiert, der Bahnhof \u201eplatzt aus allen N\u00e4hten\u201c. Als dann das Spiel l\u00e4uft, sind\u00a0die Stadt und der Bahnhof wie leergefegt\u00a0\u2013 alle sind an den Bildschirmen. So auch in der Bahnhofsmission, in der Mitarbeitende, Bahnkollegen und mehrere G\u00e4ste gemeinsam das Spiel schauen. In der Halbzeitpause kommt eine Frau in die Bahnhofsmission und erkl\u00e4rt, dass sie vor ihrem gewaltt\u00e4tigen Mann geflohen sei. Er w\u00fcrde Fu\u00dfball schauen und sie sei aus dem Fenster geklettert. Sie habe nichts dabei und w\u00fcsste auch nicht wohin. Nun ist der Fussball zweitrangig.<br \/>\nFrau Schmidt, eine resolute Ehrenamtliche, k\u00fcmmert sich.\u00a0Mit dem Frauenhaus wird telefoniert, es ist voll. Mit der Frauen\u00fcbernachtungsstelle wird gesprochen, dort ist ein Bett frei, sie kann kommen. Die Stadt ist im Ausnahmezustand wegen des Halbfinales. Jetzt zu Fu\u00df durch die Stadt \u2013 das geht nicht. Also wird beratschlagt, dass aus Spendenmitteln ein Taxi finanziert wird. Alleine hat unsere Klientin Angst und ist unsicher. Frau Schmidt f\u00e4hrt mit und begleitet sie.<br \/>\nKurz vor Ende des Spiels ist sie zur\u00fcck!<br \/>\nWas w\u00e4re gewesen, wenn es eine solche Einrichtung wie die Bahnhofsmission mit ihren \u00d6ffnungszeiten nicht g\u00e4be? Das Geschilderte fand in der Zeit nach 21:00 Uhr statt.<\/p>\n<p><strong>Was macht Ihrer Meinung nach einen \u2013 oder diesen \u2013 \u201ediakonischen Ort\u201c zum spirituellen Kraftort (Geschichte, Gestaltung, Personen \u2026)?<br \/>\n<\/strong>Bahnhofsmissionen gibt es seit 1894 \u2013 als eine Antwort auf die Herausforderungen in der Gro\u00dfstadt. Jungen Frauen Schutz zu geben, war der Ursprung dieser Arbeit, die von Pfr. Johannes Burckhardt gegr\u00fcndet wurde.<br \/>\nIm Laufe der Zeit haben sich die gesellschaftlichen Herausforderungen und somit die Aufgaben gewandelt. Das Besondere macht aus, dass die Menschen dort Zeit haben\u00a0und nicht nach Fachleistungsstunden mit Kostentr\u00e4gern abrechnen m\u00fcssen.\u00a0<span class=\"s1\">Die Bahnhofsmission ist eine offene Anlaufstelle \u2013 offen f\u00fcr jedermann<\/span><span class=\"s1\">, f\u00fcr jede Frau<\/span><span class=\"s1\">.<br \/>\n<\/span>Das ist au\u00dfergew\u00f6hnlich f\u00fcr die Diakonie wie auch f\u00fcr die meisten Kirchengemeinden. Das Selbstverst\u00e4ndnis als \u201eKirche vor Ort\u201c im Sozialraum Bahnhof stellt die Besonderheit der Einrichtung heraus. Am Bahnhof sind alle gesellschaftlichen Schichten pr\u00e4sent, manche mehr, andere weniger hilfebed\u00fcrftig. Die Bahnhofmission ist da und zur Stelle \u201ewenn das Leben entgleist\u201c.<\/p>\n<p><strong>Was w\u00fcrden Sie in Ihrem Arbeitsumfeld r\u00e4umlich \u00e4ndern, wenn Sie die Freiheit und Mittel dazu h\u00e4tten, damit die Arbeit, die Ihnen am Herzen liegt, noch besser gelingt?<br \/>\n<\/strong>Bahnhofsmissionen brauchen pr\u00e4sentere R\u00e4umlichkeiten im Bahnhof.<\/p>\n<p class=\"p1\"><strong>Vielen Dank!<\/strong><\/p>\n<p><a href=\"http:\/\/www.seele-und-sorge.de\/wp-content\/uploads\/2017\/01\/pilgerreisen.jpg\"><img loading=\"lazy\" decoding=\"async\" class=\"wp-image-2640 size-full alignleft\" src=\"http:\/\/www.seele-und-sorge.de\/wp-content\/uploads\/2017\/01\/pilgerreisen.jpg\" alt=\"\" width=\"239\" height=\"96\" \/><\/a><a href=\"http:\/\/www.seele-und-sorge.de\/?page_id=1466\">Hier klicken um die Angebote: Pilgerreisen 2017 zu sehen. Viel Spa\u00df beim Lesen.<\/a><\/p>\n<p><a href=\"https:\/\/www.facebook.com\/Seele-und-Sorge-278815565795410\/?fref=ts\" target=\"_blank\" rel=\"noopener noreferrer\"><img loading=\"lazy\" decoding=\"async\" class=\"alignleft size-full wp-image-2023\" src=\"http:\/\/www.seele-und-sorge.de\/wp-content\/uploads\/2016\/06\/facebook_s_kl.png\" alt=\"facebook_s_kl\" width=\"37\" height=\"37\" \/><\/a><\/p>\n<p><a href=\"https:\/\/www.facebook.com\/Seele-und-Sorge-278815565795410\/?fref=ts\" target=\"_blank\" rel=\"noopener noreferrer\">Besuchen Sie auch unsere facebookseite \u201eSeele &amp; Sorge\u201c<\/a><\/p>\n","protected":false},"excerpt":{"rendered":"<p>DIAKONISCHE PILGERREISEN:\u00a0DER BLOG Wir entdecken Diakonische Pilgerorte \u2013\u00a0 diesmal auf der Spur von: Axel Rolfsmeier Ein echter Schatz, wenn das&#8230; <a href=\"https:\/\/www.seele-und-sorge.de\/?page_id=3026\">read more<\/a><\/p>\n","protected":false},"author":1,"featured_media":0,"parent":1911,"menu_order":39,"comment_status":"closed","ping_status":"closed","template":"","meta":{"footnotes":""},"class_list":["post-3026","page","type-page","status-publish","hentry"],"_links":{"self":[{"href":"https:\/\/www.seele-und-sorge.de\/index.php?rest_route=\/wp\/v2\/pages\/3026"}],"collection":[{"href":"https:\/\/www.seele-und-sorge.de\/index.php?rest_route=\/wp\/v2\/pages"}],"about":[{"href":"https:\/\/www.seele-und-sorge.de\/index.php?rest_route=\/wp\/v2\/types\/page"}],"author":[{"embeddable":true,"href":"https:\/\/www.seele-und-sorge.de\/index.php?rest_route=\/wp\/v2\/users\/1"}],"replies":[{"embeddable":true,"href":"https:\/\/www.seele-und-sorge.de\/index.php?rest_route=%2Fwp%2Fv2%2Fcomments&post=3026"}],"version-history":[{"count":13,"href":"https:\/\/www.seele-und-sorge.de\/index.php?rest_route=\/wp\/v2\/pages\/3026\/revisions"}],"predecessor-version":[{"id":3050,"href":"https:\/\/www.seele-und-sorge.de\/index.php?rest_route=\/wp\/v2\/pages\/3026\/revisions\/3050"}],"up":[{"embeddable":true,"href":"https:\/\/www.seele-und-sorge.de\/index.php?rest_route=\/wp\/v2\/pages\/1911"}],"wp:attachment":[{"href":"https:\/\/www.seele-und-sorge.de\/index.php?rest_route=%2Fwp%2Fv2%2Fmedia&parent=3026"}],"curies":[{"name":"wp","href":"https:\/\/api.w.org\/{rel}","templated":true}]}}