{"id":186,"date":"2015-01-17T16:58:04","date_gmt":"2015-01-17T16:58:04","guid":{"rendered":"http:\/\/www.seele-und-sorge.de\/?page_id=186"},"modified":"2019-07-15T18:33:54","modified_gmt":"2019-07-15T16:33:54","slug":"mitarbeit-an-der-ekd","status":"publish","type":"page","link":"https:\/\/www.seele-und-sorge.de\/?page_id=186","title":{"rendered":"Mitarbeit an EKD-Schriften"},"content":{"rendered":"<h4><span style=\"color: #db882e;\">Mitarbeit an Denkschriften und Studien der EKD \u2013 Brosch\u00fcren der EKiR<\/span><\/h4>\n<h2><strong>2019<\/strong><\/h2>\n<p><strong>\u201eEs ist normal, verschieden zu sein. Wir wollen Inklusion\u201c<\/strong>. Leicht verst\u00e4ndliche Sprache, Leipzig: Evangelische Verlagsanstalt, 2019<\/p>\n<h2><strong>2015<\/strong><\/h2>\n<p><strong>\u201eEs ist normal, verschieden zu sein\u201c<\/strong>. Orientierungshilfe des Rates der EKD zur Inklusion, Hannover, Januar 2015<\/p>\n<p><strong>\u201eSolidarit\u00e4t und Selbstbestimmung im Wandel der Arbeitswelt<\/strong>\u201c. Eine Denkschrift der EKD zu Arbeit und Gewerkschaften, Hannover, April 2015<\/p>\n<h2><strong>2014<\/strong><\/h2>\n<p><strong>\u201eFamilien st\u00e4rken in Kirche und Sozialpolitik\u201c<\/strong>. Zur familienpolitischen Debatte um die Orientierungshilfe der EKD, epd-Dokumentation N. 43, 28.10.2014<\/p>\n<p><strong>\u00a0<\/strong><\/p>\n<h2><strong>2013<\/strong><\/h2>\n<p><strong>\u201eZwischen Autonomie und Angewiesenheit, Familie als verl\u00e4ssliche Gemeinschaft gestalten\u201c<\/strong>. Eine Orientierungshilfe des Rates der EKD, Mai 2013<\/p>\n<p><strong>\u201eTheologie des Ehrenamtes\u201c<\/strong>. epd-Dokumentation zur Tagung April 2013<\/p>\n<p><strong>\u201eWie selbstbestimmt ist ehrenamtliches Engagement?\u201c<\/strong> epd-Dokumentation zur 3. \u00d6kumenischen Tagung zum Ehrenamtlichen Engagement, Oktober 2013<\/p>\n<p><strong>\u00a0<\/strong><\/p>\n<h2><strong>2011<\/strong><\/h2>\n<p><strong>\u201eUnd unsern kranken Nachbarn auch \u2013 Eine Denkschrift des Rates der EKD zu den aktuellen Herausforderungen im Gesundheitswesen\u201c<\/strong>, Oktober 2011<\/p>\n<p><strong>\u00a0<\/strong><\/p>\n<h2><strong>2010<\/strong><\/h2>\n<p><strong>\u201eKirche findet Stadt\u201c<\/strong>, epd-Dokumentation zur Tagung \u201eGemeinwesendiakonie\u201c am 27.\/28.1.2010 in Hofgemeismar<\/p>\n<p><strong>\u201eDas Prinzip der Solidarit\u00e4t steht auf dem Spiel\u201c<\/strong>. Eine Orientierungshilfe des Rates EKD zu den aktuellen Herausforderungen im Gesundheitswesen, Oktober 2011<\/p>\n<p><strong>\u00a0<\/strong><\/p>\n<h2><strong>2009<\/strong><\/h2>\n<p><strong>\u201ePro und Contra Mindestl\u00f6hne \u2013 Gerechtigkeit bei der Lohngestaltung im Niedriglohnsektor\u201c, <\/strong>Hannover 2009 (Text: Kammer f\u00fcr soziale Ordnung, Gesch\u00e4ftsf\u00fchrung Coenen-Marx)<\/p>\n<p><strong>\u201eTransparenz und Gerechtigkeit, Aufgaben und Grenzen des Staates bei der Besteuerung\u201c<\/strong>, Hannover 2009 (Text: Kammer f\u00fcr soziale Ordnung, Gesch\u00e4ftsf\u00fchrung Coenen-Marx)<\/p>\n<p><strong>\u00a0<\/strong><\/p>\n<h2><strong>2008<\/strong><\/h2>\n<p><strong>\u201eUnternehmerisches Handeln in evangelischer Perspektive \u2013 Eine Denkschrift\u201c<\/strong>, G\u00fctersloh 2008 (Text: Kammer f\u00fcr soziale Ordnung, Gesch\u00e4ftsf\u00fchrung Coenen-Marx)<\/p>\n<p><strong>\u00a0<\/strong><\/p>\n<h2><strong>2004<\/strong><\/h2>\n<p><strong>\u201eDer Weg zur Bildung und zum Leben\u201c<\/strong>, Artikel \u00fcber Talitha Kumi in: Jahrbuch der Hauptabteilung III des EKD-Kirchenamtes, 2004<\/p>\n<p><strong>\u00a0<\/strong><\/p>\n<h2><strong>2002<\/strong><\/h2>\n<p><strong>\u201eSoziale Dienste gestalten\u201c<\/strong>. Eine Studie der Kammer f\u00fcr Soziale Ordnung, G\u00fctersloh 2002<\/p>\n<p><strong>\u00a0<\/strong><\/p>\n<h2><strong>1998<\/strong><\/h2>\n<p><strong>\u201e\u2019Herz und Mund und Tat und Leben\u2018.<\/strong> <strong>Grundlagen, Aufgaben und Zukunftsperspektiven der Diakonie\u201c<\/strong>, EKD-Denkschrift, G\u00fctersloh 1998<\/p>\n<p><strong>\u00a0<\/strong><\/p>\n<h2><strong>1997<\/strong><\/h2>\n<p><strong>\u201eDie Rolle der Kirche \u2013 die Rechte der Kirche\u201c<\/strong>, Argumente aus der Evangelischen Kirche im Rheimland 1, 1997<\/p>\n<p><strong>\u00a0<\/strong><\/p>\n<h2><strong>1996<\/strong><\/h2>\n<p><strong>\u201eSchritte auf dem Weg zum \u201aGeteilten Amt\u2018\u201c<\/strong>, Evangelische Kirche im Rheinland, 1996<\/p>\n","protected":false},"excerpt":{"rendered":"<p>Mitarbeit an Denkschriften und Studien der EKD \u2013 Brosch\u00fcren der EKiR 2019 \u201eEs ist normal, verschieden zu sein. Wir wollen&#8230; <a href=\"https:\/\/www.seele-und-sorge.de\/?page_id=186\">read more<\/a><\/p>\n","protected":false},"author":1,"featured_media":0,"parent":161,"menu_order":8,"comment_status":"closed","ping_status":"closed","template":"","meta":{"footnotes":""},"class_list":["post-186","page","type-page","status-publish","hentry"],"_links":{"self":[{"href":"https:\/\/www.seele-und-sorge.de\/index.php?rest_route=\/wp\/v2\/pages\/186"}],"collection":[{"href":"https:\/\/www.seele-und-sorge.de\/index.php?rest_route=\/wp\/v2\/pages"}],"about":[{"href":"https:\/\/www.seele-und-sorge.de\/index.php?rest_route=\/wp\/v2\/types\/page"}],"author":[{"embeddable":true,"href":"https:\/\/www.seele-und-sorge.de\/index.php?rest_route=\/wp\/v2\/users\/1"}],"replies":[{"embeddable":true,"href":"https:\/\/www.seele-und-sorge.de\/index.php?rest_route=%2Fwp%2Fv2%2Fcomments&post=186"}],"version-history":[{"count":6,"href":"https:\/\/www.seele-und-sorge.de\/index.php?rest_route=\/wp\/v2\/pages\/186\/revisions"}],"predecessor-version":[{"id":4543,"href":"https:\/\/www.seele-und-sorge.de\/index.php?rest_route=\/wp\/v2\/pages\/186\/revisions\/4543"}],"up":[{"embeddable":true,"href":"https:\/\/www.seele-und-sorge.de\/index.php?rest_route=\/wp\/v2\/pages\/161"}],"wp:attachment":[{"href":"https:\/\/www.seele-und-sorge.de\/index.php?rest_route=%2Fwp%2Fv2%2Fmedia&parent=186"}],"curies":[{"name":"wp","href":"https:\/\/api.w.org\/{rel}","templated":true}]}}

<h4><span style="color: #db882e;">Mitarbeit an Denkschriften und Studien der EKD – Broschüren der EKiR</span></h4>
<h2><strong>2019</strong></h2>
<p><strong>„Es ist normal, verschieden zu sein. Wir wollen Inklusion“</strong>. Leicht verständliche Sprache, Leipzig: Evangelische Verlagsanstalt, 2019</p>
<h2><strong>2015</strong></h2>
<p><strong>„Es ist normal, verschieden zu sein“</strong>. Orientierungshilfe des Rates der EKD zur Inklusion, Hannover, Januar 2015</p>
<p><strong>„Solidarität und Selbstbestimmung im Wandel der Arbeitswelt</strong>“. Eine Denkschrift der EKD zu Arbeit und Gewerkschaften, Hannover, April 2015</p>
<h2><strong>2014</strong></h2>
<p><strong>„Familien stärken in Kirche und Sozialpolitik“</strong>. Zur familienpolitischen Debatte um die Orientierungshilfe der EKD, epd-Dokumentation N. 43, 28.10.2014</p>
<p><strong> </strong></p>
<h2><strong>2013</strong></h2>
<p><strong>„Zwischen Autonomie und Angewiesenheit, Familie als verlässliche Gemeinschaft gestalten“</strong>. Eine Orientierungshilfe des Rates der EKD, Mai 2013</p>
<p><strong>„Theologie des Ehrenamtes“</strong>. epd-Dokumentation zur Tagung April 2013</p>
<p><strong>„Wie selbstbestimmt ist ehrenamtliches Engagement?“</strong> epd-Dokumentation zur 3. Ökumenischen Tagung zum Ehrenamtlichen Engagement, Oktober 2013</p>
<p><strong> </strong></p>
<h2><strong>2011</strong></h2>
<p><strong>„Und unsern kranken Nachbarn auch – Eine Denkschrift des Rates der EKD zu den aktuellen Herausforderungen im Gesundheitswesen“</strong>, Oktober 2011</p>
<p><strong> </strong></p>
<h2><strong>2010</strong></h2>
<p><strong>„Kirche findet Stadt“</strong>, epd-Dokumentation zur Tagung „Gemeinwesendiakonie“ am 27./28.1.2010 in Hofgemeismar</p>
<p><strong>„Das Prinzip der Solidarität steht auf dem Spiel“</strong>. Eine Orientierungshilfe des Rates EKD zu den aktuellen Herausforderungen im Gesundheitswesen, Oktober 2011</p>
<p><strong> </strong></p>
<h2><strong>2009</strong></h2>
<p><strong>„Pro und Contra Mindestlöhne – Gerechtigkeit bei der Lohngestaltung im Niedriglohnsektor“, </strong>Hannover 2009 (Text: Kammer für soziale Ordnung, Geschäftsführung Coenen-Marx)</p>
<p><strong>„Transparenz und Gerechtigkeit, Aufgaben und Grenzen des Staates bei der Besteuerung“</strong>, Hannover 2009 (Text: Kammer für soziale Ordnung, Geschäftsführung Coenen-Marx)</p>
<p><strong> </strong></p>
<h2><strong>2008</strong></h2>
<p><strong>„Unternehmerisches Handeln in evangelischer Perspektive – Eine Denkschrift“</strong>, Gütersloh 2008 (Text: Kammer für soziale Ordnung, Geschäftsführung Coenen-Marx)</p>
<p><strong> </strong></p>
<h2><strong>2004</strong></h2>
<p><strong>„Der Weg zur Bildung und zum Leben“</strong>, Artikel über Talitha Kumi in: Jahrbuch der Hauptabteilung III des EKD-Kirchenamtes, 2004</p>
<p><strong> </strong></p>
<h2><strong>2002</strong></h2>
<p><strong>„Soziale Dienste gestalten“</strong>. Eine Studie der Kammer für Soziale Ordnung, Gütersloh 2002</p>
<p><strong> </strong></p>
<h2><strong>1998</strong></h2>
<p><strong>„’Herz und Mund und Tat und Leben‘.</strong> <strong>Grundlagen, Aufgaben und Zukunftsperspektiven der Diakonie“</strong>, EKD-Denkschrift, Gütersloh 1998</p>
<p><strong> </strong></p>
<h2><strong>1997</strong></h2>
<p><strong>„Die Rolle der Kirche – die Rechte der Kirche“</strong>, Argumente aus der Evangelischen Kirche im Rheimland 1, 1997</p>
<p><strong> </strong></p>
<h2><strong>1996</strong></h2>
<p><strong>„Schritte auf dem Weg zum ‚Geteilten Amt‘“</strong>, Evangelische Kirche im Rheinland, 1996</p>

<p>Mitarbeit an Denkschriften und Studien der EKD – Broschüren der EKiR 2019 „Es ist normal, verschieden zu sein. Wir wollen&#8230; <a href="https://www.seele-und-sorge.de/?page_id=186">read more</a></p>
