{"id":179,"date":"2015-01-17T16:27:23","date_gmt":"2015-01-17T16:27:23","guid":{"rendered":"http:\/\/www.seele-und-sorge.de\/?page_id=179"},"modified":"2022-01-17T15:42:28","modified_gmt":"2022-01-17T14:42:28","slug":"lexikonartikel","status":"publish","type":"page","link":"https:\/\/www.seele-und-sorge.de\/?page_id=179","title":{"rendered":"Lexikonartikel"},"content":{"rendered":"<p>zusammen mit Beate Hofmann: <strong>\u201eSpiritualit\u00e4t und Sorge\u201c<\/strong> in: Andreas Lob-H\u00fcdepohl, Gerhard K. Sch\u00e4fer (Hg.): \u00d6kumenisches Kompendium Caritas und Diakonie, G\u00f6ttingen 2021<\/p>\n<p><strong>\u201eEvangelische Diakonissen\/Diakone\u201c<\/strong> in: Andreas Lob-H\u00fcdepohl, Gerhard K. Sch\u00e4fer (Hg.): \u00d6kumenisches Kompendium Caritas und Diakonie, G\u00f6ttingen 2021<\/p>\n<p><strong>\u201eDiakon, Diakonisse\u201c<\/strong>, <strong>\u201eLeitbild\u201c<\/strong> und <strong>\u201eSonntag\u201c<\/strong> in Evangelisches Soziallexikon, hg. von J\u00f6rg H\u00fcbner, Johannes Eurich, Martin Honecker u.\u00a0a., 9., \u00fcberarbeitete Auflage, Stuttgart, Kohlhammer, 2016<\/p>\n<p><strong>\u201ePluralismus\u201c<\/strong> in: Evangelisches Staatslexikon, Neuausgabe, hg. von Werner Heun, Martin Honecker u.\u00a0a., Stuttgart, Kohlhammer, 2006<\/p>\n<p><strong>\u201eDiakonat und Diakonische Gemeinschaften\u201c<\/strong> in: Diakonisches Kompendium, hg. von G\u00fcnter Ruddat und Gerhard K. Sch\u00e4fer, G\u00f6ttingen, Vandenhoeck und Ruprecht, 2005<\/p>\n<p><strong>\u201eDiakon, Diakonisse \u201c<\/strong>,<strong> \u201eLeitbild\u201c<\/strong>,<strong> \u201eSoziale Dienste\u201c<\/strong> in: Evangelisches Soziallexikon, Neuausgabe, hg. von Martin Honecker, Horst Dahlhaus u.\u00a0a., Stuttgart, Kohlhammer, 2001<\/p>\n<p><strong>\u201eHermeneutische \u00dcberlegungen\u201c<\/strong> zu den Artikeln <strong>\u201eEhe\u201c, \u201eFrau\u201c<\/strong>,<strong> \u201e Freude\/Klage\u201c<\/strong> in: Theologisches Begriffslexikon zum Neuen Testament, neubearbeitete Ausgabe, hg. von Lothar Coenen und Klaus Haacker, Wuppertal u.\u00a0a., Brockhaus u.\u00a0a., 1997 ff.<\/p>\n\n\n<p><\/p>\n","protected":false},"excerpt":{"rendered":"<p>zusammen mit Beate Hofmann: \u201eSpiritualit\u00e4t und Sorge\u201c in: Andreas Lob-H\u00fcdepohl, Gerhard K. Sch\u00e4fer (Hg.): \u00d6kumenisches Kompendium Caritas und Diakonie, G\u00f6ttingen&#8230; <a href=\"https:\/\/www.seele-und-sorge.de\/?page_id=179\">read more<\/a><\/p>\n","protected":false},"author":1,"featured_media":0,"parent":161,"menu_order":5,"comment_status":"closed","ping_status":"closed","template":"","meta":{"footnotes":""},"class_list":["post-179","page","type-page","status-publish","hentry"],"_links":{"self":[{"href":"https:\/\/www.seele-und-sorge.de\/index.php?rest_route=\/wp\/v2\/pages\/179"}],"collection":[{"href":"https:\/\/www.seele-und-sorge.de\/index.php?rest_route=\/wp\/v2\/pages"}],"about":[{"href":"https:\/\/www.seele-und-sorge.de\/index.php?rest_route=\/wp\/v2\/types\/page"}],"author":[{"embeddable":true,"href":"https:\/\/www.seele-und-sorge.de\/index.php?rest_route=\/wp\/v2\/users\/1"}],"replies":[{"embeddable":true,"href":"https:\/\/www.seele-und-sorge.de\/index.php?rest_route=%2Fwp%2Fv2%2Fcomments&post=179"}],"version-history":[{"count":5,"href":"https:\/\/www.seele-und-sorge.de\/index.php?rest_route=\/wp\/v2\/pages\/179\/revisions"}],"predecessor-version":[{"id":6425,"href":"https:\/\/www.seele-und-sorge.de\/index.php?rest_route=\/wp\/v2\/pages\/179\/revisions\/6425"}],"up":[{"embeddable":true,"href":"https:\/\/www.seele-und-sorge.de\/index.php?rest_route=\/wp\/v2\/pages\/161"}],"wp:attachment":[{"href":"https:\/\/www.seele-und-sorge.de\/index.php?rest_route=%2Fwp%2Fv2%2Fmedia&parent=179"}],"curies":[{"name":"wp","href":"https:\/\/api.w.org\/{rel}","templated":true}]}}

<p>zusammen mit Beate Hofmann: <strong>„Spiritualität und Sorge“</strong> in: Andreas Lob-Hüdepohl, Gerhard K. Schäfer (Hg.): Ökumenisches Kompendium Caritas und Diakonie, Göttingen 2021</p>
<p><strong>„Evangelische Diakonissen/Diakone“</strong> in: Andreas Lob-Hüdepohl, Gerhard K. Schäfer (Hg.): Ökumenisches Kompendium Caritas und Diakonie, Göttingen 2021</p>
<p><strong>„Diakon, Diakonisse“</strong>, <strong>„Leitbild“</strong> und <strong>„Sonntag“</strong> in Evangelisches Soziallexikon, hg. von Jörg Hübner, Johannes Eurich, Martin Honecker u. a., 9., überarbeitete Auflage, Stuttgart, Kohlhammer, 2016</p>
<p><strong>„Pluralismus“</strong> in: Evangelisches Staatslexikon, Neuausgabe, hg. von Werner Heun, Martin Honecker u. a., Stuttgart, Kohlhammer, 2006</p>
<p><strong>„Diakonat und Diakonische Gemeinschaften“</strong> in: Diakonisches Kompendium, hg. von Günter Ruddat und Gerhard K. Schäfer, Göttingen, Vandenhoeck und Ruprecht, 2005</p>
<p><strong>„Diakon, Diakonisse “</strong>,<strong> „Leitbild“</strong>,<strong> „Soziale Dienste“</strong> in: Evangelisches Soziallexikon, Neuausgabe, hg. von Martin Honecker, Horst Dahlhaus u. a., Stuttgart, Kohlhammer, 2001</p>
<p><strong>„Hermeneutische Überlegungen“</strong> zu den Artikeln <strong>„Ehe“, „Frau“</strong>,<strong> „ Freude/Klage“</strong> in: Theologisches Begriffslexikon zum Neuen Testament, neubearbeitete Ausgabe, hg. von Lothar Coenen und Klaus Haacker, Wuppertal u. a., Brockhaus u. a., 1997 ff.</p>


<p></p>

<p>zusammen mit Beate Hofmann: „Spiritualität und Sorge“ in: Andreas Lob-Hüdepohl, Gerhard K. Schäfer (Hg.): Ökumenisches Kompendium Caritas und Diakonie, Göttingen&#8230; <a href="https://www.seele-und-sorge.de/?page_id=179">read more</a></p>
