{"id":1466,"date":"2016-04-09T14:43:03","date_gmt":"2016-04-09T14:43:03","guid":{"rendered":"http:\/\/www.seele-und-sorge.de\/?page_id=1466"},"modified":"2021-03-03T13:31:20","modified_gmt":"2021-03-03T12:31:20","slug":"diakonische-pilgerreisen","status":"publish","type":"page","link":"https:\/\/www.seele-und-sorge.de\/?page_id=1466","title":{"rendered":"Diakonische  Pilgerreisen"},"content":{"rendered":"<h3><a href=\"http:\/\/www.seele-und-sorge.de\/wp-content\/uploads\/2015\/01\/SuS_Logo_RGB_mit-Unterzeile-Kopie.png\"><img loading=\"lazy\" decoding=\"async\" class=\"aligncenter size-medium wp-image-857\" src=\"http:\/\/www.seele-und-sorge.de\/wp-content\/uploads\/2015\/01\/SuS_Logo_RGB_mit-Unterzeile-Kopie-300x107.png\" alt=\"SuS_Logo_RGB_mit Unterzeile Kopie\" width=\"300\" height=\"107\" srcset=\"https:\/\/www.seele-und-sorge.de\/wp-content\/uploads\/2015\/01\/SuS_Logo_RGB_mit-Unterzeile-Kopie-300x107.png 300w, https:\/\/www.seele-und-sorge.de\/wp-content\/uploads\/2015\/01\/SuS_Logo_RGB_mit-Unterzeile-Kopie.png 576w\" sizes=\"(max-width: 300px) 100vw, 300px\" \/><\/a><\/h3>\n<h4 style=\"text-align: center;\">\u00a0 \u00a0In Kooperation mit der<a href=\"http:\/\/www.fa-kd.de\/\" target=\"_blank\" rel=\"noopener noreferrer\"><img loading=\"lazy\" decoding=\"async\" class=\"aligncenter wp-image-1523\" src=\"http:\/\/www.seele-und-sorge.de\/wp-content\/uploads\/2016\/04\/FAKD_PB-Logo.png\" alt=\"FAKD_PB-Logo\" width=\"119\" height=\"38\" \/><\/a><\/h4>\n<h3 style=\"text-align: center;\"><span class=\"s1\"><b>Aktuelle Pilgerreisen: Mit Leib und Seele (Kaiserswerth). Wesentlich werden (Stephansstift Hannover). Was jeder zu geben hat (Stadtmission Berlin)<\/b><\/span><\/h3>\n<p class=\"p1\"><strong><span class=\"s1\"><a href=\"http:\/\/www.seele-und-sorge.de\/wp-content\/uploads\/2016\/04\/Pilgerkette_01_kl.jpg\"><img loading=\"lazy\" decoding=\"async\" class=\"wp-image-2115 size-full aligncenter\" src=\"http:\/\/www.seele-und-sorge.de\/wp-content\/uploads\/2016\/04\/Pilgerkette_01_kl.jpg\" alt=\"\" width=\"180\" height=\"131\" \/><\/a><\/span><\/strong><\/p>\n<p style=\"text-align: center;\">&#8212;&#8212;&#8212;&#8212;&#8212;&#8212;&#8212;&#8212;&#8212;&#8212;&#8212;&#8212;&#8212;&#8212;&#8212;&#8212;&#8212;&#8212;&#8212;&#8212;&#8212;&#8212;&#8211;<\/p>\n<p style=\"text-align: center;\"><strong>Das eigene Arbeitsfeld klarer sehen. Die eigene Motivation wiederentdecken und Kr\u00e4fte aufbauen. Visionen entwickeln und andere daf\u00fcr begeistern \u2026<\/strong><\/p>\n<p style=\"text-align: center;\"><strong>Eine Fortbildung f\u00fcr Akteure im sozialen und Gesundheitsbereich, die neue Strategien entwickeln und Potenziale aussch\u00f6pfen wollen.<\/strong><\/p>\n<p style=\"text-align: center;\"><strong>Und die daf\u00fcr bei sich selbst anfangen wollen.<\/strong><\/p>\n<p style=\"text-align: center;\">&#8212;&#8212;&#8212;&#8212;&#8212;&#8212;&#8212;&#8212;&#8212;&#8212;&#8212;&#8212;&#8212;&#8212;&#8212;&#8212;&#8212;&#8212;&#8212;&#8212;&#8212;&#8212;&#8211;<\/p>\n<p><img loading=\"lazy\" decoding=\"async\" class=\"alignleft wp-image-1468 size-thumbnail\" src=\"http:\/\/www.seele-und-sorge.de\/wp-content\/uploads\/2016\/03\/jacob_01-150x150.jpg\" alt=\"\" width=\"150\" height=\"150\" srcset=\"https:\/\/www.seele-und-sorge.de\/wp-content\/uploads\/2016\/03\/jacob_01-150x150.jpg 150w, https:\/\/www.seele-und-sorge.de\/wp-content\/uploads\/2016\/03\/jacob_01-300x298.jpg 300w, https:\/\/www.seele-und-sorge.de\/wp-content\/uploads\/2016\/03\/jacob_01.jpg 962w\" sizes=\"(max-width: 150px) 100vw, 150px\" \/>Aufbrechen. Sich auf den Weg machen. Kraftvolle Orte aufsuchen. Den eigenen K\u00f6rper wieder sp\u00fcren. Energie tanken. Mit neuen Begegnungen und neuen Einsichten beschenkt werden, sich \u00fcber den eigenen Lebensweg klarer werden \u2013 nicht ohne Grund gibt es in fast allen Kulturen eine Form des Pilgerns. Heute, in Zeiten der Beschleunigung, findet das Pilgern viele Anh\u00e4nger, die sich damit eine Auszeit nehmen. Um dann auch ihrem Alltag eine neue Wendung zu geben.<\/p>\n<p>Solche Orte kennt auch die Diakonie: Orte, an denen die Energie sp\u00fcrbar ist, aus der im 19. Jahrhundert Menschen wie Johann Hinrich Wichern oder Theodor und Friederike Fliedner umw\u00e4lzende soziale Projekte gewagt haben. Ich denke: Diese spirituelle Kraft, diese Haltung gilt es wiederzuentdecken, um heutige Herausforderungen anzugehen.<\/p>\n<p>Zusammen mit Kooperationspartnern habe ich daher das Konzept der diakonischen Pilgerreisen f\u00fcr Fach- und F\u00fchrungskr\u00e4fte der sozialen Arbeit entwickelt: An traditionellen Orten der Diakonie wollen wir uns mit fachlichen, systemischen und politischen Themen des aktuellen Gesundheits- und Sozialsystems auseinandersetzen und uns dabei von den alten Erfahrungen und Energien inspirieren lassen. Und wir wollen das eigene professionelle Handeln mit der pers\u00f6nlichen Perspektive in Beziehung setzen, um mit Leib und Seele selbst neue Aufbr\u00fcche zu wagen \u2013 und sie auch Mitarbeitenden und Hilfesuchenden zu erm\u00f6glichen.<\/p>\n<p><strong>Die Pilgerreisen stehen f\u00fcr<\/strong><\/p>\n<ul>\n<li>fachliche Fortbildung und Auseinandersetzung<\/li>\n<li>Reflexion der eigenen biografischen und beruflichen Wege<\/li>\n<li>ganzheitliche spirituelle Erfahrung<\/li>\n<li>theologisches Nachdenken aus unterschiedlichen\u2028religi\u00f6sen Perspektiven<\/li>\n<li>Ausbau des eigenen F\u00fchrungsstils zur Erm\u00f6glichungskompetenz<\/li>\n<\/ul>\n<p>F\u00fchrungskr\u00e4fte aus den jeweiligen Fachbereichen der sozialen Arbeit erleben eine Fortbildung, die zugleich den Blick auf den Kontext ihrer Arbeit sowie f\u00fcr spezielle Problemlagen sch\u00e4rft, die eigene Motivation st\u00e4rkt und Kompetenzen einer ermutigenden F\u00fchrung und innovativen Personalentwicklung ausbaut \u2013 eine spezifisch diakonische Verbindung von Professionalit\u00e4t und pers\u00f6nlichem Nachdenken. Inspirierende Modelle, hilfreiche Methoden und Begegnungen mit anregenden Pers\u00f6nlichkeiten aus dem Arbeitsumfeld bereichern die Pilgertage genauso wie Ausfl\u00fcge in die Umgebung der H\u00e4user und K\u00f6rperarbeit.<\/p>\n<p>Im Angebot sind zurzeit die Pilgerreisen<\/p>\n<ul>\n<li><a href=\"http:\/\/www.seele-und-sorge.de\/?page_id=1483\">Mit Leib und Seele \u2013 Eine Pilgerreise zu den Wurzeln der Pflegediakonie: Kaiserswerth (Mutterhaus Hotel)\u00a0<\/a><\/li>\n<li><a href=\"http:\/\/www.seele-und-sorge.de\/?page_id=1486\">Wesentlich werden \u2013 Eine diakonische Pilgerreise zum Wandel der Lebensphasen: Hannover (Bildungszentrum im alten Stephansstift)<\/a><\/li>\n<\/ul>\n<p><a href=\"http:\/\/www.seele-und-sorge.de\/wp-content\/uploads\/2015\/01\/Frau-Coenen-Marx-2.jpg\"><img loading=\"lazy\" decoding=\"async\" class=\"alignleft wp-image-39 size-thumbnail\" src=\"http:\/\/www.seele-und-sorge.de\/wp-content\/uploads\/2015\/01\/Frau-Coenen-Marx-2-150x150.jpg\" alt=\"\" width=\"150\" height=\"150\" \/><\/a><span style=\"color: #c47908;\">Ich freue mich darauf, gemeinsam mit Ihnen nach neuen Wegen in gesellschaftlichen und pers\u00f6nlichen Umbruchsituationen zu suchen \u2013 an Orten, die eigene Inspirationen f\u00fcr uns bereithalten. <strong>Ihre Cornelia Coenen-Marx, Oberkirchenr\u00e4tin a. D.<\/strong><\/span><\/p>\n<hr \/>\n<p><a href=\"http:\/\/www.seele-und-sorge.de\/wp-content\/uploads\/2016\/03\/Mutterhaus.jpg\"><img loading=\"lazy\" decoding=\"async\" class=\"alignleft wp-image-1470 size-medium\" src=\"http:\/\/www.seele-und-sorge.de\/wp-content\/uploads\/2016\/03\/Mutterhaus-300x199.jpg\" alt=\"\" width=\"300\" height=\"199\" srcset=\"https:\/\/www.seele-und-sorge.de\/wp-content\/uploads\/2016\/03\/Mutterhaus-300x199.jpg 300w, https:\/\/www.seele-und-sorge.de\/wp-content\/uploads\/2016\/03\/Mutterhaus-1024x679.jpg 1024w, https:\/\/www.seele-und-sorge.de\/wp-content\/uploads\/2016\/03\/Mutterhaus.jpg 1287w\" sizes=\"(max-width: 300px) 100vw, 300px\" \/><\/a><\/p>\n<h4 class=\"p1\">Mit Leib und Seele \u2013 Eine Pilgerreise zu den Wurzeln der Pflegediakonie<\/h4>\n<p><span style=\"color: #a10000;\"><strong><strong>Termine auf Anfrage bzw. nach Vereinbarung<\/strong><br \/>\n<\/strong><\/span><a href=\"http:\/\/www.seele-und-sorge.de\/?page_id=1483\" target=\"_blank\" rel=\"noopener noreferrer\">F\u00fcr weitere Informationen hier klicken<br \/>\n<\/a><\/p>\n<h5><span class=\"s1\">Wenn Sie Interesse haben, schicken Sie bitte eine kurze E-Mail an\u00a0<\/span><span class=\"s2\"><a href=\"mailto:office@seele-und-sorge.de\">office@seele-und-sorge.de<\/a>\u00a0<\/span><\/h5>\n<hr \/>\n<p><a href=\"http:\/\/www.seele-und-sorge.de\/wp-content\/uploads\/2016\/04\/Tor_kl2.png\"><img loading=\"lazy\" decoding=\"async\" class=\"alignleft size-full wp-image-1531\" src=\"http:\/\/www.seele-und-sorge.de\/wp-content\/uploads\/2016\/04\/Tor_kl2.png\" alt=\"Tor_kl2\" width=\"221\" height=\"300\" \/><\/a><\/p>\n<h4><span style=\"font-size: 16px; line-height: 1.5;\">Wesentlich werden \u2013 eine \u00a0<\/span><span style=\"font-size: 16px; line-height: 1.5;\">diakonische Pilgerreise zum Wandel der Lebensphasen<\/span><\/h4>\n<p><a href=\"http:\/\/www.seele-und-sorge.de\/?page_id=1486\" target=\"_blank\" rel=\"noopener noreferrer\">F\u00fcr weitere Informationen hier klicken<\/a><\/p>\n<h5><span class=\"s1\">Wenn Sie Interesse haben, schicken Sie bitte eine kurze E-Mail an\u00a0<\/span><span class=\"s2\"><a href=\"mailto:office@seele-und-sorge.de\">office@seele-und-sorge.de<\/a>\u00a0<\/span><\/h5>\n","protected":false},"excerpt":{"rendered":"<p>\u00a0 \u00a0In Kooperation mit der Aktuelle Pilgerreisen: Mit Leib und Seele (Kaiserswerth). Wesentlich werden (Stephansstift Hannover). Was jeder zu geben&#8230; <a href=\"https:\/\/www.seele-und-sorge.de\/?page_id=1466\">read more<\/a><\/p>\n","protected":false},"author":1,"featured_media":0,"parent":321,"menu_order":30,"comment_status":"closed","ping_status":"closed","template":"","meta":{"footnotes":""},"class_list":["post-1466","page","type-page","status-publish","hentry"],"_links":{"self":[{"href":"https:\/\/www.seele-und-sorge.de\/index.php?rest_route=\/wp\/v2\/pages\/1466"}],"collection":[{"href":"https:\/\/www.seele-und-sorge.de\/index.php?rest_route=\/wp\/v2\/pages"}],"about":[{"href":"https:\/\/www.seele-und-sorge.de\/index.php?rest_route=\/wp\/v2\/types\/page"}],"author":[{"embeddable":true,"href":"https:\/\/www.seele-und-sorge.de\/index.php?rest_route=\/wp\/v2\/users\/1"}],"replies":[{"embeddable":true,"href":"https:\/\/www.seele-und-sorge.de\/index.php?rest_route=%2Fwp%2Fv2%2Fcomments&post=1466"}],"version-history":[{"count":54,"href":"https:\/\/www.seele-und-sorge.de\/index.php?rest_route=\/wp\/v2\/pages\/1466\/revisions"}],"predecessor-version":[{"id":5882,"href":"https:\/\/www.seele-und-sorge.de\/index.php?rest_route=\/wp\/v2\/pages\/1466\/revisions\/5882"}],"up":[{"embeddable":true,"href":"https:\/\/www.seele-und-sorge.de\/index.php?rest_route=\/wp\/v2\/pages\/321"}],"wp:attachment":[{"href":"https:\/\/www.seele-und-sorge.de\/index.php?rest_route=%2Fwp%2Fv2%2Fmedia&parent=1466"}],"curies":[{"name":"wp","href":"https:\/\/api.w.org\/{rel}","templated":true}]}}