{"id":138,"date":"2015-01-02T22:46:51","date_gmt":"2015-01-02T22:46:51","guid":{"rendered":"http:\/\/www.seele-und-sorge.de\/?page_id=138"},"modified":"2026-03-21T17:58:43","modified_gmt":"2026-03-21T16:58:43","slug":"seele-sorge","status":"publish","type":"page","link":"https:\/\/www.seele-und-sorge.de\/?page_id=138","title":{"rendered":"Seele &#038; Sorge: Angebote"},"content":{"rendered":"<div class=\"wp-block-image\">\n<figure class=\"aligncenter\"><a href=\"http:\/\/www.seele-und-sorge.de\/wp-content\/uploads\/2015\/01\/SuS_Logo_RGB_mit-Unterzeile-Kopie.png\"><img loading=\"lazy\" decoding=\"async\" width=\"576\" height=\"206\" src=\"http:\/\/www.seele-und-sorge.de\/wp-content\/uploads\/2015\/01\/SuS_Logo_RGB_mit-Unterzeile-Kopie.png\" alt=\"SuS_Logo_RGB_mit Unterzeile Kopie\" class=\"wp-image-857\" srcset=\"https:\/\/www.seele-und-sorge.de\/wp-content\/uploads\/2015\/01\/SuS_Logo_RGB_mit-Unterzeile-Kopie.png 576w, https:\/\/www.seele-und-sorge.de\/wp-content\/uploads\/2015\/01\/SuS_Logo_RGB_mit-Unterzeile-Kopie-300x107.png 300w\" sizes=\"(max-width: 576px) 100vw, 576px\" \/><\/a><\/figure><\/div>\n\n\n<hr class=\"wp-block-separator has-css-opacity is-style-wide\"\/>\n\n\n<h3>&nbsp;<\/h3>\n<\/p>\n<p style=\"text-align: center;\"><a href=\"http:\/\/www.seele-und-sorge.de\/wp-content\/uploads\/2015\/01\/SS_Flyer_Angebote_2017.pdf\" target=\"_blank\" rel=\"noopener noreferrer\">Der Angebotsflyer zum Download<\/a><\/p>\n<p><a href=\"http:\/\/www.seele-und-sorge.de\/wp-content\/uploads\/2015\/01\/SS_Flyer_Angebote_2017.pdf\" target=\"_blank\" rel=\"noopener noreferrer\"><img loading=\"lazy\" decoding=\"async\" class=\"aligncenter wp-image-2772 size-full\" src=\"http:\/\/www.seele-und-sorge.de\/wp-content\/uploads\/2017\/02\/SS_Flyer_Angebote_2017.jpg\" width=\"230\" height=\"324\" srcset=\"https:\/\/www.seele-und-sorge.de\/wp-content\/uploads\/2017\/02\/SS_Flyer_Angebote_2017.jpg 230w, https:\/\/www.seele-und-sorge.de\/wp-content\/uploads\/2017\/02\/SS_Flyer_Angebote_2017-213x300.jpg 213w\" sizes=\"(max-width: 230px) 100vw, 230px\" \/><\/a><\/p>\n\n\n<p><strong>Themen, die mich 2026 bewegen \u2026 <\/strong><\/p>\n\n\n\n<p>Quartier und Teilhabe <br>Diakonische Kultur und Sorgeethik<br>Sorgende Gemeinschaften in der Singlegesellschaft<br>Pflege und Hospiz<br>Engagement und Ehrenamt&nbsp;<br>Aufbruch in die dritte Lebensphase<br>Transformation gestalten&nbsp;<\/p>\n\n\n\n<p><strong>\u2026 um mit Ihnen etwas zu bewegen \u00fcber Vortrag, Beratung, Workshops oder Coaching<\/strong><br>Mit speziell auf Ihre Zielgruppe, Ihre Situation und Ihr Anliegen zugeschnittenen Formaten und Methoden unterst\u00fctze ich Sie darin, Ihren Aufbruch zu etwas Neuem kreativ zu gestalten. <br>Auf der R\u00fcckseite finden Sie ein paar Vorschl\u00e4ge f\u00fcr m\u00f6gliche Formate.<\/p>\n\n\n\n<p><strong>Sprechen Sie mich an und wir finden das\npassende Format f\u00fcr Ihr Anliegen!<\/strong><\/p>\n\n\n\n<p>Aktuelle Angebote f\u00fcr Vortr\u00e4ge, Workshops, Coaching und Beratung finden Sie auch auf meiner Website, ebenso wie ausgew\u00e4hlte Vortragstexte. Und kennen Sie schon meinen Newsletter? In unregelm\u00e4\u00dfigen Abst\u00e4nden, etwa drei- bis viermal im Jahr, informiert er \u00fcber Ideen, Inspirationen und Projekte aus Kirche und Diakonie zu brennenden Themen unserer Gesellschaft. Sie k\u00f6nnen die Newsletter abonnieren \u00fcber&nbsp;<a href=\"mailto:newsletter@seele-und-sorge.de\">newsletter@seele-und-sorge.de<\/a>.<br><\/p>\n\n\n\n<p><strong>M\u00f6gliche\nZielgruppen, Inhalte und Formate f\u00fcr Ihre Anliegen<\/strong><\/p>\n\n\n\n<p class=\"has-medium-font-size\"><strong>Wie entwickeln wir hospizliche Arbeit im Quartier? <\/strong><\/p>\n\n\n\n<p><strong>Adressat*innenkreis:<\/strong> <br>Beruflich Mitarbeitende und Engagierte aus Pflege- und Hospizdiensten, Altenarbeit und Ehrenamts\u00adkoordination<\/p>\n\n\n\n<p><strong>Themenvorschlag:&nbsp;<\/strong><br>Erfahrungen teilen, Potenziale formulieren,Kooperationsm\u00f6glichkeiten im Quartier entdecken, Prozesse organisieren<\/p>\n\n\n\n<p><strong>Formatbeispiel: <\/strong><br>Strukturierter Beratungsprozess<\/p>\n\n\n\n<p><strong>Zeitaufwand:<\/strong><br>\u00fcblicherweise etwa 4 Termine \u00e0 3 Stunden<\/p>\n\n\n\n<p>F\u00fcr ein\nintensiveres pers\u00f6nliches Eintauchen der Beteiligten, etwa mit Themen wie \u201e<em>Sch\u00e4tze\nheben\u201c: Hospizliche Arbeit als Gewinn f\u00fcr das Leben<\/em>; <em>Die Flamme am Brennen halten \u2013 was tun gegen Burnout in der Hospizarbeit?\n\u2026 <\/em>kann die Fragestellung auch in etwa zwei Tagesworkshops bearbeitet\nwerden.<\/p>\n\n\n\n<hr class=\"wp-block-separator has-css-opacity\"\/>\n\n\n\n<p class=\"has-medium-font-size\"><strong>Wie gestalten wir gemeinsam eine diakonische Kultur? <\/strong><\/p>\n\n\n\n<p><strong>Adressat*innenkreis:<\/strong><br>Leitungskr\u00e4fte aus fusionierten Einrichtungen oder unterschiedlichen Organisationseinheiten einer Holding <\/p>\n\n\n\n<p><strong>Themenvorschlag:<\/strong><br>Verst\u00e4ndigung \u00fcber gemeinsame Ethik und Werte, Identifikation von Reibungspunkten, Entdecken des Potenzials von Ritualen f\u00fcr Kommunikation und Personalentwicklung <\/p>\n\n\n\n<p><strong>Formatbeispiel:<\/strong>&nbsp;<br>Workshops<\/p>\n\n\n\n<p><strong>Zeitaufwand:<\/strong><br>\u00fcblicherweise 4 bis 5 Workshops \u00e0 2,5 Tage<\/p>\n\n\n\n<hr class=\"wp-block-separator has-css-opacity\"\/>\n\n\n\n<p class=\"has-medium-font-size\"><strong>Wie gestalte ich die letzten Berufsjahre als \u00dcbergang in die dritte Lebensphase? <\/strong><\/p>\n\n\n\n<p><strong>Adressat*innenkreis:<\/strong><br>M\u00e4nner und Frauen 55 plus<\/p>\n\n\n\n<p><strong>Themenvorschlag:<\/strong><br>\u00dcberlegungen zum \u201erichtigen Zeitpunkt\u201c, Aufsp\u00fcren alter Tr\u00e4ume und neuer Chancen, Suche nach Verb\u00fcndeten, Freilegen von Kompetenzen<\/p>\n\n\n\n<p><strong>Formatbeispiel:<\/strong><br>Einzelcoaching<\/p>\n\n\n\n<p><strong>Zeitaufwand:<\/strong><br>\u00fcblicherweise 5 bis 8 Termine \u00e0 1,5 Stunden<\/p>\n\n\n\n<p>Bei\nInteresse<em> <\/em>kann die Fragestellung\nauch in Form einer Kombination aus Gruppencoachings und Workshops, etwa als\nAngebot von Kirchengemeinden an ihre Mitglieder, bearbeitet werden. Denkbar\nw\u00e4re dann beispielsweise eine Folge von insgesamt vier Abendterminen \u00e0 3\nStunden bei verbindlicher Anmeldung.<\/p>\n\n\n\n<hr class=\"wp-block-separator has-css-opacity\"\/>\n\n\n\n<p class=\"has-medium-font-size\"><strong>Was ist wichtig f\u00fcr den Stellenwechsel zwischen Kirche und Diakonie?<\/strong><\/p>\n\n\n\n<p><strong>Adressat*innenkreis:<\/strong><br>Pfarrer*innen, Gemeindep\u00e4dagog*innen, Diakon*innen<\/p>\n\n\n\n<p><strong>Themenvorschlag:<\/strong><br>Kulturbewusstsein, Aufbruchsmotive, Kompetenzen und Gestaltungsspielr\u00e4ume, M\u00f6glichkeiten des Br\u00fcckenbauens<\/p>\n\n\n\n<p><strong>Formatbeispiel:<\/strong><br>Gruppencoaching<\/p>\n\n\n\n<p><strong>Zeitaufwand:<\/strong><br>\u00fcblicherweise 4 Termine \u00e0 2,5 Stunden<\/p>\n\n\n\n<p><strong>Sprechen\nSie mich an und wir finden das passende Format f\u00fcr Ihr Anliegen!<\/strong><\/p>\n","protected":false},"excerpt":{"rendered":"<p>&nbsp; Der Angebotsflyer zum Download Themen, die mich 2026 bewegen \u2026 Quartier und Teilhabe Diakonische Kultur und SorgeethikSorgende Gemeinschaften in&#8230; <a href=\"https:\/\/www.seele-und-sorge.de\/?page_id=138\">read more<\/a><\/p>\n","protected":false},"author":1,"featured_media":0,"parent":0,"menu_order":0,"comment_status":"closed","ping_status":"closed","template":"","meta":{"footnotes":""},"class_list":["post-138","page","type-page","status-publish","hentry"],"_links":{"self":[{"href":"https:\/\/www.seele-und-sorge.de\/index.php?rest_route=\/wp\/v2\/pages\/138"}],"collection":[{"href":"https:\/\/www.seele-und-sorge.de\/index.php?rest_route=\/wp\/v2\/pages"}],"about":[{"href":"https:\/\/www.seele-und-sorge.de\/index.php?rest_route=\/wp\/v2\/types\/page"}],"author":[{"embeddable":true,"href":"https:\/\/www.seele-und-sorge.de\/index.php?rest_route=\/wp\/v2\/users\/1"}],"replies":[{"embeddable":true,"href":"https:\/\/www.seele-und-sorge.de\/index.php?rest_route=%2Fwp%2Fv2%2Fcomments&post=138"}],"version-history":[{"count":25,"href":"https:\/\/www.seele-und-sorge.de\/index.php?rest_route=\/wp\/v2\/pages\/138\/revisions"}],"predecessor-version":[{"id":8344,"href":"https:\/\/www.seele-und-sorge.de\/index.php?rest_route=\/wp\/v2\/pages\/138\/revisions\/8344"}],"wp:attachment":[{"href":"https:\/\/www.seele-und-sorge.de\/index.php?rest_route=%2Fwp%2Fv2%2Fmedia&parent=138"}],"curies":[{"name":"wp","href":"https:\/\/api.w.org\/{rel}","templated":true}]}}

<div class="wp-block-image">
<figure class="aligncenter"><a href="http://www.seele-und-sorge.de/wp-content/uploads/2015/01/SuS_Logo_RGB_mit-Unterzeile-Kopie.png"><img loading="lazy" decoding="async" width="576" height="206" src="http://www.seele-und-sorge.de/wp-content/uploads/2015/01/SuS_Logo_RGB_mit-Unterzeile-Kopie.png" alt="SuS_Logo_RGB_mit Unterzeile Kopie" class="wp-image-857" srcset="https://www.seele-und-sorge.de/wp-content/uploads/2015/01/SuS_Logo_RGB_mit-Unterzeile-Kopie.png 576w, https://www.seele-und-sorge.de/wp-content/uploads/2015/01/SuS_Logo_RGB_mit-Unterzeile-Kopie-300x107.png 300w" sizes="(max-width: 576px) 100vw, 576px" /></a></figure></div>


<hr class="wp-block-separator has-css-opacity is-style-wide"/>


<h3>&nbsp;</h3>
</p>
<p style="text-align: center;"><a href="http://www.seele-und-sorge.de/wp-content/uploads/2015/01/SS_Flyer_Angebote_2017.pdf" target="_blank" rel="noopener noreferrer">Der Angebotsflyer zum Download</a></p>
<p><a href="http://www.seele-und-sorge.de/wp-content/uploads/2015/01/SS_Flyer_Angebote_2017.pdf" target="_blank" rel="noopener noreferrer"><img loading="lazy" decoding="async" class="aligncenter wp-image-2772 size-full" src="http://www.seele-und-sorge.de/wp-content/uploads/2017/02/SS_Flyer_Angebote_2017.jpg" width="230" height="324" srcset="https://www.seele-und-sorge.de/wp-content/uploads/2017/02/SS_Flyer_Angebote_2017.jpg 230w, https://www.seele-und-sorge.de/wp-content/uploads/2017/02/SS_Flyer_Angebote_2017-213x300.jpg 213w" sizes="(max-width: 230px) 100vw, 230px" /></a></p>


<p><strong>Themen, die mich 2026 bewegen … </strong></p>



<p>Quartier und Teilhabe <br>Diakonische Kultur und Sorgeethik<br>Sorgende Gemeinschaften in der Singlegesellschaft<br>Pflege und Hospiz<br>Engagement und Ehrenamt&nbsp;<br>Aufbruch in die dritte Lebensphase<br>Transformation gestalten&nbsp;</p>



<p><strong>… um mit Ihnen etwas zu bewegen über Vortrag, Beratung, Workshops oder Coaching</strong><br>Mit speziell auf Ihre Zielgruppe, Ihre Situation und Ihr Anliegen zugeschnittenen Formaten und Methoden unterstütze ich Sie darin, Ihren Aufbruch zu etwas Neuem kreativ zu gestalten. <br>Auf der Rückseite finden Sie ein paar Vorschläge für mögliche Formate.</p>



<p><strong>Sprechen Sie mich an und wir finden das
passende Format für Ihr Anliegen!</strong></p>



<p>Aktuelle Angebote für Vorträge, Workshops, Coaching und Beratung finden Sie auch auf meiner Website, ebenso wie ausgewählte Vortragstexte. Und kennen Sie schon meinen Newsletter? In unregelmäßigen Abständen, etwa drei- bis viermal im Jahr, informiert er über Ideen, Inspirationen und Projekte aus Kirche und Diakonie zu brennenden Themen unserer Gesellschaft. Sie können die Newsletter abonnieren über&nbsp;<a href="mailto:newsletter@seele-und-sorge.de">newsletter@seele-und-sorge.de</a>.<br></p>



<p><strong>Mögliche
Zielgruppen, Inhalte und Formate für Ihre Anliegen</strong></p>



<p class="has-medium-font-size"><strong>Wie entwickeln wir hospizliche Arbeit im Quartier? </strong></p>



<p><strong>Adressat*innenkreis:</strong> <br>Beruflich Mitarbeitende und Engagierte aus Pflege- und Hospizdiensten, Altenarbeit und Ehrenamts­koordination</p>



<p><strong>Themenvorschlag:&nbsp;</strong><br>Erfahrungen teilen, Potenziale formulieren,Kooperationsmöglichkeiten im Quartier entdecken, Prozesse organisieren</p>



<p><strong>Formatbeispiel: </strong><br>Strukturierter Beratungsprozess</p>



<p><strong>Zeitaufwand:</strong><br>üblicherweise etwa 4 Termine à 3 Stunden</p>



<p>Für ein
intensiveres persönliches Eintauchen der Beteiligten, etwa mit Themen wie „<em>Schätze
heben“: Hospizliche Arbeit als Gewinn für das Leben</em>; <em>Die Flamme am Brennen halten – was tun gegen Burnout in der Hospizarbeit?
… </em>kann die Fragestellung auch in etwa zwei Tagesworkshops bearbeitet
werden.</p>



<hr class="wp-block-separator has-css-opacity"/>



<p class="has-medium-font-size"><strong>Wie gestalten wir gemeinsam eine diakonische Kultur? </strong></p>



<p><strong>Adressat*innenkreis:</strong><br>Leitungskräfte aus fusionierten Einrichtungen oder unterschiedlichen Organisationseinheiten einer Holding </p>



<p><strong>Themenvorschlag:</strong><br>Verständigung über gemeinsame Ethik und Werte, Identifikation von Reibungspunkten, Entdecken des Potenzials von Ritualen für Kommunikation und Personalentwicklung </p>



<p><strong>Formatbeispiel:</strong>&nbsp;<br>Workshops</p>



<p><strong>Zeitaufwand:</strong><br>üblicherweise 4 bis 5 Workshops à 2,5 Tage</p>



<hr class="wp-block-separator has-css-opacity"/>



<p class="has-medium-font-size"><strong>Wie gestalte ich die letzten Berufsjahre als Übergang in die dritte Lebensphase? </strong></p>



<p><strong>Adressat*innenkreis:</strong><br>Männer und Frauen 55 plus</p>



<p><strong>Themenvorschlag:</strong><br>Überlegungen zum „richtigen Zeitpunkt“, Aufspüren alter Träume und neuer Chancen, Suche nach Verbündeten, Freilegen von Kompetenzen</p>



<p><strong>Formatbeispiel:</strong><br>Einzelcoaching</p>



<p><strong>Zeitaufwand:</strong><br>üblicherweise 5 bis 8 Termine à 1,5 Stunden</p>



<p>Bei
Interesse<em> </em>kann die Fragestellung
auch in Form einer Kombination aus Gruppencoachings und Workshops, etwa als
Angebot von Kirchengemeinden an ihre Mitglieder, bearbeitet werden. Denkbar
wäre dann beispielsweise eine Folge von insgesamt vier Abendterminen à 3
Stunden bei verbindlicher Anmeldung.</p>



<hr class="wp-block-separator has-css-opacity"/>



<p class="has-medium-font-size"><strong>Was ist wichtig für den Stellenwechsel zwischen Kirche und Diakonie?</strong></p>



<p><strong>Adressat*innenkreis:</strong><br>Pfarrer*innen, Gemeindepädagog*innen, Diakon*innen</p>



<p><strong>Themenvorschlag:</strong><br>Kulturbewusstsein, Aufbruchsmotive, Kompetenzen und Gestaltungsspielräume, Möglichkeiten des Brückenbauens</p>



<p><strong>Formatbeispiel:</strong><br>Gruppencoaching</p>



<p><strong>Zeitaufwand:</strong><br>üblicherweise 4 Termine à 2,5 Stunden</p>



<p><strong>Sprechen
Sie mich an und wir finden das passende Format für Ihr Anliegen!</strong></p>
